{"id":1272,"date":"2017-06-12T12:12:54","date_gmt":"2017-06-12T10:12:54","guid":{"rendered":"http:\/\/lorrylesmetz-histoire.fr\/?page_id=1272"},"modified":"2017-08-10T16:21:54","modified_gmt":"2017-08-10T14:21:54","slug":"2016-05","status":"publish","type":"page","link":"http:\/\/lorrylesmetz-histoire.fr\/?page_id=1272","title":{"rendered":"Conf\u00e9rence \u00ab Destin de femmes en Alg\u00e9rie \u00bb"},"content":{"rendered":"<h2>27\u00a0mai\u00a02017<\/h2>\n<p>Claude\u00a0G\u00e9rard, Lorrain habitant Lorry-l\u00e8s-Metz, a v\u00e9cu quinze ans en Alg\u00e9rie. Le r\u00f4le des femmes dans ce pays parait bien effac\u00e9. Pourtant quelques-unes, au cours des si\u00e8cles, ont influenc\u00e9 l\u2019\u00e9volution de cette r\u00e9gion.<\/p>\n<p>Le public a d\u00e9couvert le r\u00f4le qu\u2019a jou\u00e9 Aur\u00e9lie\u00a0Picard, une jeune Lorraine.<\/p>\n<div id=\"metaslider-id-1717\" style=\"width: 100%; margin: 0 auto;\" class=\"ml-slider-3-108-0 metaslider metaslider-responsive metaslider-1717 ml-slider has-dots-nav ms-theme-default\" role=\"region\" aria-label=\"Conf Alg\u00e9rie\" data-height=\"400\" data-width=\"400\">\n    <div id=\"metaslider_container_1717\">\n        <ul id='metaslider_1717' class='rslides'>\n            <li aria-roledescription='slide' aria-labelledby='slide-0'><a href=\"http:\/\/lorrylesmetz-histoire.fr\/wp-content\/uploads\/2017\/08\/P5270072.jpg\" target=\"_blank\"><img loading=\"lazy\" decoding=\"async\" src=\"http:\/\/lorrylesmetz-histoire.fr\/wp-content\/uploads\/2017\/08\/P5270072-400x400.jpg\" height=\"400\" width=\"400\" alt=\"\" class=\"slider-1717 slide-1718 msDefaultImage\" \/><\/a><\/li>\n            <li style='display: none;' aria-roledescription='slide' aria-labelledby='slide-1'><a href=\"http:\/\/lorrylesmetz-histoire.fr\/wp-content\/uploads\/2017\/08\/P5270075.jpg\" target=\"_blank\"><img loading=\"lazy\" decoding=\"async\" src=\"http:\/\/lorrylesmetz-histoire.fr\/wp-content\/uploads\/2017\/08\/P5270075-400x400.jpg\" height=\"400\" width=\"400\" alt=\"\" class=\"slider-1717 slide-1719 msDefaultImage\" \/><\/a><\/li>\n            <li style='display: none;' aria-roledescription='slide' aria-labelledby='slide-2'><a href=\"http:\/\/lorrylesmetz-histoire.fr\/wp-content\/uploads\/2017\/08\/P5270076.jpg\" target=\"_blank\"><img loading=\"lazy\" decoding=\"async\" src=\"http:\/\/lorrylesmetz-histoire.fr\/wp-content\/uploads\/2017\/08\/P5270076-400x400.jpg\" height=\"400\" width=\"400\" alt=\"\" class=\"slider-1717 slide-1720 msDefaultImage\" \/><\/a><\/li>\n        <\/ul>\n        \n    <\/div>\n<\/div>\n<p>Photos Roger\u00a0Mariotte.<\/p>\n<p>&nbsp;<\/p>\n<p><a href=\"http:\/\/lorrylesmetz-histoire.fr\/?page_id=744\"><img loading=\"lazy\" decoding=\"async\" class=\"alignnone wp-image-378 size-full\" src=\"http:\/\/lorrylesmetz-histoire.fr\/wp-content\/uploads\/2017\/05\/retour.png?_t=1502374861\" alt=\"\" width=\"89\" height=\"31\" \/><\/a><\/p>\n","protected":false},"excerpt":{"rendered":"<p>27\u00a0mai\u00a02017 Claude\u00a0G\u00e9rard, Lorrain habitant Lorry-l\u00e8s-Metz, a v\u00e9cu quinze ans en Alg\u00e9rie. Le r\u00f4le des femmes dans ce pays parait bien effac\u00e9. Pourtant quelques-unes, au cours des si\u00e8cles, ont influenc\u00e9 l\u2019\u00e9volution de cette r\u00e9gion. Le public a d\u00e9couvert le r\u00f4le qu\u2019a&hellip; <\/p>\n","protected":false},"author":1,"featured_media":0,"parent":744,"menu_order":4,"comment_status":"closed","ping_status":"closed","template":"","meta":{"_mc_calendar":[],"footnotes":""},"class_list":["post-1272","page","type-page","status-publish","hentry"],"_links":{"self":[{"href":"http:\/\/lorrylesmetz-histoire.fr\/index.php?rest_route=\/wp\/v2\/pages\/1272","targetHints":{"allow":["GET"]}}],"collection":[{"href":"http:\/\/lorrylesmetz-histoire.fr\/index.php?rest_route=\/wp\/v2\/pages"}],"about":[{"href":"http:\/\/lorrylesmetz-histoire.fr\/index.php?rest_route=\/wp\/v2\/types\/page"}],"author":[{"embeddable":true,"href":"http:\/\/lorrylesmetz-histoire.fr\/index.php?rest_route=\/wp\/v2\/users\/1"}],"replies":[{"embeddable":true,"href":"http:\/\/lorrylesmetz-histoire.fr\/index.php?rest_route=%2Fwp%2Fv2%2Fcomments&post=1272"}],"version-history":[{"count":4,"href":"http:\/\/lorrylesmetz-histoire.fr\/index.php?rest_route=\/wp\/v2\/pages\/1272\/revisions"}],"predecessor-version":[{"id":1722,"href":"http:\/\/lorrylesmetz-histoire.fr\/index.php?rest_route=\/wp\/v2\/pages\/1272\/revisions\/1722"}],"up":[{"embeddable":true,"href":"http:\/\/lorrylesmetz-histoire.fr\/index.php?rest_route=\/wp\/v2\/pages\/744"}],"wp:attachment":[{"href":"http:\/\/lorrylesmetz-histoire.fr\/index.php?rest_route=%2Fwp%2Fv2%2Fmedia&parent=1272"}],"curies":[{"name":"wp","href":"https:\/\/api.w.org\/{rel}","templated":true}]}}