{"id":1828,"date":"2017-08-12T07:58:59","date_gmt":"2017-08-12T05:58:59","guid":{"rendered":"http:\/\/lorrylesmetz-histoire.fr\/?page_id=1828"},"modified":"2017-08-12T08:00:15","modified_gmt":"2017-08-12T06:00:15","slug":"a-02","status":"publish","type":"page","link":"http:\/\/lorrylesmetz-histoire.fr\/?page_id=1828","title":{"rendered":"Colloque de Woippy 2015"},"content":{"rendered":"<h2>13\u00a0novembre\u00a02015<\/h2>\n<p>Lorry-l\u00e8s-Metz \u00ab\u00a0au fil du Temps\u00a0\u00bb \u00e9tait au lancement du 13<sup>e<\/sup>\u00a0Salon du livre d\u2019histoire de la ville de Woippy en la manifestation du colloque d\u2019histoire organis\u00e9 par le Comit\u00e9 d\u2019histoire du pays messin.<\/p>\n<p>Le programme de cette ann\u00e9e annon\u00e7ait les ch\u00e2teaux et les maisons fortes \u00e0 Metz et en Pays messin.<\/p>\n<p>Les courtes communications (30\u00a0minutes) ont \u00e9t\u00e9 assur\u00e9es par Alain\u00a0Hilbold, Jo\u00ebl\u00a0Martz, \u00c9dith et Roland\u00a0de\u00a0Pange, Jeanne\u00a0Vincler et Yvette\u00a0Illy, tous bons sp\u00e9cialistes d\u2019histoire locale. L\u2019invit\u00e9 d\u2019honneur, G\u00e9rard\u00a0Michaux a, quant \u00e0 lui, propos\u00e9 une conf\u00e9rence sur la r\u00e9alit\u00e9 historique du Pays messin.<\/p>\n<p>Des questions int\u00e9ressantes ont \u00e9t\u00e9 pos\u00e9es aux orateurs et les d\u00e9bats passionnants\u2026 comme toujours.<\/p>\n<p>S\u00e9bastien\u00a0Wagner a profit\u00e9 de l\u2019occasion pour pr\u00e9senter une s\u00e9lection d\u2019ouvrages publi\u00e9s depuis la rentr\u00e9e litt\u00e9raire aux \u00e9ditions des Paraiges. Et parmi eux, <em>Moselle\u00a01870<\/em> de Bernard\u00a0Pollino, Francis\u00a0Pochon et Fran\u00e7ois\u00a0Hoff, consacr\u00e9 aux monuments des champs de bataille, ainsi que <em>Aux sources du germanisme<\/em> <em>mosellan<\/em> d\u2019Alain\u00a0Simmer.<\/p>\n<p><a href=\"http:\/\/lorrylesmetz-histoire.fr\/?page_id=1826\"><img loading=\"lazy\" decoding=\"async\" class=\"alignnone wp-image-378 size-full\" src=\"http:\/\/lorrylesmetz-histoire.fr\/wp-content\/uploads\/2017\/05\/retour.png?_t=1502517603\" alt=\"\" width=\"89\" height=\"31\" \/><\/a><\/p>\n","protected":false},"excerpt":{"rendered":"<p>13\u00a0novembre\u00a02015 Lorry-l\u00e8s-Metz \u00ab\u00a0au fil du Temps\u00a0\u00bb \u00e9tait au lancement du 13e\u00a0Salon du livre d\u2019histoire de la ville de Woippy en la manifestation du colloque d\u2019histoire organis\u00e9 par le Comit\u00e9 d\u2019histoire du pays messin. Le programme de cette ann\u00e9e annon\u00e7ait les&hellip; <\/p>\n","protected":false},"author":1,"featured_media":0,"parent":1826,"menu_order":1,"comment_status":"closed","ping_status":"closed","template":"","meta":{"_mc_calendar":[],"footnotes":""},"class_list":["post-1828","page","type-page","status-publish","hentry"],"_links":{"self":[{"href":"http:\/\/lorrylesmetz-histoire.fr\/index.php?rest_route=\/wp\/v2\/pages\/1828","targetHints":{"allow":["GET"]}}],"collection":[{"href":"http:\/\/lorrylesmetz-histoire.fr\/index.php?rest_route=\/wp\/v2\/pages"}],"about":[{"href":"http:\/\/lorrylesmetz-histoire.fr\/index.php?rest_route=\/wp\/v2\/types\/page"}],"author":[{"embeddable":true,"href":"http:\/\/lorrylesmetz-histoire.fr\/index.php?rest_route=\/wp\/v2\/users\/1"}],"replies":[{"embeddable":true,"href":"http:\/\/lorrylesmetz-histoire.fr\/index.php?rest_route=%2Fwp%2Fv2%2Fcomments&post=1828"}],"version-history":[{"count":3,"href":"http:\/\/lorrylesmetz-histoire.fr\/index.php?rest_route=\/wp\/v2\/pages\/1828\/revisions"}],"predecessor-version":[{"id":1856,"href":"http:\/\/lorrylesmetz-histoire.fr\/index.php?rest_route=\/wp\/v2\/pages\/1828\/revisions\/1856"}],"up":[{"embeddable":true,"href":"http:\/\/lorrylesmetz-histoire.fr\/index.php?rest_route=\/wp\/v2\/pages\/1826"}],"wp:attachment":[{"href":"http:\/\/lorrylesmetz-histoire.fr\/index.php?rest_route=%2Fwp%2Fv2%2Fmedia&parent=1828"}],"curies":[{"name":"wp","href":"https:\/\/api.w.org\/{rel}","templated":true}]}}