{"id":1865,"date":"2017-08-12T08:25:30","date_gmt":"2017-08-12T06:25:30","guid":{"rendered":"http:\/\/lorrylesmetz-histoire.fr\/?page_id=1865"},"modified":"2017-08-16T12:56:21","modified_gmt":"2017-08-16T10:56:21","slug":"2015-2","status":"publish","type":"page","link":"http:\/\/lorrylesmetz-histoire.fr\/?page_id=1865","title":{"rendered":"2015"},"content":{"rendered":"<table style=\"width: 540px;\">\n<tbody>\n<tr>\n<td style=\"width: 95.4167px;\">5 novembre<\/td>\n<td style=\"width: 298.583px;\">Projection et d\u00e9bat &#8211; Raymond Mondon<\/td>\n<td style=\"width: 105px;\"><a href=\"http:\/\/lorrylesmetz-histoire.fr\/?page_id=1870\"><img loading=\"lazy\" decoding=\"async\" class=\"alignnone wp-image-683 size-full\" src=\"http:\/\/lorrylesmetz-histoire.fr\/wp-content\/uploads\/2017\/05\/voir.png?_t=1502522255\" alt=\"\" width=\"89\" height=\"31\" \/><\/a><\/td>\n<\/tr>\n<tr>\n<td style=\"width: 95.4167px;\">22 mai<\/td>\n<td style=\"width: 298.583px;\">Visite de l\u2019\u00e9glise Saint-Maximin de Thionville<\/td>\n<td style=\"width: 105px;\"><a href=\"http:\/\/lorrylesmetz-histoire.fr\/?page_id=1869\"><img loading=\"lazy\" decoding=\"async\" class=\"alignnone wp-image-683 size-full\" src=\"http:\/\/lorrylesmetz-histoire.fr\/wp-content\/uploads\/2017\/05\/voir.png\" alt=\"\" width=\"89\" height=\"31\" \/><\/a><\/td>\n<\/tr>\n<tr>\n<td style=\"width: 95.4167px;\">27 mars<\/td>\n<td style=\"width: 298.583px;\">Vid\u00e9o-projection de Monique Courtade<\/td>\n<td style=\"width: 105px;\"><a href=\"http:\/\/lorrylesmetz-histoire.fr\/?page_id=1868\"><img loading=\"lazy\" decoding=\"async\" class=\"alignnone wp-image-683 size-full\" src=\"http:\/\/lorrylesmetz-histoire.fr\/wp-content\/uploads\/2017\/05\/voir.png?_t=1502520897\" alt=\"\" width=\"89\" height=\"31\" \/><\/a><\/td>\n<\/tr>\n<tr>\n<td style=\"width: 95.4167px;\">27 f\u00e9vrier<\/td>\n<td style=\"width: 298.583px;\">Assembl\u00e9e g\u00e9n\u00e9rale de Lorry-l\u00e8s-Metz \u00ab\u00a0au fil du temps\u00a0\u00bb<\/td>\n<td style=\"width: 105px;\"><a href=\"http:\/\/lorrylesmetz-histoire.fr\/?page_id=1867\"><img loading=\"lazy\" decoding=\"async\" class=\"alignnone wp-image-683 size-full\" src=\"http:\/\/lorrylesmetz-histoire.fr\/wp-content\/uploads\/2017\/05\/voir.png?_t=1502520248\" alt=\"\" width=\"89\" height=\"31\" \/><\/a><\/td>\n<\/tr>\n<\/tbody>\n<\/table>\n<p><a href=\"http:\/\/lorrylesmetz-histoire.fr\/?page_id=60\"><img loading=\"lazy\" decoding=\"async\" class=\"alignnone wp-image-378 size-full\" src=\"http:\/\/lorrylesmetz-histoire.fr\/wp-content\/uploads\/2017\/05\/retour.png\" alt=\"\" width=\"89\" height=\"31\" \/><\/a><\/p>\n","protected":false},"excerpt":{"rendered":"<p>5 novembre Projection et d\u00e9bat &#8211; Raymond Mondon 22 mai Visite de l\u2019\u00e9glise Saint-Maximin de Thionville 27 mars Vid\u00e9o-projection de Monique Courtade 27 f\u00e9vrier Assembl\u00e9e g\u00e9n\u00e9rale de Lorry-l\u00e8s-Metz \u00ab\u00a0au fil du temps\u00a0\u00bb<\/p>\n","protected":false},"author":1,"featured_media":0,"parent":60,"menu_order":10,"comment_status":"closed","ping_status":"closed","template":"","meta":{"_mc_calendar":[],"footnotes":""},"class_list":["post-1865","page","type-page","status-publish","hentry"],"_links":{"self":[{"href":"http:\/\/lorrylesmetz-histoire.fr\/index.php?rest_route=\/wp\/v2\/pages\/1865","targetHints":{"allow":["GET"]}}],"collection":[{"href":"http:\/\/lorrylesmetz-histoire.fr\/index.php?rest_route=\/wp\/v2\/pages"}],"about":[{"href":"http:\/\/lorrylesmetz-histoire.fr\/index.php?rest_route=\/wp\/v2\/types\/page"}],"author":[{"embeddable":true,"href":"http:\/\/lorrylesmetz-histoire.fr\/index.php?rest_route=\/wp\/v2\/users\/1"}],"replies":[{"embeddable":true,"href":"http:\/\/lorrylesmetz-histoire.fr\/index.php?rest_route=%2Fwp%2Fv2%2Fcomments&post=1865"}],"version-history":[{"count":7,"href":"http:\/\/lorrylesmetz-histoire.fr\/index.php?rest_route=\/wp\/v2\/pages\/1865\/revisions"}],"predecessor-version":[{"id":2794,"href":"http:\/\/lorrylesmetz-histoire.fr\/index.php?rest_route=\/wp\/v2\/pages\/1865\/revisions\/2794"}],"up":[{"embeddable":true,"href":"http:\/\/lorrylesmetz-histoire.fr\/index.php?rest_route=\/wp\/v2\/pages\/60"}],"wp:attachment":[{"href":"http:\/\/lorrylesmetz-histoire.fr\/index.php?rest_route=%2Fwp%2Fv2%2Fmedia&parent=1865"}],"curies":[{"name":"wp","href":"https:\/\/api.w.org\/{rel}","templated":true}]}}