{"id":1922,"date":"2017-08-12T12:01:22","date_gmt":"2017-08-12T10:01:22","guid":{"rendered":"http:\/\/lorrylesmetz-histoire.fr\/?page_id=1922"},"modified":"2017-08-16T15:24:19","modified_gmt":"2017-08-16T13:24:19","slug":"a-01","status":"publish","type":"page","link":"http:\/\/lorrylesmetz-histoire.fr\/?page_id=1922","title":{"rendered":"Assembl\u00e9e g\u00e9n\u00e9rale de Lorry-l\u00e8s-Metz \u00ab Au fil du temps \u00bb 2014"},"content":{"rendered":"<h2>7\u00a0f\u00e9vrier\u00a02014<\/h2>\n<p>Lorry-l\u00e8s-Metz \u00ab\u00a0au fil du Temps\u00a0\u00bb a tenu son assembl\u00e9e g\u00e9n\u00e9rale annuelle.<\/p>\n<p>Apr\u00e8s les usages, Fran\u00e7ois\u00a0Courtade, le pr\u00e9sident, a pass\u00e9 la parole au conf\u00e9rencier, membre de l\u2019association\u00a0: Andr\u00e9\u00a0de\u00a0Pizzol.<\/p>\n<p>F\u00e9ru d\u2019histoire il a une passion avou\u00e9e pour le Moyen-\u00c2ge et a accept\u00e9 de parler d\u2019un enfant du village dont presque tout le monde ignore l\u2019existence\u00a0: Philippe\u00a0de\u00a0Vigneulles, chroniqueur \u00e0 la charni\u00e8re du Moyen-\u00c2ge et de la Renaissance, n\u00e9 \u00e0 Vigneulles\u2026<\/p>\n<p>La conf\u00e9rence portait le titre prometteur de <em>Philippe de Vigneulles ou l\u2019incarnation de son temps. La singuli\u00e8re histoire d\u2019un chaussetier devenu chroniqueur<\/em>. Elle a tenu ses promesses et \u00e9tait passionnante. Un d\u00e9bat et des questions ont pu \u00eatre pos\u00e9s au conf\u00e9rencier \u00e0 l\u2019issue de son intervention.<\/p>\n<p>Le pr\u00e9sident a promis qu\u2019on reparlerait de cette figure locale et qu\u2019il fallait penser \u00e0 lui redonner le rang qu\u2019elle m\u00e9rite.<\/p>\n<p>Un verre de l\u2019amiti\u00e9 a permis de continuer la discussion d\u2019agr\u00e9able fa\u00e7on.<\/p>\n<p>Le texte de la conf\u00e9rence :\u00a0 <a href=\"http:\/\/lorrylesmetz-histoire.fr\/wp-content\/uploads\/2017\/08\/Conference.pdf\"><img loading=\"lazy\" decoding=\"async\" class=\"alignnone wp-image-683 size-full\" src=\"http:\/\/lorrylesmetz-histoire.fr\/wp-content\/uploads\/2017\/05\/voir.png\" alt=\"\" width=\"89\" height=\"31\" \/><\/a> <a href=\"http:\/\/lorrylesmetz-histoire.fr\/?media_dl=2853\"><img decoding=\"async\" src=\"http:\/\/lorrylesmetz-histoire.fr\/wp-content\/uploads\/2017\/05\/telecharger_pdf.png\" \/><\/a><\/p>\n<div id=\"metaslider-id-2857\" style=\"max-width: 400px; margin: 0 auto;\" class=\"ml-slider-3-108-0 metaslider metaslider-flex metaslider-2857 ml-slider has-dots-nav ms-theme-default\" role=\"region\" aria-label=\"AG 2014\" data-height=\"400\" data-width=\"400\">\n    <div id=\"metaslider_container_2857\">\n        <div id=\"metaslider_2857\" class=\"flexslider\">\n            <ul class='slides'>\n                <li style=\"display: block; width: 100%;\" class=\"slide-2864 ms-image \" aria-roledescription=\"slide\" data-date=\"2017-08-16 15:17:53\" data-filename=\"assemblee_2014.jpg\" data-slide-type=\"image\"><a href=\"http:\/\/lorrylesmetz-histoire.fr\/wp-content\/uploads\/2017\/08\/assemblee_2014.jpg\" target=\"_blank\" aria-label=\"Voir les d\u00e9tails de la diapositive\" class=\"metaslider_image_link\"><img loading=\"lazy\" decoding=\"async\" width=\"640\" height=\"480\" src=\"http:\/\/lorrylesmetz-histoire.fr\/wp-content\/uploads\/2017\/08\/assemblee_2014.jpg\" class=\"slider-2857 slide-2864 msDefaultImage\" alt=\"\" rel=\"\" title=\"\" srcset=\"http:\/\/lorrylesmetz-histoire.fr\/wp-content\/uploads\/2017\/08\/assemblee_2014.jpg 640w, http:\/\/lorrylesmetz-histoire.fr\/wp-content\/uploads\/2017\/08\/assemblee_2014-300x225.jpg 300w\" sizes=\"auto, (max-width: 640px) 100vw, 640px\" \/><\/a><\/li>\n                <li style=\"display: none; width: 100%;\" class=\"slide-2863 ms-image \" aria-roledescription=\"slide\" data-date=\"2017-08-16 15:17:53\" data-filename=\"ag_2014.jpg\" data-slide-type=\"image\"><a href=\"http:\/\/lorrylesmetz-histoire.fr\/wp-content\/uploads\/2017\/08\/ag_2014.jpg\" target=\"_blank\" aria-label=\"Voir les d\u00e9tails de la diapositive\" class=\"metaslider_image_link\"><img loading=\"lazy\" decoding=\"async\" width=\"640\" height=\"480\" src=\"http:\/\/lorrylesmetz-histoire.fr\/wp-content\/uploads\/2017\/08\/ag_2014.jpg\" class=\"slider-2857 slide-2863 msDefaultImage\" alt=\"\" rel=\"\" title=\"\" srcset=\"http:\/\/lorrylesmetz-histoire.fr\/wp-content\/uploads\/2017\/08\/ag_2014.jpg 640w, http:\/\/lorrylesmetz-histoire.fr\/wp-content\/uploads\/2017\/08\/ag_2014-300x225.jpg 300w\" sizes=\"auto, (max-width: 640px) 100vw, 640px\" \/><\/a><div class=\"caption-wrap\"><div class=\"caption\">Le pr\u00e9sident, Fran\u00e7ois Courtade.<\/div><\/div><\/li>\n                <li style=\"display: none; width: 100%;\" class=\"slide-2865 ms-image \" aria-roledescription=\"slide\" data-date=\"2017-08-16 15:17:53\" data-filename=\"conferencier.jpg\" data-slide-type=\"image\"><a href=\"http:\/\/lorrylesmetz-histoire.fr\/wp-content\/uploads\/2017\/08\/conferencier.jpg\" target=\"_blank\" aria-label=\"Voir les d\u00e9tails de la diapositive\" class=\"metaslider_image_link\"><img loading=\"lazy\" decoding=\"async\" width=\"640\" height=\"480\" src=\"http:\/\/lorrylesmetz-histoire.fr\/wp-content\/uploads\/2017\/08\/conferencier.jpg\" class=\"slider-2857 slide-2865 msDefaultImage\" alt=\"\" rel=\"\" title=\"\" srcset=\"http:\/\/lorrylesmetz-histoire.fr\/wp-content\/uploads\/2017\/08\/conferencier.jpg 640w, http:\/\/lorrylesmetz-histoire.fr\/wp-content\/uploads\/2017\/08\/conferencier-300x225.jpg 300w\" sizes=\"auto, (max-width: 640px) 100vw, 640px\" \/><\/a><div class=\"caption-wrap\"><div class=\"caption\">Le conf\u00e9rencier, Andr\u00e9 de Pizol.<\/div><\/div><\/li>\n                <li style=\"display: none; width: 100%;\" class=\"slide-2860 ms-image \" aria-roledescription=\"slide\" data-date=\"2017-08-16 15:17:52\" data-filename=\"Champ_a_Saille.jpg\" data-slide-type=\"image\"><a href=\"http:\/\/lorrylesmetz-histoire.fr\/wp-content\/uploads\/2017\/08\/Champ_a_Saille.jpg\" target=\"_blank\" aria-label=\"Voir les d\u00e9tails de la diapositive\" class=\"metaslider_image_link\"><img loading=\"lazy\" decoding=\"async\" width=\"1280\" height=\"931\" src=\"http:\/\/lorrylesmetz-histoire.fr\/wp-content\/uploads\/2017\/08\/Champ_a_Saille.jpg\" class=\"slider-2857 slide-2860 msDefaultImage\" alt=\"\" rel=\"\" title=\"\" srcset=\"http:\/\/lorrylesmetz-histoire.fr\/wp-content\/uploads\/2017\/08\/Champ_a_Saille.jpg 1280w, http:\/\/lorrylesmetz-histoire.fr\/wp-content\/uploads\/2017\/08\/Champ_a_Saille-300x218.jpg 300w, http:\/\/lorrylesmetz-histoire.fr\/wp-content\/uploads\/2017\/08\/Champ_a_Saille-768x559.jpg 768w, http:\/\/lorrylesmetz-histoire.fr\/wp-content\/uploads\/2017\/08\/Champ_a_Saille-1024x745.jpg 1024w\" sizes=\"auto, (max-width: 1280px) 100vw, 1280px\" \/><\/a><div class=\"caption-wrap\"><div class=\"caption\">Place Champ-\u00e0-Seille (actuellement place Coislin) au XV<sup>e<\/sup> si\u00e8cle.<\/div><\/div><\/li>\n                <li style=\"display: none; width: 100%;\" class=\"slide-2861 ms-image \" aria-roledescription=\"slide\" data-date=\"2017-08-16 15:17:52\" data-filename=\"Cent_nouvelles.jpg\" data-slide-type=\"image\"><a href=\"http:\/\/lorrylesmetz-histoire.fr\/wp-content\/uploads\/2017\/08\/Cent_nouvelles.jpg\" target=\"_blank\" aria-label=\"Voir les d\u00e9tails de la diapositive\" class=\"metaslider_image_link\"><img loading=\"lazy\" decoding=\"async\" width=\"886\" height=\"1280\" src=\"http:\/\/lorrylesmetz-histoire.fr\/wp-content\/uploads\/2017\/08\/Cent_nouvelles.jpg\" class=\"slider-2857 slide-2861 msDefaultImage\" alt=\"\" rel=\"\" title=\"\" srcset=\"http:\/\/lorrylesmetz-histoire.fr\/wp-content\/uploads\/2017\/08\/Cent_nouvelles.jpg 886w, http:\/\/lorrylesmetz-histoire.fr\/wp-content\/uploads\/2017\/08\/Cent_nouvelles-208x300.jpg 208w, http:\/\/lorrylesmetz-histoire.fr\/wp-content\/uploads\/2017\/08\/Cent_nouvelles-768x1110.jpg 768w, http:\/\/lorrylesmetz-histoire.fr\/wp-content\/uploads\/2017\/08\/Cent_nouvelles-709x1024.jpg 709w\" sizes=\"auto, (max-width: 886px) 100vw, 886px\" \/><\/a><div class=\"caption-wrap\"><div class=\"caption\">Reproduction d'un manuscrit des Cents nouvelles.<\/div><\/div><\/li>\n                <li style=\"display: none; width: 100%;\" class=\"slide-2862 ms-image \" aria-roledescription=\"slide\" data-date=\"2017-08-16 15:17:52\" data-filename=\"Territoires_mosellans_vers_1400.jpg\" data-slide-type=\"image\"><a href=\"http:\/\/lorrylesmetz-histoire.fr\/wp-content\/uploads\/2017\/08\/Territoires_mosellans_vers_1400.jpg\" target=\"_blank\" aria-label=\"Voir les d\u00e9tails de la diapositive\" class=\"metaslider_image_link\"><img loading=\"lazy\" decoding=\"async\" width=\"1280\" height=\"1217\" src=\"http:\/\/lorrylesmetz-histoire.fr\/wp-content\/uploads\/2017\/08\/Territoires_mosellans_vers_1400.jpg\" class=\"slider-2857 slide-2862 msDefaultImage\" alt=\"\" rel=\"\" title=\"\" srcset=\"http:\/\/lorrylesmetz-histoire.fr\/wp-content\/uploads\/2017\/08\/Territoires_mosellans_vers_1400.jpg 1280w, http:\/\/lorrylesmetz-histoire.fr\/wp-content\/uploads\/2017\/08\/Territoires_mosellans_vers_1400-300x285.jpg 300w, http:\/\/lorrylesmetz-histoire.fr\/wp-content\/uploads\/2017\/08\/Territoires_mosellans_vers_1400-768x730.jpg 768w, http:\/\/lorrylesmetz-histoire.fr\/wp-content\/uploads\/2017\/08\/Territoires_mosellans_vers_1400-1024x974.jpg 1024w\" sizes=\"auto, (max-width: 1280px) 100vw, 1280px\" \/><\/a><div class=\"caption-wrap\"><div class=\"caption\">Les territoires mosellans vers. <\/div><\/div><\/li>\n                <li style=\"display: none; width: 100%;\" class=\"slide-2866 ms-image \" aria-roledescription=\"slide\" data-date=\"2017-08-16 15:17:53\" data-filename=\"maison_Vigneulles.jpg\" data-slide-type=\"image\"><a href=\"http:\/\/lorrylesmetz-histoire.fr\/wp-content\/uploads\/2017\/08\/maison_Vigneulles.jpg\" target=\"_blank\" aria-label=\"Voir les d\u00e9tails de la diapositive\" class=\"metaslider_image_link\"><img loading=\"lazy\" decoding=\"async\" width=\"1280\" height=\"930\" src=\"http:\/\/lorrylesmetz-histoire.fr\/wp-content\/uploads\/2017\/08\/maison_Vigneulles.jpg\" class=\"slider-2857 slide-2866 msDefaultImage\" alt=\"\" rel=\"\" title=\"\" srcset=\"http:\/\/lorrylesmetz-histoire.fr\/wp-content\/uploads\/2017\/08\/maison_Vigneulles.jpg 1280w, http:\/\/lorrylesmetz-histoire.fr\/wp-content\/uploads\/2017\/08\/maison_Vigneulles-300x218.jpg 300w, http:\/\/lorrylesmetz-histoire.fr\/wp-content\/uploads\/2017\/08\/maison_Vigneulles-768x558.jpg 768w, http:\/\/lorrylesmetz-histoire.fr\/wp-content\/uploads\/2017\/08\/maison_Vigneulles-1024x744.jpg 1024w\" sizes=\"auto, (max-width: 1280px) 100vw, 1280px\" \/><\/a><div class=\"caption-wrap\"><div class=\"caption\">Emplacement de la maison natale de Philippe de Vigneulles \u00e0 Vigneulles.<\/div><\/div><\/li>\n            <\/ul>\n        <\/div>\n        \n    <\/div>\n<\/div>\n<p>Photos Roger Mariotte.<\/p>\n<p><a href=\"http:\/\/lorrylesmetz-histoire.fr\/?page_id=1921\"><img loading=\"lazy\" decoding=\"async\" class=\"alignnone wp-image-378 size-full\" src=\"http:\/\/lorrylesmetz-histoire.fr\/wp-content\/uploads\/2017\/05\/retour.png\" alt=\"\" width=\"89\" height=\"31\" \/><\/a><\/p>\n","protected":false},"excerpt":{"rendered":"<p>7\u00a0f\u00e9vrier\u00a02014 Lorry-l\u00e8s-Metz \u00ab\u00a0au fil du Temps\u00a0\u00bb a tenu son assembl\u00e9e g\u00e9n\u00e9rale annuelle. Apr\u00e8s les usages, Fran\u00e7ois\u00a0Courtade, le pr\u00e9sident, a pass\u00e9 la parole au conf\u00e9rencier, membre de l\u2019association\u00a0: Andr\u00e9\u00a0de\u00a0Pizzol. F\u00e9ru d\u2019histoire il a une passion avou\u00e9e pour le Moyen-\u00c2ge et a&hellip; <\/p>\n","protected":false},"author":1,"featured_media":0,"parent":1921,"menu_order":0,"comment_status":"closed","ping_status":"closed","template":"","meta":{"_mc_calendar":[],"footnotes":""},"class_list":["post-1922","page","type-page","status-publish","hentry"],"_links":{"self":[{"href":"http:\/\/lorrylesmetz-histoire.fr\/index.php?rest_route=\/wp\/v2\/pages\/1922","targetHints":{"allow":["GET"]}}],"collection":[{"href":"http:\/\/lorrylesmetz-histoire.fr\/index.php?rest_route=\/wp\/v2\/pages"}],"about":[{"href":"http:\/\/lorrylesmetz-histoire.fr\/index.php?rest_route=\/wp\/v2\/types\/page"}],"author":[{"embeddable":true,"href":"http:\/\/lorrylesmetz-histoire.fr\/index.php?rest_route=\/wp\/v2\/users\/1"}],"replies":[{"embeddable":true,"href":"http:\/\/lorrylesmetz-histoire.fr\/index.php?rest_route=%2Fwp%2Fv2%2Fcomments&post=1922"}],"version-history":[{"count":3,"href":"http:\/\/lorrylesmetz-histoire.fr\/index.php?rest_route=\/wp\/v2\/pages\/1922\/revisions"}],"predecessor-version":[{"id":2859,"href":"http:\/\/lorrylesmetz-histoire.fr\/index.php?rest_route=\/wp\/v2\/pages\/1922\/revisions\/2859"}],"up":[{"embeddable":true,"href":"http:\/\/lorrylesmetz-histoire.fr\/index.php?rest_route=\/wp\/v2\/pages\/1921"}],"wp:attachment":[{"href":"http:\/\/lorrylesmetz-histoire.fr\/index.php?rest_route=%2Fwp%2Fv2%2Fmedia&parent=1922"}],"curies":[{"name":"wp","href":"https:\/\/api.w.org\/{rel}","templated":true}]}}