{"id":1965,"date":"2017-08-12T14:18:07","date_gmt":"2017-08-12T12:18:07","guid":{"rendered":"http:\/\/lorrylesmetz-histoire.fr\/?page_id=1965"},"modified":"2017-08-16T14:50:03","modified_gmt":"2017-08-16T12:50:03","slug":"2014-2","status":"publish","type":"page","link":"http:\/\/lorrylesmetz-histoire.fr\/?page_id=1965","title":{"rendered":"2014"},"content":{"rendered":"<p>&nbsp;<\/p>\n<table style=\"width: 654px;\">\n<tbody>\n<tr>\n<td style=\"width: 118px; height: 24px;\">\u00a015 novembre<\/td>\n<td style=\"width: 325.967px; height: 24px;\">Salon du livre d&rsquo;Histoire de Woippy<\/td>\n<td style=\"width: 121.033px; height: 24px;\"><a href=\"http:\/\/lorrylesmetz-histoire.fr\/?page_id=1970\"><img loading=\"lazy\" decoding=\"async\" class=\"alignnone\" src=\"http:\/\/lorrylesmetz-histoire.fr\/wp-content\/uploads\/2017\/05\/voir.png?_t=1502541681\" alt=\"\" width=\"89\" height=\"31\" \/><\/a><\/td>\n<\/tr>\n<tr>\n<td style=\"width: 118px; height: 24px;\">14\u00a0novembre<\/td>\n<td style=\"width: 325.967px; height: 24px;\">Colloque de Woippy<\/td>\n<td style=\"width: 121.033px; height: 24px;\"><a href=\"http:\/\/lorrylesmetz-histoire.fr\/?page_id=1969\"><img loading=\"lazy\" decoding=\"async\" class=\"alignnone\" src=\"http:\/\/lorrylesmetz-histoire.fr\/wp-content\/uploads\/2017\/05\/voir.png?_t=1502541681\" alt=\"\" width=\"89\" height=\"31\" \/><\/a><\/td>\n<\/tr>\n<tr>\n<td style=\"width: 118px; height: 24px;\">18\u00a0juillet<\/td>\n<td style=\"width: 325.967px; height: 24px;\">R\u00e9union du Comit\u00e9 d\u2019Histoire du Pays Messin<\/td>\n<td style=\"width: 121.033px; height: 24px;\"><a href=\"http:\/\/lorrylesmetz-histoire.fr\/?page_id=1968\"><img loading=\"lazy\" decoding=\"async\" src=\"http:\/\/lorrylesmetz-histoire.fr\/wp-content\/uploads\/2017\/05\/voir.png?_t=1502541681\" alt=\"\" width=\"89\" height=\"31\" \/><\/a><\/td>\n<\/tr>\n<tr style=\"height: 22px;\">\n<td style=\"width: 118px; height: 24px;\">28\u00a0avril<\/td>\n<td style=\"width: 325.967px; height: 24px;\">Assembl\u00e9e g\u00e9n\u00e9rale de la Soci\u00e9t\u00e9 d\u2019Histoire de Woippy 2014<\/td>\n<td style=\"width: 121.033px; height: 24px;\"><a href=\"http:\/\/lorrylesmetz-histoire.fr\/?page_id=1967\"><img loading=\"lazy\" decoding=\"async\" src=\"http:\/\/lorrylesmetz-histoire.fr\/wp-content\/uploads\/2017\/05\/voir.png?_t=1502540715\" alt=\"\" width=\"89\" height=\"31\" \/><\/a><\/td>\n<\/tr>\n<tr style=\"height: 1px;\">\n<td style=\"width: 118px; height: 1px;\">20\u00a0janvier<\/td>\n<td style=\"width: 325.967px; height: 1px;\">R\u00e9union du comit\u00e9 d\u2019Histoire du Pays Messin<\/td>\n<td style=\"width: 121.033px; height: 1px;\"><a href=\"http:\/\/lorrylesmetz-histoire.fr\/?page_id=1966\"><img loading=\"lazy\" decoding=\"async\" src=\"http:\/\/lorrylesmetz-histoire.fr\/wp-content\/uploads\/2017\/05\/voir.png\" alt=\"\" width=\"89\" height=\"31\" \/><\/a><\/td>\n<\/tr>\n<\/tbody>\n<\/table>\n<p><a href=\"http:\/\/lorrylesmetz-histoire.fr\/?page_id=171\"><img loading=\"lazy\" decoding=\"async\" class=\"alignnone wp-image-378 size-full\" src=\"http:\/\/lorrylesmetz-histoire.fr\/wp-content\/uploads\/2017\/05\/retour.png\" alt=\"\" width=\"89\" height=\"31\" \/><\/a><\/p>\n","protected":false},"excerpt":{"rendered":"<p>&nbsp; \u00a015 novembre Salon du livre d&rsquo;Histoire de Woippy 14\u00a0novembre Colloque de Woippy 18\u00a0juillet R\u00e9union du Comit\u00e9 d\u2019Histoire du Pays Messin 28\u00a0avril Assembl\u00e9e g\u00e9n\u00e9rale de la Soci\u00e9t\u00e9 d\u2019Histoire de Woippy 2014 20\u00a0janvier R\u00e9union du comit\u00e9 d\u2019Histoire du Pays Messin<\/p>\n","protected":false},"author":1,"featured_media":0,"parent":171,"menu_order":12,"comment_status":"closed","ping_status":"closed","template":"","meta":{"_mc_calendar":[],"footnotes":""},"class_list":["post-1965","page","type-page","status-publish","hentry"],"_links":{"self":[{"href":"http:\/\/lorrylesmetz-histoire.fr\/index.php?rest_route=\/wp\/v2\/pages\/1965","targetHints":{"allow":["GET"]}}],"collection":[{"href":"http:\/\/lorrylesmetz-histoire.fr\/index.php?rest_route=\/wp\/v2\/pages"}],"about":[{"href":"http:\/\/lorrylesmetz-histoire.fr\/index.php?rest_route=\/wp\/v2\/types\/page"}],"author":[{"embeddable":true,"href":"http:\/\/lorrylesmetz-histoire.fr\/index.php?rest_route=\/wp\/v2\/users\/1"}],"replies":[{"embeddable":true,"href":"http:\/\/lorrylesmetz-histoire.fr\/index.php?rest_route=%2Fwp%2Fv2%2Fcomments&post=1965"}],"version-history":[{"count":10,"href":"http:\/\/lorrylesmetz-histoire.fr\/index.php?rest_route=\/wp\/v2\/pages\/1965\/revisions"}],"predecessor-version":[{"id":2842,"href":"http:\/\/lorrylesmetz-histoire.fr\/index.php?rest_route=\/wp\/v2\/pages\/1965\/revisions\/2842"}],"up":[{"embeddable":true,"href":"http:\/\/lorrylesmetz-histoire.fr\/index.php?rest_route=\/wp\/v2\/pages\/171"}],"wp:attachment":[{"href":"http:\/\/lorrylesmetz-histoire.fr\/index.php?rest_route=%2Fwp%2Fv2%2Fmedia&parent=1965"}],"curies":[{"name":"wp","href":"https:\/\/api.w.org\/{rel}","templated":true}]}}