{"id":1967,"date":"2017-08-12T14:26:33","date_gmt":"2017-08-12T12:26:33","guid":{"rendered":"http:\/\/lorrylesmetz-histoire.fr\/?page_id=1967"},"modified":"2017-08-12T15:24:20","modified_gmt":"2017-08-12T13:24:20","slug":"a-02","status":"publish","type":"page","link":"http:\/\/lorrylesmetz-histoire.fr\/?page_id=1967","title":{"rendered":"Assembl\u00e9e g\u00e9n\u00e9rale de la Soci\u00e9t\u00e9 d\u2019Histoire de Woippy 2014"},"content":{"rendered":"<h2>28\u00a0avril\u00a02014<\/h2>\n<p>Lorry-l\u00e8s-Metz \u00ab\u00a0au fil du Temps\u00a0\u00bb, pr\u00e9sent \u00e0 l\u2019assembl\u00e9e g\u00e9n\u00e9rale de la SHW, a \u00e9t\u00e9 t\u00e9moin de la passation de pr\u00e9sidence entre Pierre\u00a0Brasme et Marc\u00a0Bojic.<\/p>\n<p>Collaborateurs de longue date, rapproch\u00e9s par la passion de l\u2019histoire, la passation \u00e9tait pr\u00e9par\u00e9e de longue date avec la volont\u00e9 de r\u00e9ussir ce changement de pr\u00e9sidence si important dans la vie d\u2019une association.<\/p>\n<p>Pierre\u00a0Brasme a expliqu\u00e9 son choix\u00a0: <em>Il s\u2019agit, le moment venu, de faire un choix raisonnable et bien pes\u00e9, et ne pas vouloir s\u2019accrocher co\u00fbte que co\u00fbte \u00e0 quelque chose qui de toute fa\u00e7on ne vous appartient pas. Ce choix, je l\u2019ai fait, il a \u00e9t\u00e9 longuement et m\u00fbrement r\u00e9fl\u00e9chi, il n\u2019a pas \u00e9t\u00e9 un coup de t\u00eate. Une succession r\u00e9ussie, cela se pr\u00e9pare. L\u2019improvisation n\u2019y a aucune part.<\/em>. Puis il a pr\u00e9sent\u00e9 ses souhaits de r\u00e9ussite \u00e0 son successeur qui poss\u00e8de sans aucun doute les qualit\u00e9s requises pour cette t\u00e2che.<\/p>\n<p>Le s\u00e9nateur-maire Fran\u00e7ois\u00a0Grosdidier a remerci\u00e9 Pierre\u00a0Brasme pour tout le travail accompli et s\u2019est f\u00e9licit\u00e9 de voir son ancien directeur g\u00e9n\u00e9ral des services prendre la pr\u00e9sidence de la soci\u00e9t\u00e9 d\u2019histoire locale.<\/p>\n<p>Marc\u00a0Bojic a remerci\u00e9 Pierre\u00a0Brasme de sa confiance et en a profit\u00e9 pour pr\u00e9senter le dernier ouvrage de son ami\u00a0: <em>Dictionnaire des r\u00e9volutionnaires fran\u00e7ais.<\/em><\/p>\n<p>Le candidat d\u00e9sign\u00e9 a profit\u00e9 de l\u2019occasion pour pr\u00e9senter le dernier ouvrage de son ami Pierre\u00a0Brasme qui vient tout juste d\u2019\u00eatre publi\u00e9 par les \u00e9ditions du CNRS. Il s\u2019agit d\u2019un opus de plus de 500\u00a0pages intitul\u00e9 que l\u2019auteur a offert au premier magistrat de la commune.<\/p>\n<p>D\u2019autres responsabilit\u00e9s attendent Pierre\u00a0Brasme qui d\u00e9borde d\u2019id\u00e9es et de pages \u00e0 remplir.<\/p>\n<p><a href=\"http:\/\/lorrylesmetz-histoire.fr\/wp-content\/uploads\/2017\/08\/14-28avr.jpg\" target=\"_blank\" rel=\"noopener\"><img loading=\"lazy\" decoding=\"async\" class=\"aligncenter wp-image-1996 size-medium\" src=\"http:\/\/lorrylesmetz-histoire.fr\/wp-content\/uploads\/2017\/08\/14-28avr-293x300.jpg?_t=1502544162\" alt=\"\" width=\"293\" height=\"300\" srcset=\"http:\/\/lorrylesmetz-histoire.fr\/wp-content\/uploads\/2017\/08\/14-28avr-293x300.jpg 293w, http:\/\/lorrylesmetz-histoire.fr\/wp-content\/uploads\/2017\/08\/14-28avr.jpg 350w\" sizes=\"auto, (max-width: 293px) 100vw, 293px\" \/><\/a>Photo du R\u00e9publicain Lorrain.<\/p>\n<p><a href=\"http:\/\/lorrylesmetz-histoire.fr\/?page_id=1965\"><img loading=\"lazy\" decoding=\"async\" class=\"alignnone wp-image-378 size-full\" src=\"http:\/\/lorrylesmetz-histoire.fr\/wp-content\/uploads\/2017\/05\/retour.png\" alt=\"\" width=\"89\" height=\"31\" \/><\/a><\/p>\n","protected":false},"excerpt":{"rendered":"<p>28\u00a0avril\u00a02014 Lorry-l\u00e8s-Metz \u00ab\u00a0au fil du Temps\u00a0\u00bb, pr\u00e9sent \u00e0 l\u2019assembl\u00e9e g\u00e9n\u00e9rale de la SHW, a \u00e9t\u00e9 t\u00e9moin de la passation de pr\u00e9sidence entre Pierre\u00a0Brasme et Marc\u00a0Bojic. Collaborateurs de longue date, rapproch\u00e9s par la passion de l\u2019histoire, la passation \u00e9tait pr\u00e9par\u00e9e de&hellip; <\/p>\n","protected":false},"author":1,"featured_media":0,"parent":1965,"menu_order":1,"comment_status":"closed","ping_status":"closed","template":"","meta":{"_mc_calendar":[],"footnotes":""},"class_list":["post-1967","page","type-page","status-publish","hentry"],"_links":{"self":[{"href":"http:\/\/lorrylesmetz-histoire.fr\/index.php?rest_route=\/wp\/v2\/pages\/1967","targetHints":{"allow":["GET"]}}],"collection":[{"href":"http:\/\/lorrylesmetz-histoire.fr\/index.php?rest_route=\/wp\/v2\/pages"}],"about":[{"href":"http:\/\/lorrylesmetz-histoire.fr\/index.php?rest_route=\/wp\/v2\/types\/page"}],"author":[{"embeddable":true,"href":"http:\/\/lorrylesmetz-histoire.fr\/index.php?rest_route=\/wp\/v2\/users\/1"}],"replies":[{"embeddable":true,"href":"http:\/\/lorrylesmetz-histoire.fr\/index.php?rest_route=%2Fwp%2Fv2%2Fcomments&post=1967"}],"version-history":[{"count":5,"href":"http:\/\/lorrylesmetz-histoire.fr\/index.php?rest_route=\/wp\/v2\/pages\/1967\/revisions"}],"predecessor-version":[{"id":2014,"href":"http:\/\/lorrylesmetz-histoire.fr\/index.php?rest_route=\/wp\/v2\/pages\/1967\/revisions\/2014"}],"up":[{"embeddable":true,"href":"http:\/\/lorrylesmetz-histoire.fr\/index.php?rest_route=\/wp\/v2\/pages\/1965"}],"wp:attachment":[{"href":"http:\/\/lorrylesmetz-histoire.fr\/index.php?rest_route=%2Fwp%2Fv2%2Fmedia&parent=1967"}],"curies":[{"name":"wp","href":"https:\/\/api.w.org\/{rel}","templated":true}]}}