{"id":1969,"date":"2017-08-12T15:02:19","date_gmt":"2017-08-12T13:02:19","guid":{"rendered":"http:\/\/lorrylesmetz-histoire.fr\/?page_id=1969"},"modified":"2017-08-12T15:21:35","modified_gmt":"2017-08-12T13:21:35","slug":"a-04","status":"publish","type":"page","link":"http:\/\/lorrylesmetz-histoire.fr\/?page_id=1969","title":{"rendered":"Colloque de Woippy 2014"},"content":{"rendered":"<h2>14\u00a0novembre\u00a02014<\/h2>\n<p>Lorry-l\u00e8s-Metz \u00ab\u00a0au fil du Temps\u00a0\u00bb \u00e9tait en auditeur au 5<sup>e<\/sup> colloque de Woippy.<\/p>\n<p>Il y avait au programme\u00a0:<\/p>\n<p>LionelMetzler\u00a0 \u00ab <em>La Lorraine annex\u00e9e \u00e0 la veille de la guerre<\/em> \u00bb, S\u00e9bastien\u00a0Wagner\u00ab <em>La place forte de Metz en 1914 <\/em>\u00bb, Jeanne\u00a0Vincler \u00ab <em>Ao\u00fbt 1914 et la dictature militaire en Lorraine annex\u00e9e <\/em>\u00bb, Jacques\u00a0Didier \u00ab\u00a0<em>Le clerg\u00e9 catholique lorrain face \u00e0 l&rsquo;autorit\u00e9 civile et militaire allemande entre 1900 et 1914<\/em> \u00bb, Claude\u00a0Buttner\u00ab <em>Ernest-Moritz\u00a0Mungenast\u00a0: grondements de tonnerre au lointain<\/em> \u00bb Yvette\u00a0Illy \u00ab <em>Plappeville 1914 : j&rsquo;avais 16 ans<\/em> \u00bb et Armand Schleef \u00ab <em>Les d\u00e9buts de la guerre vus par une Allemande montignienne<\/em> \u00bb.<\/p>\n<p>B\u00e9rang\u00e8re Thomas et les Amis de Paul Verlaine proposeront une animation autour de l\u2019<em>Ode \u00e0 Metz<\/em>\u00a0\u00bb.<\/p>\n<p>Comme toujours l\u2019accueil est chaleureux-croissants le matin, d\u00e9jeuner possible au restaurant Saint-Ex et caf\u00e9 puis go\u00fbter d\u2019apr\u00e8s-midi et verre de l\u2019amiti\u00e9 du soir.<br \/>\n<a href=\"http:\/\/lorrylesmetz-histoire.fr\/?page_id=1965\"><img loading=\"lazy\" decoding=\"async\" class=\"alignnone wp-image-378 size-full\" src=\"http:\/\/lorrylesmetz-histoire.fr\/wp-content\/uploads\/2017\/05\/retour.png\" alt=\"\" width=\"89\" height=\"31\" \/><\/a><\/p>\n","protected":false},"excerpt":{"rendered":"<p>14\u00a0novembre\u00a02014 Lorry-l\u00e8s-Metz \u00ab\u00a0au fil du Temps\u00a0\u00bb \u00e9tait en auditeur au 5e colloque de Woippy. Il y avait au programme\u00a0: LionelMetzler\u00a0 \u00ab La Lorraine annex\u00e9e \u00e0 la veille de la guerre \u00bb, S\u00e9bastien\u00a0Wagner\u00ab La place forte de Metz en 1914 \u00bb,&hellip; <\/p>\n","protected":false},"author":1,"featured_media":0,"parent":1965,"menu_order":3,"comment_status":"closed","ping_status":"closed","template":"","meta":{"_mc_calendar":[],"footnotes":""},"class_list":["post-1969","page","type-page","status-publish","hentry"],"_links":{"self":[{"href":"http:\/\/lorrylesmetz-histoire.fr\/index.php?rest_route=\/wp\/v2\/pages\/1969","targetHints":{"allow":["GET"]}}],"collection":[{"href":"http:\/\/lorrylesmetz-histoire.fr\/index.php?rest_route=\/wp\/v2\/pages"}],"about":[{"href":"http:\/\/lorrylesmetz-histoire.fr\/index.php?rest_route=\/wp\/v2\/types\/page"}],"author":[{"embeddable":true,"href":"http:\/\/lorrylesmetz-histoire.fr\/index.php?rest_route=\/wp\/v2\/users\/1"}],"replies":[{"embeddable":true,"href":"http:\/\/lorrylesmetz-histoire.fr\/index.php?rest_route=%2Fwp%2Fv2%2Fcomments&post=1969"}],"version-history":[{"count":4,"href":"http:\/\/lorrylesmetz-histoire.fr\/index.php?rest_route=\/wp\/v2\/pages\/1969\/revisions"}],"predecessor-version":[{"id":2011,"href":"http:\/\/lorrylesmetz-histoire.fr\/index.php?rest_route=\/wp\/v2\/pages\/1969\/revisions\/2011"}],"up":[{"embeddable":true,"href":"http:\/\/lorrylesmetz-histoire.fr\/index.php?rest_route=\/wp\/v2\/pages\/1965"}],"wp:attachment":[{"href":"http:\/\/lorrylesmetz-histoire.fr\/index.php?rest_route=%2Fwp%2Fv2%2Fmedia&parent=1969"}],"curies":[{"name":"wp","href":"https:\/\/api.w.org\/{rel}","templated":true}]}}

<h2>14 novembre 2014</h2>
<p>Lorry-lès-Metz « au fil du Temps » était en auditeur au 5<sup>e</sup> colloque de Woippy.</p>
<p>Il y avait au programme :</p>
<p>LionelMetzler  « <em>La Lorraine annexée à la veille de la guerre</em> », Sébastien Wagner« <em>La place forte de Metz en 1914 </em>», Jeanne Vincler « <em>Août 1914 et la dictature militaire en Lorraine annexée </em>», Jacques Didier « <em>Le clergé catholique lorrain face à l&rsquo;autorité civile et militaire allemande entre 1900 et 1914</em> », Claude Buttner« <em>Ernest-Moritz Mungenast : grondements de tonnerre au lointain</em> » Yvette Illy « <em>Plappeville 1914 : j&rsquo;avais 16 ans</em> » et Armand Schleef « <em>Les débuts de la guerre vus par une Allemande montignienne</em> ».</p>
<p>Bérangère Thomas et les Amis de Paul Verlaine proposeront une animation autour de l’<em>Ode à Metz</em> ».</p>
<p>Comme toujours l’accueil est chaleureux-croissants le matin, déjeuner possible au restaurant Saint-Ex et café puis goûter d’après-midi et verre de l’amitié du soir.<br />
<a href="http://lorrylesmetz-histoire.fr/?page_id=1965"><img loading="lazy" decoding="async" class="alignnone wp-image-378 size-full" src="http://lorrylesmetz-histoire.fr/wp-content/uploads/2017/05/retour.png" alt="" width="89" height="31" /></a></p>

<p>14 novembre 2014 Lorry-lès-Metz « au fil du Temps » était en auditeur au 5e colloque de Woippy. Il y avait au programme : LionelMetzler  « La Lorraine annexée à la veille de la guerre », Sébastien Wagner« La place forte de Metz en 1914 »,&hellip; </p>
