{"id":2023,"date":"2017-08-12T18:13:01","date_gmt":"2017-08-12T16:13:01","guid":{"rendered":"http:\/\/lorrylesmetz-histoire.fr\/?page_id=2023"},"modified":"2017-08-12T18:37:09","modified_gmt":"2017-08-12T16:37:09","slug":"a-03","status":"publish","type":"page","link":"http:\/\/lorrylesmetz-histoire.fr\/?page_id=2023","title":{"rendered":"R\u00e9union du comit\u00e9 d\u2019Histoire du Pays Messin"},"content":{"rendered":"<h2>4\u00a0novembre\u00a02013<\/h2>\n<p>Lorry-l\u00e8s-Metz \u00ab\u00a0au fil du Temps\u00a0\u00bb participait \u00e0 la r\u00e9union du Comit\u00e9 d\u2019histoire du Pays messin (CHPM), qui peaufinait comme chaque ann\u00e9e, \u00e0 la veille du Salon du livre d\u2019histoire de Woippy, le colloque de Woippy.<\/p>\n<p>Le CHPM a arr\u00eat\u00e9 cette ann\u00e9e, le th\u00e8me des <em>Communaut\u00e9s juives et protestantes \u00e0 Metz et en Pays messin<\/em>.<\/p>\n<p>Neuf intervenants sont pr\u00e9vus\u00a0:<\/p>\n<ul style=\"list-style-type: circle;\">\n<li>Alain\u00a0Hilbold, pour <em>Br\u00e8ve esquisse du protestantisme messin des origines \u00e0 nos jours\u00a0;<\/em><\/li>\n<li>Jean-Bernard\u00a0Lang, pour<em> Juifs et huguenot \u00e0 Metz, un destin partag\u00e9\u00a0? 1664-1642\u00a0;<\/em><\/li>\n<li>Henry\u00a0Schumann, pour <em>L\u2019affaire Rapha\u00ebl\u00a0L\u00e9vy ou le meurtre d\u2019un innocent accus\u00e9 de crime rituel en 1669\u00a0;<\/em><\/li>\n<li>Jeanne\u00a0Vincler, pour<em> Le pasteur Nicolas\u00a0Anthoine, un marrane protestant au parcours atypique, 1602-1632\u00a0<\/em>;<\/li>\n<li>Julien\u00a0L\u00e9onard, pour <em>Le Protestantisme \u00e0 Metz et dans le Pays messin sous le r\u00e9gime de l\u2019\u00c9dit de Nantes\u00a0;<\/em><\/li>\n<li>Jean-Louis\u00a0Calbat, pour <em>protestants messins \u00e0 Metz et au refuge\u00a0 : comparaison des deux populations \u00e0 travers quelques crit\u00e8res d\u00e9mographiques\u00a0;<\/em><\/li>\n<li>Pierre\u00a0Bronn, pour <em>Les protestants et la guerre des \u00e9coles dans le Pays messin du XVI<sup>e<\/sup> au XX<sup>e<\/sup> si\u00e8cl\u00a0;<\/em><\/li>\n<li>Andr\u00e9\u00a0Baheux, pour <em>L\u2019influence du protestantisme et du juda\u00efsme dans l\u2019histoire d\u2019Ennery\u00a0;<\/em><\/li>\n<li>Yvette\u00a0Illy, pour <em>Plappeville\u00a0: le Migomay et le pasteur Paul\u00a0Ferry<\/em>.<\/li>\n<\/ul>\n<p><a href=\"http:\/\/lorrylesmetz-histoire.fr\/wp-content\/uploads\/2017\/08\/13-3nov.jpg\" target=\"_blank\" rel=\"noopener\"><img loading=\"lazy\" decoding=\"async\" class=\"aligncenter wp-image-2045 size-medium\" src=\"http:\/\/lorrylesmetz-histoire.fr\/wp-content\/uploads\/2017\/08\/13-3nov-300x143.jpg?_t=1502555822\" alt=\"\" width=\"300\" height=\"143\" srcset=\"http:\/\/lorrylesmetz-histoire.fr\/wp-content\/uploads\/2017\/08\/13-3nov-300x143.jpg 300w, http:\/\/lorrylesmetz-histoire.fr\/wp-content\/uploads\/2017\/08\/13-3nov.jpg 700w\" sizes=\"auto, (max-width: 300px) 100vw, 300px\" \/><\/a><\/p>\n<p>Photo du R\u00e9publicain Lorrain.<\/p>\n<p><a href=\"http:\/\/lorrylesmetz-histoire.fr\/?page_id=2018\"><img loading=\"lazy\" decoding=\"async\" class=\"alignnone wp-image-378 size-full\" src=\"http:\/\/lorrylesmetz-histoire.fr\/wp-content\/uploads\/2017\/05\/retour.png\" alt=\"\" width=\"89\" height=\"31\" \/><\/a><\/p>\n","protected":false},"excerpt":{"rendered":"<p>4\u00a0novembre\u00a02013 Lorry-l\u00e8s-Metz \u00ab\u00a0au fil du Temps\u00a0\u00bb participait \u00e0 la r\u00e9union du Comit\u00e9 d\u2019histoire du Pays messin (CHPM), qui peaufinait comme chaque ann\u00e9e, \u00e0 la veille du Salon du livre d\u2019histoire de Woippy, le colloque de Woippy. Le CHPM a arr\u00eat\u00e9&hellip; <\/p>\n","protected":false},"author":1,"featured_media":0,"parent":2018,"menu_order":2,"comment_status":"closed","ping_status":"closed","template":"","meta":{"_mc_calendar":[],"footnotes":""},"class_list":["post-2023","page","type-page","status-publish","hentry"],"_links":{"self":[{"href":"http:\/\/lorrylesmetz-histoire.fr\/index.php?rest_route=\/wp\/v2\/pages\/2023","targetHints":{"allow":["GET"]}}],"collection":[{"href":"http:\/\/lorrylesmetz-histoire.fr\/index.php?rest_route=\/wp\/v2\/pages"}],"about":[{"href":"http:\/\/lorrylesmetz-histoire.fr\/index.php?rest_route=\/wp\/v2\/types\/page"}],"author":[{"embeddable":true,"href":"http:\/\/lorrylesmetz-histoire.fr\/index.php?rest_route=\/wp\/v2\/users\/1"}],"replies":[{"embeddable":true,"href":"http:\/\/lorrylesmetz-histoire.fr\/index.php?rest_route=%2Fwp%2Fv2%2Fcomments&post=2023"}],"version-history":[{"count":4,"href":"http:\/\/lorrylesmetz-histoire.fr\/index.php?rest_route=\/wp\/v2\/pages\/2023\/revisions"}],"predecessor-version":[{"id":2071,"href":"http:\/\/lorrylesmetz-histoire.fr\/index.php?rest_route=\/wp\/v2\/pages\/2023\/revisions\/2071"}],"up":[{"embeddable":true,"href":"http:\/\/lorrylesmetz-histoire.fr\/index.php?rest_route=\/wp\/v2\/pages\/2018"}],"wp:attachment":[{"href":"http:\/\/lorrylesmetz-histoire.fr\/index.php?rest_route=%2Fwp%2Fv2%2Fmedia&parent=2023"}],"curies":[{"name":"wp","href":"https:\/\/api.w.org\/{rel}","templated":true}]}}