{"id":2024,"date":"2017-08-12T18:31:24","date_gmt":"2017-08-12T16:31:24","guid":{"rendered":"http:\/\/lorrylesmetz-histoire.fr\/?page_id=2024"},"modified":"2017-08-12T18:35:57","modified_gmt":"2017-08-12T16:35:57","slug":"a-04","status":"publish","type":"page","link":"http:\/\/lorrylesmetz-histoire.fr\/?page_id=2024","title":{"rendered":"Salon du livre d\u2019Histoire de la ville de Woippy 2013"},"content":{"rendered":"<p>16\u00a0novembre\u00a02013<\/p>\n<p>Traditionnellement, Lorry-l\u00e8s-Metz \u00ab\u00a0au fil du Temps\u00a0\u00bb pr\u00e9sentait un stand au 11<sup>e\u00a0<\/sup>Salon du livre de la ville de Woippy,\u00a0 cette ann\u00e9e sur le th\u00e8me de la pr\u00e9histoire et de l\u2019arch\u00e9ologie.<\/p>\n<p>Il avait pour marraine Sophie\u00a0Archambault\u00a0de\u00a0Beaune, pr\u00e9historienne de renom et professeur des universit\u00e9s de Lyon qui animera une conf\u00e9rence sur \u00ab\u00a0<em>Les outils invent\u00e9s par nos anc\u00eatres\u00a0<\/em>\u00bb, et comme invit\u00e9 d&rsquo;honneur Philippe\u00a0Brunella, arch\u00e9ologue, conservateur en chef du patrimoine et directeur du mus\u00e9e de la Cour d&rsquo;Or, pr\u00e9sident de la soci\u00e9t\u00e9 d&rsquo;histoire et d&rsquo;arch\u00e9ologie de la Lorraine.<\/p>\n<p>Une traditionnelle table ronde autour de \u00ab\u00a0<em>La Lorraine, terre d\u2019arch\u00e9ologie<\/em>\u00a0\u00bb s\u2019est tenue<\/p>\n<p>Les rencontres privil\u00e9gi\u00e9es entre lecteurs, \u00e9crivains, historiens et associations patrimoniales font le bonheur de tous.<\/p>\n<div id=\"metaslider-id-2057\" style=\"width: 100%; margin: 0 auto;\" class=\"ml-slider-3-108-0 metaslider metaslider-responsive metaslider-2057 ml-slider has-dots-nav ms-theme-default\" role=\"region\" aria-label=\"Salon Woippy 2013\" data-height=\"400\" data-width=\"400\">\n    <div id=\"metaslider_container_2057\">\n        <ul id='metaslider_2057' class='rslides'>\n            <li aria-roledescription='slide' aria-labelledby='slide-0'><a href=\"http:\/\/lorrylesmetz-histoire.fr\/wp-content\/uploads\/2017\/08\/1-9.jpg\" target=\"_blank\"><img loading=\"lazy\" decoding=\"async\" width=\"640\" height=\"480\" src=\"http:\/\/lorrylesmetz-histoire.fr\/wp-content\/uploads\/2017\/08\/1-9.jpg\" class=\"slider-2057 slide-2058 msDefaultImage\" alt=\"\" rel=\"\" title=\"\" srcset=\"http:\/\/lorrylesmetz-histoire.fr\/wp-content\/uploads\/2017\/08\/1-9.jpg 640w, http:\/\/lorrylesmetz-histoire.fr\/wp-content\/uploads\/2017\/08\/1-9-300x225.jpg 300w\" sizes=\"auto, (max-width: 640px) 100vw, 640px\" \/><\/a><\/li>\n            <li style='display: none;' aria-roledescription='slide' aria-labelledby='slide-1'><a href=\"http:\/\/lorrylesmetz-histoire.fr\/wp-content\/uploads\/2017\/08\/13-13novB.jpg\" target=\"_blank\"><img loading=\"lazy\" decoding=\"async\" width=\"330\" height=\"338\" src=\"http:\/\/lorrylesmetz-histoire.fr\/wp-content\/uploads\/2017\/08\/13-13novB.jpg\" class=\"slider-2057 slide-2059 msDefaultImage\" alt=\"\" rel=\"\" title=\"\" srcset=\"http:\/\/lorrylesmetz-histoire.fr\/wp-content\/uploads\/2017\/08\/13-13novB.jpg 330w, http:\/\/lorrylesmetz-histoire.fr\/wp-content\/uploads\/2017\/08\/13-13novB-293x300.jpg 293w\" sizes=\"auto, (max-width: 330px) 100vw, 330px\" \/><\/a><\/li>\n            <li style='display: none;' aria-roledescription='slide' aria-labelledby='slide-2'><a href=\"http:\/\/lorrylesmetz-histoire.fr\/wp-content\/uploads\/2017\/08\/13-17nov.jpg\" target=\"_blank\"><img loading=\"lazy\" decoding=\"async\" width=\"330\" height=\"301\" src=\"http:\/\/lorrylesmetz-histoire.fr\/wp-content\/uploads\/2017\/08\/13-17nov.jpg\" class=\"slider-2057 slide-2060 msDefaultImage\" alt=\"\" rel=\"\" title=\"\" srcset=\"http:\/\/lorrylesmetz-histoire.fr\/wp-content\/uploads\/2017\/08\/13-17nov.jpg 330w, http:\/\/lorrylesmetz-histoire.fr\/wp-content\/uploads\/2017\/08\/13-17nov-300x274.jpg 300w\" sizes=\"auto, (max-width: 330px) 100vw, 330px\" \/><\/a><\/li>\n            <li style='display: none;' aria-roledescription='slide' aria-labelledby='slide-3'><a href=\"http:\/\/lorrylesmetz-histoire.fr\/wp-content\/uploads\/2017\/08\/2-9.jpg\" target=\"_blank\"><img loading=\"lazy\" decoding=\"async\" width=\"640\" height=\"480\" src=\"http:\/\/lorrylesmetz-histoire.fr\/wp-content\/uploads\/2017\/08\/2-9.jpg\" class=\"slider-2057 slide-2061 msDefaultImage\" alt=\"\" rel=\"\" title=\"\" srcset=\"http:\/\/lorrylesmetz-histoire.fr\/wp-content\/uploads\/2017\/08\/2-9.jpg 640w, http:\/\/lorrylesmetz-histoire.fr\/wp-content\/uploads\/2017\/08\/2-9-300x225.jpg 300w\" sizes=\"auto, (max-width: 640px) 100vw, 640px\" \/><\/a><\/li>\n            <li style='display: none;' aria-roledescription='slide' aria-labelledby='slide-4'><a href=\"http:\/\/lorrylesmetz-histoire.fr\/wp-content\/uploads\/2017\/08\/3-7.jpg\" target=\"_blank\"><img loading=\"lazy\" decoding=\"async\" width=\"640\" height=\"480\" src=\"http:\/\/lorrylesmetz-histoire.fr\/wp-content\/uploads\/2017\/08\/3-7.jpg\" class=\"slider-2057 slide-2062 msDefaultImage\" alt=\"\" rel=\"\" title=\"\" srcset=\"http:\/\/lorrylesmetz-histoire.fr\/wp-content\/uploads\/2017\/08\/3-7.jpg 640w, http:\/\/lorrylesmetz-histoire.fr\/wp-content\/uploads\/2017\/08\/3-7-300x225.jpg 300w\" sizes=\"auto, (max-width: 640px) 100vw, 640px\" \/><\/a><\/li>\n            <li style='display: none;' aria-roledescription='slide' aria-labelledby='slide-5'><a href=\"http:\/\/lorrylesmetz-histoire.fr\/wp-content\/uploads\/2017\/08\/4-7.jpg\" target=\"_blank\"><img loading=\"lazy\" decoding=\"async\" width=\"640\" height=\"480\" src=\"http:\/\/lorrylesmetz-histoire.fr\/wp-content\/uploads\/2017\/08\/4-7.jpg\" class=\"slider-2057 slide-2063 msDefaultImage\" alt=\"\" rel=\"\" title=\"\" srcset=\"http:\/\/lorrylesmetz-histoire.fr\/wp-content\/uploads\/2017\/08\/4-7.jpg 640w, http:\/\/lorrylesmetz-histoire.fr\/wp-content\/uploads\/2017\/08\/4-7-300x225.jpg 300w\" sizes=\"auto, (max-width: 640px) 100vw, 640px\" \/><\/a><\/li>\n            <li style='display: none;' aria-roledescription='slide' aria-labelledby='slide-6'><a href=\"http:\/\/lorrylesmetz-histoire.fr\/wp-content\/uploads\/2017\/08\/5-5.jpg\" target=\"_blank\"><img loading=\"lazy\" decoding=\"async\" width=\"640\" height=\"480\" src=\"http:\/\/lorrylesmetz-histoire.fr\/wp-content\/uploads\/2017\/08\/5-5.jpg\" class=\"slider-2057 slide-2064 msDefaultImage\" alt=\"\" rel=\"\" title=\"\" srcset=\"http:\/\/lorrylesmetz-histoire.fr\/wp-content\/uploads\/2017\/08\/5-5.jpg 640w, http:\/\/lorrylesmetz-histoire.fr\/wp-content\/uploads\/2017\/08\/5-5-300x225.jpg 300w\" sizes=\"auto, (max-width: 640px) 100vw, 640px\" \/><\/a><\/li>\n        <\/ul>\n        \n    <\/div>\n<\/div>\n<p>Photos Fran\u00e7oise\u00a0Bitaud<\/p>\n<p><a href=\"http:\/\/lorrylesmetz-histoire.fr\/?page_id=2018\"><img loading=\"lazy\" decoding=\"async\" class=\"alignnone wp-image-378 size-full\" src=\"http:\/\/lorrylesmetz-histoire.fr\/wp-content\/uploads\/2017\/05\/retour.png?_t=1502555744\" alt=\"\" width=\"89\" height=\"31\" \/><\/a><\/p>\n","protected":false},"excerpt":{"rendered":"<p>16\u00a0novembre\u00a02013 Traditionnellement, Lorry-l\u00e8s-Metz \u00ab\u00a0au fil du Temps\u00a0\u00bb pr\u00e9sentait un stand au 11e\u00a0Salon du livre de la ville de Woippy,\u00a0 cette ann\u00e9e sur le th\u00e8me de la pr\u00e9histoire et de l\u2019arch\u00e9ologie. Il avait pour marraine Sophie\u00a0Archambault\u00a0de\u00a0Beaune, pr\u00e9historienne de renom et professeur&hellip; <\/p>\n","protected":false},"author":1,"featured_media":0,"parent":2018,"menu_order":3,"comment_status":"closed","ping_status":"closed","template":"","meta":{"_mc_calendar":[],"footnotes":""},"class_list":["post-2024","page","type-page","status-publish","hentry"],"_links":{"self":[{"href":"http:\/\/lorrylesmetz-histoire.fr\/index.php?rest_route=\/wp\/v2\/pages\/2024","targetHints":{"allow":["GET"]}}],"collection":[{"href":"http:\/\/lorrylesmetz-histoire.fr\/index.php?rest_route=\/wp\/v2\/pages"}],"about":[{"href":"http:\/\/lorrylesmetz-histoire.fr\/index.php?rest_route=\/wp\/v2\/types\/page"}],"author":[{"embeddable":true,"href":"http:\/\/lorrylesmetz-histoire.fr\/index.php?rest_route=\/wp\/v2\/users\/1"}],"replies":[{"embeddable":true,"href":"http:\/\/lorrylesmetz-histoire.fr\/index.php?rest_route=%2Fwp%2Fv2%2Fcomments&post=2024"}],"version-history":[{"count":4,"href":"http:\/\/lorrylesmetz-histoire.fr\/index.php?rest_route=\/wp\/v2\/pages\/2024\/revisions"}],"predecessor-version":[{"id":2070,"href":"http:\/\/lorrylesmetz-histoire.fr\/index.php?rest_route=\/wp\/v2\/pages\/2024\/revisions\/2070"}],"up":[{"embeddable":true,"href":"http:\/\/lorrylesmetz-histoire.fr\/index.php?rest_route=\/wp\/v2\/pages\/2018"}],"wp:attachment":[{"href":"http:\/\/lorrylesmetz-histoire.fr\/index.php?rest_route=%2Fwp%2Fv2%2Fmedia&parent=2024"}],"curies":[{"name":"wp","href":"https:\/\/api.w.org\/{rel}","templated":true}]}}