{"id":2077,"date":"2017-08-13T08:26:59","date_gmt":"2017-08-13T06:26:59","guid":{"rendered":"http:\/\/lorrylesmetz-histoire.fr\/?page_id=2077"},"modified":"2017-08-13T08:26:59","modified_gmt":"2017-08-13T06:26:59","slug":"a-04","status":"publish","type":"page","link":"http:\/\/lorrylesmetz-histoire.fr\/?page_id=2077","title":{"rendered":"Conf\u00e9rence sur Robert Schuman \u00ab l\u2019Europe en h\u00e9ritage \u00bb"},"content":{"rendered":"<h2>10\u00a0octobre\u00a02013<\/h2>\n<p>Lorry-l\u00e8s-Metz \u00ab\u00a0au fil du Temps\u00a0\u00bb a propos\u00e9 \u00e0 ses membres un film sur Robert\u00a0Schuman\u00a0: \u00ab\u00a0<em>L\u2019Europe en h\u00e9ritage<\/em>\u00a0\u00bb.<\/p>\n<p>Le Conseil g\u00e9n\u00e9ral de la Moselle, pour le cinquanti\u00e8me anniversaire de la mort du \u00ab\u00a0P\u00e8re de l\u2019Europe\u00a0\u00bb, a fait \u00e9diter un DVD retra\u00e7ant l\u2019action politique de RobertSchuman.<\/p>\n<p>Apr\u00e8s la projection du petit film, un d\u00e9bat informel et convivial s\u2019est install\u00e9.<\/p>\n<div id=\"metaslider-id-2125\" style=\"width: 100%; margin: 0 auto;\" class=\"ml-slider-3-108-0 metaslider metaslider-responsive metaslider-2125 ml-slider has-dots-nav ms-theme-default\" role=\"region\" aria-label=\"Conf Schuman\" data-height=\"400\" data-width=\"400\">\n    <div id=\"metaslider_container_2125\">\n        <ul id='metaslider_2125' class='rslides'>\n            <li aria-roledescription='slide' aria-labelledby='slide-0'><a href=\"http:\/\/lorrylesmetz-histoire.fr\/wp-content\/uploads\/2017\/08\/1-12.jpg\" target=\"_blank\"><img loading=\"lazy\" decoding=\"async\" width=\"458\" height=\"800\" src=\"http:\/\/lorrylesmetz-histoire.fr\/wp-content\/uploads\/2017\/08\/1-12.jpg\" class=\"slider-2125 slide-2126 msDefaultImage\" alt=\"\" rel=\"\" title=\"\" srcset=\"http:\/\/lorrylesmetz-histoire.fr\/wp-content\/uploads\/2017\/08\/1-12.jpg 458w, http:\/\/lorrylesmetz-histoire.fr\/wp-content\/uploads\/2017\/08\/1-12-172x300.jpg 172w\" sizes=\"auto, (max-width: 458px) 100vw, 458px\" \/><\/a><\/li>\n            <li style='display: none;' aria-roledescription='slide' aria-labelledby='slide-1'><a href=\"http:\/\/lorrylesmetz-histoire.fr\/wp-content\/uploads\/2017\/08\/2-12.jpg\" target=\"_blank\"><img loading=\"lazy\" decoding=\"async\" width=\"212\" height=\"300\" src=\"http:\/\/lorrylesmetz-histoire.fr\/wp-content\/uploads\/2017\/08\/2-12.jpg\" class=\"slider-2125 slide-2127 msDefaultImage\" alt=\"\" rel=\"\" title=\"\" \/><\/a><\/li>\n            <li style='display: none;' aria-roledescription='slide' aria-labelledby='slide-2'><a href=\"http:\/\/lorrylesmetz-histoire.fr\/wp-content\/uploads\/2017\/08\/3-10.jpg\" target=\"_blank\"><img loading=\"lazy\" decoding=\"async\" width=\"800\" height=\"493\" src=\"http:\/\/lorrylesmetz-histoire.fr\/wp-content\/uploads\/2017\/08\/3-10.jpg\" class=\"slider-2125 slide-2128 msDefaultImage\" alt=\"\" rel=\"\" title=\"\" srcset=\"http:\/\/lorrylesmetz-histoire.fr\/wp-content\/uploads\/2017\/08\/3-10.jpg 800w, http:\/\/lorrylesmetz-histoire.fr\/wp-content\/uploads\/2017\/08\/3-10-300x185.jpg 300w, http:\/\/lorrylesmetz-histoire.fr\/wp-content\/uploads\/2017\/08\/3-10-768x473.jpg 768w\" sizes=\"auto, (max-width: 800px) 100vw, 800px\" \/><\/a><\/li>\n            <li style='display: none;' aria-roledescription='slide' aria-labelledby='slide-3'><a href=\"http:\/\/lorrylesmetz-histoire.fr\/wp-content\/uploads\/2017\/08\/4-9.jpg\" target=\"_blank\"><img loading=\"lazy\" decoding=\"async\" width=\"800\" height=\"598\" src=\"http:\/\/lorrylesmetz-histoire.fr\/wp-content\/uploads\/2017\/08\/4-9.jpg\" class=\"slider-2125 slide-2129 msDefaultImage\" alt=\"\" rel=\"\" title=\"\" srcset=\"http:\/\/lorrylesmetz-histoire.fr\/wp-content\/uploads\/2017\/08\/4-9.jpg 800w, http:\/\/lorrylesmetz-histoire.fr\/wp-content\/uploads\/2017\/08\/4-9-300x224.jpg 300w, http:\/\/lorrylesmetz-histoire.fr\/wp-content\/uploads\/2017\/08\/4-9-768x574.jpg 768w\" sizes=\"auto, (max-width: 800px) 100vw, 800px\" \/><\/a><\/li>\n        <\/ul>\n        \n    <\/div>\n<\/div>\n<p>Photos Claudine\u00a0Kester.<\/p>\n<p>Document issu d\u2019Internet.<\/p>\n<p><a href=\"http:\/\/lorrylesmetz-histoire.fr\/?page_id=2073\"><img loading=\"lazy\" decoding=\"async\" class=\"alignnone size-full wp-image-378\" src=\"http:\/\/lorrylesmetz-histoire.fr\/wp-content\/uploads\/2017\/05\/retour.png\" alt=\"\" width=\"89\" height=\"31\" \/><\/a><\/p>\n","protected":false},"excerpt":{"rendered":"<p>10\u00a0octobre\u00a02013 Lorry-l\u00e8s-Metz \u00ab\u00a0au fil du Temps\u00a0\u00bb a propos\u00e9 \u00e0 ses membres un film sur Robert\u00a0Schuman\u00a0: \u00ab\u00a0L\u2019Europe en h\u00e9ritage\u00a0\u00bb. Le Conseil g\u00e9n\u00e9ral de la Moselle, pour le cinquanti\u00e8me anniversaire de la mort du \u00ab\u00a0P\u00e8re de l\u2019Europe\u00a0\u00bb, a fait \u00e9diter un DVD&hellip; <\/p>\n","protected":false},"author":1,"featured_media":0,"parent":2073,"menu_order":3,"comment_status":"closed","ping_status":"closed","template":"","meta":{"_mc_calendar":[],"footnotes":""},"class_list":["post-2077","page","type-page","status-publish","hentry"],"_links":{"self":[{"href":"http:\/\/lorrylesmetz-histoire.fr\/index.php?rest_route=\/wp\/v2\/pages\/2077","targetHints":{"allow":["GET"]}}],"collection":[{"href":"http:\/\/lorrylesmetz-histoire.fr\/index.php?rest_route=\/wp\/v2\/pages"}],"about":[{"href":"http:\/\/lorrylesmetz-histoire.fr\/index.php?rest_route=\/wp\/v2\/types\/page"}],"author":[{"embeddable":true,"href":"http:\/\/lorrylesmetz-histoire.fr\/index.php?rest_route=\/wp\/v2\/users\/1"}],"replies":[{"embeddable":true,"href":"http:\/\/lorrylesmetz-histoire.fr\/index.php?rest_route=%2Fwp%2Fv2%2Fcomments&post=2077"}],"version-history":[{"count":1,"href":"http:\/\/lorrylesmetz-histoire.fr\/index.php?rest_route=\/wp\/v2\/pages\/2077\/revisions"}],"predecessor-version":[{"id":2130,"href":"http:\/\/lorrylesmetz-histoire.fr\/index.php?rest_route=\/wp\/v2\/pages\/2077\/revisions\/2130"}],"up":[{"embeddable":true,"href":"http:\/\/lorrylesmetz-histoire.fr\/index.php?rest_route=\/wp\/v2\/pages\/2073"}],"wp:attachment":[{"href":"http:\/\/lorrylesmetz-histoire.fr\/index.php?rest_route=%2Fwp%2Fv2%2Fmedia&parent=2077"}],"curies":[{"name":"wp","href":"https:\/\/api.w.org\/{rel}","templated":true}]}}