{"id":2348,"date":"2017-08-14T09:03:57","date_gmt":"2017-08-14T07:03:57","guid":{"rendered":"http:\/\/lorrylesmetz-histoire.fr\/?page_id=2348"},"modified":"2017-08-14T09:04:45","modified_gmt":"2017-08-14T07:04:45","slug":"a-03","status":"publish","type":"page","link":"http:\/\/lorrylesmetz-histoire.fr\/?page_id=2348","title":{"rendered":"Salon du livre d\u2019Histoire de la ville de Woippy"},"content":{"rendered":"<p>19\u00a0novembre\u00a02011<\/p>\n<p>Lorry-l\u00e8s-Metz \u00ab\u00a0au fil du Temps\u00a0\u00bb avait un stand, comme tous les ans, au Salon du Livre d\u2019histoire de la ville de Woippy. Il y a pr\u00e9sent\u00e9 ses travaux, ses bulletins et confort\u00e9 ses liens d\u2019amiti\u00e9 avec des associations voisines.<\/p>\n<p>Le th\u00e8me du salon \u00e9tait cibl\u00e9 sur l\u2019Italie <em>\u00e0 la faveur du 150<sup>e<\/sup>\u00a0anniversaire de son unification.<\/em><\/p>\n<p>Malheureusement, Marc\u00a0Bojic et Pierre\u00a0Brasme, chevilles ouvri\u00e8res du salon, ont subi une grosse d\u00e9convenue avec le forfait pour raison m\u00e9dicale de Jean\u00a0Lacouture, 91\u00a0ans, qui avait accept\u00e9 de parrainer cette 9<sup>e<\/sup>\u00a0\u00e9dition.<\/p>\n<p>La conf\u00e9rence inaugurale a \u00e9t\u00e9 donn\u00e9e par Oreste\u00a0Saccheli, universitaire et d\u00e9l\u00e9gu\u00e9 artistique du Festival du film italien de Villerupt, qui a trait\u00e9 de l\u2019Italie \u00e0 travers son cin\u00e9ma, compl\u00e9t\u00e9 par Jean-Yves\u00a0Fr\u00e9tign\u00e9 (Universit\u00e9 de Rouen, Centre d\u2019histoire de Sciences-Po), l\u2019un des meilleurs sp\u00e9cialistes de l\u2019histoire politique et intellectuelle de l\u2019Italie des XIX<sup>e<\/sup> et XX<sup>e<\/sup>\u00a0si\u00e8cles.<\/p>\n<p><a href=\"http:\/\/lorrylesmetz-histoire.fr\/wp-content\/uploads\/2017\/08\/Salon-11-21nov.jpg\" target=\"_blank\" rel=\"noopener\"><img loading=\"lazy\" decoding=\"async\" class=\"wp-image-2264 size-medium aligncenter\" src=\"http:\/\/lorrylesmetz-histoire.fr\/wp-content\/uploads\/2017\/08\/Salon-11-21nov-300x180.jpg\" alt=\"\" width=\"300\" height=\"180\" srcset=\"http:\/\/lorrylesmetz-histoire.fr\/wp-content\/uploads\/2017\/08\/Salon-11-21nov-300x180.jpg 300w, http:\/\/lorrylesmetz-histoire.fr\/wp-content\/uploads\/2017\/08\/Salon-11-21nov.jpg 500w\" sizes=\"auto, (max-width: 300px) 100vw, 300px\" \/><\/a><\/p>\n<p>Photos du <em>R\u00e9publicain Lorrain<\/em><\/p>\n<p><a href=\"http:\/\/lorrylesmetz-histoire.fr\/?page_id=2231\"><img loading=\"lazy\" decoding=\"async\" class=\"alignnone wp-image-378 size-full\" src=\"http:\/\/lorrylesmetz-histoire.fr\/wp-content\/uploads\/2017\/05\/retour.png?_t=1502694276\" alt=\"\" width=\"89\" height=\"31\" \/><\/a><\/p>\n","protected":false},"excerpt":{"rendered":"<p>19\u00a0novembre\u00a02011 Lorry-l\u00e8s-Metz \u00ab\u00a0au fil du Temps\u00a0\u00bb avait un stand, comme tous les ans, au Salon du Livre d\u2019histoire de la ville de Woippy. Il y a pr\u00e9sent\u00e9 ses travaux, ses bulletins et confort\u00e9 ses liens d\u2019amiti\u00e9 avec des associations voisines.&hellip; <\/p>\n","protected":false},"author":1,"featured_media":0,"parent":2231,"menu_order":2,"comment_status":"closed","ping_status":"closed","template":"","meta":{"_mc_calendar":[],"footnotes":""},"class_list":["post-2348","page","type-page","status-publish","hentry"],"_links":{"self":[{"href":"http:\/\/lorrylesmetz-histoire.fr\/index.php?rest_route=\/wp\/v2\/pages\/2348","targetHints":{"allow":["GET"]}}],"collection":[{"href":"http:\/\/lorrylesmetz-histoire.fr\/index.php?rest_route=\/wp\/v2\/pages"}],"about":[{"href":"http:\/\/lorrylesmetz-histoire.fr\/index.php?rest_route=\/wp\/v2\/types\/page"}],"author":[{"embeddable":true,"href":"http:\/\/lorrylesmetz-histoire.fr\/index.php?rest_route=\/wp\/v2\/users\/1"}],"replies":[{"embeddable":true,"href":"http:\/\/lorrylesmetz-histoire.fr\/index.php?rest_route=%2Fwp%2Fv2%2Fcomments&post=2348"}],"version-history":[{"count":2,"href":"http:\/\/lorrylesmetz-histoire.fr\/index.php?rest_route=\/wp\/v2\/pages\/2348\/revisions"}],"predecessor-version":[{"id":2357,"href":"http:\/\/lorrylesmetz-histoire.fr\/index.php?rest_route=\/wp\/v2\/pages\/2348\/revisions\/2357"}],"up":[{"embeddable":true,"href":"http:\/\/lorrylesmetz-histoire.fr\/index.php?rest_route=\/wp\/v2\/pages\/2231"}],"wp:attachment":[{"href":"http:\/\/lorrylesmetz-histoire.fr\/index.php?rest_route=%2Fwp%2Fv2%2Fmedia&parent=2348"}],"curies":[{"name":"wp","href":"https:\/\/api.w.org\/{rel}","templated":true}]}}