{"id":2364,"date":"2017-08-14T11:05:34","date_gmt":"2017-08-14T09:05:34","guid":{"rendered":"http:\/\/lorrylesmetz-histoire.fr\/?page_id=2364"},"modified":"2017-08-14T11:07:07","modified_gmt":"2017-08-14T09:07:07","slug":"a-01","status":"publish","type":"page","link":"http:\/\/lorrylesmetz-histoire.fr\/?page_id=2364","title":{"rendered":"R\u00e9union du comit\u00e9 d\u2019Histoire du Pays Messin"},"content":{"rendered":"<p>28\u00a0janvier\u00a02010<\/p>\n<p>Lorry-l\u00e8s-Metz \u00ab\u00a0au fil du Temps\u00a0\u00bb s\u2019est rendu \u00e0 l\u2019invitation du CHPM pour une troisi\u00e8me rencontre accueillie par le Foyer culturel de Moulins-l\u00e8s-Metz, \u00e0 la salle Antoine-Lacour du ch\u00e2teau Fabert. Arthur\u00a0Holle a pr\u00e9sent\u00e9 le ch\u00e2teau Fabert et son environnement.<\/p>\n<p>Sous l\u2019impulsion de Pierre\u00a0Brasme, pr\u00e9sident de la Soci\u00e9t\u00e9 d\u2019Histoire de Woippy, les associations se rencontrent pour \u00e9changer les projets, les annonces de manifestations, etc.<\/p>\n<p>Le th\u00e8me du colloque de Woippy a \u00e9t\u00e9 d\u00e9termin\u00e9\u00a0: <em>La guerre de 1870 \u00e0 Metz et dans le Pays messin<\/em> initi\u00e9 par Jeanne\u00a0Vinckler. Des communications seront donc \u00e0 pr\u00e9voir traitant de cette p\u00e9riode. Il se tiendra le vendredi 12\u00a0novembre, veille de l\u2019ouverture du 8<sup>e<\/sup>\u00a0Salon du livre d\u2019histoire.<\/p>\n<p>\u00c0 cette occasion, diff\u00e9rentes associations, dont le Foyer culturel, pr\u00e9senteront des panneaux d\u2019exposition.<\/p>\n<p><a href=\"http:\/\/lorrylesmetz-histoire.fr\/wp-content\/uploads\/2017\/08\/CHPM-1-10-28janv.jpg\" target=\"_blank\" rel=\"noopener\"><img loading=\"lazy\" decoding=\"async\" class=\"aligncenter wp-image-2414 size-medium\" src=\"http:\/\/lorrylesmetz-histoire.fr\/wp-content\/uploads\/2017\/08\/CHPM-1-10-28janv-300x130.jpg\" alt=\"\" width=\"300\" height=\"130\" srcset=\"http:\/\/lorrylesmetz-histoire.fr\/wp-content\/uploads\/2017\/08\/CHPM-1-10-28janv-300x130.jpg 300w, http:\/\/lorrylesmetz-histoire.fr\/wp-content\/uploads\/2017\/08\/CHPM-1-10-28janv.jpg 500w\" sizes=\"auto, (max-width: 300px) 100vw, 300px\" \/><\/a>Photo du <em>R\u00e9publicain Lorrain.<\/em><\/p>\n<p><a href=\"http:\/\/lorrylesmetz-histoire.fr\/?page_id=2230\"><img loading=\"lazy\" decoding=\"async\" class=\"alignnone size-full wp-image-378\" src=\"http:\/\/lorrylesmetz-histoire.fr\/wp-content\/uploads\/2017\/05\/retour.png\" alt=\"\" width=\"89\" height=\"31\" \/><\/a><\/p>\n","protected":false},"excerpt":{"rendered":"<p>28\u00a0janvier\u00a02010 Lorry-l\u00e8s-Metz \u00ab\u00a0au fil du Temps\u00a0\u00bb s\u2019est rendu \u00e0 l\u2019invitation du CHPM pour une troisi\u00e8me rencontre accueillie par le Foyer culturel de Moulins-l\u00e8s-Metz, \u00e0 la salle Antoine-Lacour du ch\u00e2teau Fabert. Arthur\u00a0Holle a pr\u00e9sent\u00e9 le ch\u00e2teau Fabert et son environnement. Sous&hellip; <\/p>\n","protected":false},"author":1,"featured_media":0,"parent":2230,"menu_order":0,"comment_status":"closed","ping_status":"closed","template":"","meta":{"_mc_calendar":[],"footnotes":""},"class_list":["post-2364","page","type-page","status-publish","hentry"],"_links":{"self":[{"href":"http:\/\/lorrylesmetz-histoire.fr\/index.php?rest_route=\/wp\/v2\/pages\/2364","targetHints":{"allow":["GET"]}}],"collection":[{"href":"http:\/\/lorrylesmetz-histoire.fr\/index.php?rest_route=\/wp\/v2\/pages"}],"about":[{"href":"http:\/\/lorrylesmetz-histoire.fr\/index.php?rest_route=\/wp\/v2\/types\/page"}],"author":[{"embeddable":true,"href":"http:\/\/lorrylesmetz-histoire.fr\/index.php?rest_route=\/wp\/v2\/users\/1"}],"replies":[{"embeddable":true,"href":"http:\/\/lorrylesmetz-histoire.fr\/index.php?rest_route=%2Fwp%2Fv2%2Fcomments&post=2364"}],"version-history":[{"count":4,"href":"http:\/\/lorrylesmetz-histoire.fr\/index.php?rest_route=\/wp\/v2\/pages\/2364\/revisions"}],"predecessor-version":[{"id":2422,"href":"http:\/\/lorrylesmetz-histoire.fr\/index.php?rest_route=\/wp\/v2\/pages\/2364\/revisions\/2422"}],"up":[{"embeddable":true,"href":"http:\/\/lorrylesmetz-histoire.fr\/index.php?rest_route=\/wp\/v2\/pages\/2230"}],"wp:attachment":[{"href":"http:\/\/lorrylesmetz-histoire.fr\/index.php?rest_route=%2Fwp%2Fv2%2Fmedia&parent=2364"}],"curies":[{"name":"wp","href":"https:\/\/api.w.org\/{rel}","templated":true}]}}