{"id":2378,"date":"2017-08-14T14:03:35","date_gmt":"2017-08-14T12:03:35","guid":{"rendered":"http:\/\/lorrylesmetz-histoire.fr\/?page_id=2378"},"modified":"2017-08-14T14:03:35","modified_gmt":"2017-08-14T12:03:35","slug":"a-02","status":"publish","type":"page","link":"http:\/\/lorrylesmetz-histoire.fr\/?page_id=2378","title":{"rendered":"Assembl\u00e9e g\u00e9n\u00e9rale de la soci\u00e9t\u00e9 d\u2019Histoire de Woippy"},"content":{"rendered":"<h2>3\u00a0avril\u00a02009<\/h2>\n<p>Plusieurs membres de Lorry-l\u00e8s-Metz \u00ab\u00a0au fil du Temps\u00a0\u00bb \u00e9taient pr\u00e9sents \u00e0 l\u2019assembl\u00e9e g\u00e9n\u00e9rale de la SHW.<\/p>\n<p>Apr\u00e8s les rapports d\u2019usages, sous la pr\u00e9sidence de Pierre\u00a0Brasme, Jean-Fran\u00e7ois\u00a0Thull, doctorant en Histoire contemporaine et responsable adjoint de la Maison Robert\u00a0Schuman, a pr\u00e9sent\u00e9 une conf\u00e9rence sur Jean de Pange (1887-1957), qui vient de faire l\u2019objet de sa premi\u00e8re biographie, parue aux \u00c9ditions Serpenoise sous le titre <em>Jean de Pange, un Lorrain en qu\u00eate d\u2019Europe<\/em>.<\/p>\n<p>Jean de Pange est une figure ignor\u00e9e de beaucoup de Lorrains, homme de lettres et historien, qui de son enfance viennoise \u00e0 l\u2019Europe d\u00e9chir\u00e9e et morcel\u00e9e d\u2019apr\u00e8s-guerre, devint \u00ab\u00a0<em>un \u00e9veilleur dont la qu\u00eate d\u2019Europe n\u2019a cess\u00e9 de guider les pas<\/em>\u00a0\u00bb.<\/p>\n<p>Une d\u00e9dicace de l\u2019ouvrage a clos la s\u00e9ance.<\/p>\n<p><a href=\"http:\/\/lorrylesmetz-histoire.fr\/wp-content\/uploads\/2017\/08\/AG-SHW-09-9avril.jpg\" target=\"_blank\" rel=\"noopener\"><img loading=\"lazy\" decoding=\"async\" class=\"aligncenter wp-image-2440 size-medium\" src=\"http:\/\/lorrylesmetz-histoire.fr\/wp-content\/uploads\/2017\/08\/AG-SHW-09-9avril-300x172.jpg\" alt=\"\" width=\"300\" height=\"172\" srcset=\"http:\/\/lorrylesmetz-histoire.fr\/wp-content\/uploads\/2017\/08\/AG-SHW-09-9avril-300x172.jpg 300w, http:\/\/lorrylesmetz-histoire.fr\/wp-content\/uploads\/2017\/08\/AG-SHW-09-9avril.jpg 680w\" sizes=\"auto, (max-width: 300px) 100vw, 300px\" \/><\/a>Photo du <em>R\u00e9publicain Lorrain.<\/em><\/p>\n<p><a href=\"http:\/\/lorrylesmetz-histoire.fr\/?page_id=2229\"><img loading=\"lazy\" decoding=\"async\" class=\"alignnone wp-image-378 size-full\" src=\"http:\/\/lorrylesmetz-histoire.fr\/wp-content\/uploads\/2017\/05\/retour.png\" alt=\"\" width=\"89\" height=\"31\" \/><\/a><\/p>\n","protected":false},"excerpt":{"rendered":"<p>3\u00a0avril\u00a02009 Plusieurs membres de Lorry-l\u00e8s-Metz \u00ab\u00a0au fil du Temps\u00a0\u00bb \u00e9taient pr\u00e9sents \u00e0 l\u2019assembl\u00e9e g\u00e9n\u00e9rale de la SHW. Apr\u00e8s les rapports d\u2019usages, sous la pr\u00e9sidence de Pierre\u00a0Brasme, Jean-Fran\u00e7ois\u00a0Thull, doctorant en Histoire contemporaine et responsable adjoint de la Maison Robert\u00a0Schuman, a pr\u00e9sent\u00e9&hellip; <\/p>\n","protected":false},"author":1,"featured_media":0,"parent":2229,"menu_order":1,"comment_status":"closed","ping_status":"closed","template":"","meta":{"_mc_calendar":[],"footnotes":""},"class_list":["post-2378","page","type-page","status-publish","hentry"],"_links":{"self":[{"href":"http:\/\/lorrylesmetz-histoire.fr\/index.php?rest_route=\/wp\/v2\/pages\/2378","targetHints":{"allow":["GET"]}}],"collection":[{"href":"http:\/\/lorrylesmetz-histoire.fr\/index.php?rest_route=\/wp\/v2\/pages"}],"about":[{"href":"http:\/\/lorrylesmetz-histoire.fr\/index.php?rest_route=\/wp\/v2\/types\/page"}],"author":[{"embeddable":true,"href":"http:\/\/lorrylesmetz-histoire.fr\/index.php?rest_route=\/wp\/v2\/users\/1"}],"replies":[{"embeddable":true,"href":"http:\/\/lorrylesmetz-histoire.fr\/index.php?rest_route=%2Fwp%2Fv2%2Fcomments&post=2378"}],"version-history":[{"count":1,"href":"http:\/\/lorrylesmetz-histoire.fr\/index.php?rest_route=\/wp\/v2\/pages\/2378\/revisions"}],"predecessor-version":[{"id":2451,"href":"http:\/\/lorrylesmetz-histoire.fr\/index.php?rest_route=\/wp\/v2\/pages\/2378\/revisions\/2451"}],"up":[{"embeddable":true,"href":"http:\/\/lorrylesmetz-histoire.fr\/index.php?rest_route=\/wp\/v2\/pages\/2229"}],"wp:attachment":[{"href":"http:\/\/lorrylesmetz-histoire.fr\/index.php?rest_route=%2Fwp%2Fv2%2Fmedia&parent=2378"}],"curies":[{"name":"wp","href":"https:\/\/api.w.org\/{rel}","templated":true}]}}

Assemblée générale de la société d’Histoire de Woippy

<h2>3 avril 2009</h2>
<p>Plusieurs membres de Lorry-lès-Metz « au fil du Temps » étaient présents à l’assemblée générale de la SHW.</p>
<p>Après les rapports d’usages, sous la présidence de Pierre Brasme, Jean-François Thull, doctorant en Histoire contemporaine et responsable adjoint de la Maison Robert Schuman, a présenté une conférence sur Jean de Pange (1887-1957), qui vient de faire l’objet de sa première biographie, parue aux Éditions Serpenoise sous le titre <em>Jean de Pange, un Lorrain en quête d’Europe</em>.</p>
<p>Jean de Pange est une figure ignorée de beaucoup de Lorrains, homme de lettres et historien, qui de son enfance viennoise à l’Europe déchirée et morcelée d’après-guerre, devint « <em>un éveilleur dont la quête d’Europe n’a cessé de guider les pas</em> ».</p>
<p>Une dédicace de l’ouvrage a clos la séance.</p>
<p><a href="http://lorrylesmetz-histoire.fr/wp-content/uploads/2017/08/AG-SHW-09-9avril.jpg" target="_blank" rel="noopener"><img loading="lazy" decoding="async" class="aligncenter wp-image-2440 size-medium" src="http://lorrylesmetz-histoire.fr/wp-content/uploads/2017/08/AG-SHW-09-9avril-300x172.jpg" alt="" width="300" height="172" srcset="http://lorrylesmetz-histoire.fr/wp-content/uploads/2017/08/AG-SHW-09-9avril-300x172.jpg 300w, http://lorrylesmetz-histoire.fr/wp-content/uploads/2017/08/AG-SHW-09-9avril.jpg 680w" sizes="auto, (max-width: 300px) 100vw, 300px" /></a>Photo du <em>Républicain Lorrain.</em></p>
<p><a href="http://lorrylesmetz-histoire.fr/?page_id=2229"><img loading="lazy" decoding="async" class="alignnone wp-image-378 size-full" src="http://lorrylesmetz-histoire.fr/wp-content/uploads/2017/05/retour.png" alt="" width="89" height="31" /></a></p>

<p>3 avril 2009 Plusieurs membres de Lorry-lès-Metz « au fil du Temps » étaient présents à l’assemblée générale de la SHW. Après les rapports d’usages, sous la présidence de Pierre Brasme, Jean-François Thull, doctorant en Histoire contemporaine et responsable adjoint de la Maison Robert Schuman, a présenté&hellip; </p>
