{"id":2845,"date":"2017-08-16T15:04:11","date_gmt":"2017-08-16T13:04:11","guid":{"rendered":"http:\/\/lorrylesmetz-histoire.fr\/?page_id=2845"},"modified":"2017-08-16T15:25:10","modified_gmt":"2017-08-16T13:25:10","slug":"caligeottes","status":"publish","type":"page","link":"http:\/\/lorrylesmetz-histoire.fr\/?page_id=2845","title":{"rendered":"Caligeottes et Cabanes"},"content":{"rendered":"<h2>29\u00a0juin\u00a02014<\/h2>\n<p>Dans le cadre des Calligeottes, Lorry-l\u00e8s-Metz \u00ab\u00a0au fil du temps\u00a0\u00bb a organis\u00e9 une visite de l\u2019\u00e9glise (fonts baptismaux, statues, vitraux, orgues) et a dispos\u00e9 des panneaux aux points d\u2019int\u00e9r\u00eats de Lorry-l\u00e8s-Metz\u00a0:<\/p>\n<ul>\n<li>la maison des Plaids annaux\u2009;<\/li>\n<li>le foyer Carr\u00e9 de Malberg\u2009;<\/li>\n<li>le ch\u00e2teau\u2009;<\/li>\n<li>le lavoir\u2009;<\/li>\n<li>les moulins<\/li>\n<li>Vigneulles\u2009; lieu de naissance de Philippe de Vigneulles\u2009;<\/li>\n<li>madame de Thury\u2009;<\/li>\n<li>la rue de Carcassonne\u2009;<\/li>\n<li>rue Kerr\u00a0Xavier-Roussel\u2009;<\/li>\n<li>les ouvrages fortifi\u00e9s.<\/li>\n<\/ul>\n<p><a href=\"http:\/\/lorrylesmetz-histoire.fr\/?page_id=1921\"><img loading=\"lazy\" decoding=\"async\" class=\"alignnone wp-image-378 size-full\" src=\"http:\/\/lorrylesmetz-histoire.fr\/wp-content\/uploads\/2017\/05\/retour.png\" alt=\"\" width=\"89\" height=\"31\" \/><\/a><\/p>\n","protected":false},"excerpt":{"rendered":"<p>29\u00a0juin\u00a02014 Dans le cadre des Calligeottes, Lorry-l\u00e8s-Metz \u00ab\u00a0au fil du temps\u00a0\u00bb a organis\u00e9 une visite de l\u2019\u00e9glise (fonts baptismaux, statues, vitraux, orgues) et a dispos\u00e9 des panneaux aux points d\u2019int\u00e9r\u00eats de Lorry-l\u00e8s-Metz\u00a0: la maison des Plaids annaux\u2009; le foyer Carr\u00e9&hellip; <\/p>\n","protected":false},"author":1,"featured_media":0,"parent":1921,"menu_order":5,"comment_status":"closed","ping_status":"closed","template":"","meta":{"_mc_calendar":[],"footnotes":""},"class_list":["post-2845","page","type-page","status-publish","hentry"],"_links":{"self":[{"href":"http:\/\/lorrylesmetz-histoire.fr\/index.php?rest_route=\/wp\/v2\/pages\/2845","targetHints":{"allow":["GET"]}}],"collection":[{"href":"http:\/\/lorrylesmetz-histoire.fr\/index.php?rest_route=\/wp\/v2\/pages"}],"about":[{"href":"http:\/\/lorrylesmetz-histoire.fr\/index.php?rest_route=\/wp\/v2\/types\/page"}],"author":[{"embeddable":true,"href":"http:\/\/lorrylesmetz-histoire.fr\/index.php?rest_route=\/wp\/v2\/users\/1"}],"replies":[{"embeddable":true,"href":"http:\/\/lorrylesmetz-histoire.fr\/index.php?rest_route=%2Fwp%2Fv2%2Fcomments&post=2845"}],"version-history":[{"count":2,"href":"http:\/\/lorrylesmetz-histoire.fr\/index.php?rest_route=\/wp\/v2\/pages\/2845\/revisions"}],"predecessor-version":[{"id":2868,"href":"http:\/\/lorrylesmetz-histoire.fr\/index.php?rest_route=\/wp\/v2\/pages\/2845\/revisions\/2868"}],"up":[{"embeddable":true,"href":"http:\/\/lorrylesmetz-histoire.fr\/index.php?rest_route=\/wp\/v2\/pages\/1921"}],"wp:attachment":[{"href":"http:\/\/lorrylesmetz-histoire.fr\/index.php?rest_route=%2Fwp%2Fv2%2Fmedia&parent=2845"}],"curies":[{"name":"wp","href":"https:\/\/api.w.org\/{rel}","templated":true}]}}