{"id":3008,"date":"2018-01-02T08:31:19","date_gmt":"2018-01-02T07:31:19","guid":{"rendered":"http:\/\/lorrylesmetz-histoire.fr\/?page_id=3008"},"modified":"2019-02-13T17:14:36","modified_gmt":"2019-02-13T16:14:36","slug":"2018-2","status":"publish","type":"page","link":"http:\/\/lorrylesmetz-histoire.fr\/?page_id=3008","title":{"rendered":"2018"},"content":{"rendered":"<table style=\"width: 600px; height: 429px;\">\n<tbody>\n<tr>\n<td style=\"width: 131.283px;\">29 novembre<\/td>\n<td style=\"width: 279.367px;\">Mayotte \u00e0 l&rsquo;ITEP<\/td>\n<td style=\"width: 109.65px;\"><a href=\"http:\/\/lorrylesmetz-histoire.fr\/?page_id=4291\"><img loading=\"lazy\" decoding=\"async\" class=\"alignnone size-full wp-image-683\" src=\"http:\/\/lorrylesmetz-histoire.fr\/wp-content\/uploads\/2017\/05\/voir.png\" alt=\"\" width=\"89\" height=\"31\" \/><\/a><\/td>\n<\/tr>\n<tr>\n<td style=\"width: 131.283px;\">17 et 18 novembre<\/td>\n<td style=\"width: 279.367px;\">Salon du livre \u00e0 Woippy<\/td>\n<td style=\"width: 109.65px;\"><a href=\"http:\/\/lorrylesmetz-histoire.fr\/?page_id=4252\"><img loading=\"lazy\" decoding=\"async\" class=\"alignnone size-full wp-image-683\" src=\"http:\/\/lorrylesmetz-histoire.fr\/wp-content\/uploads\/2017\/05\/voir.png\" alt=\"\" width=\"89\" height=\"31\" \/><\/a><\/td>\n<\/tr>\n<tr>\n<td style=\"width: 131.283px;\">9 octobre<\/td>\n<td style=\"width: 279.367px;\">Fouilles aux Chiloux<\/td>\n<td style=\"width: 109.65px;\"><a href=\"http:\/\/lorrylesmetz-histoire.fr\/?page_id=4104\"><img loading=\"lazy\" decoding=\"async\" class=\"alignnone size-full wp-image-683\" src=\"http:\/\/lorrylesmetz-histoire.fr\/wp-content\/uploads\/2017\/05\/voir.png\" alt=\"\" width=\"89\" height=\"31\" \/><\/a><\/td>\n<\/tr>\n<tr>\n<td style=\"width: 131.283px;\">14 juin<\/td>\n<td style=\"width: 279.367px;\">Pi\u00e8ce Jeanne et Vincent<\/td>\n<td style=\"width: 109.65px;\"><a href=\"http:\/\/lorrylesmetz-histoire.fr\/?page_id=3808\"><img loading=\"lazy\" decoding=\"async\" class=\"alignnone wp-image-683 size-full\" src=\"http:\/\/lorrylesmetz-histoire.fr\/wp-content\/uploads\/2017\/05\/voir.png\" alt=\"\" width=\"89\" height=\"31\" \/><\/a><\/td>\n<\/tr>\n<tr>\n<td style=\"width: 131.283px;\">2 juin<\/td>\n<td style=\"width: 279.367px;\">Colloque de la Soci\u00e9t\u00e9 d\u2019histoire de Woippy<\/td>\n<td style=\"width: 109.65px;\"><a href=\"http:\/\/lorrylesmetz-histoire.fr\/?page_id=3752\"><img loading=\"lazy\" decoding=\"async\" class=\"alignnone wp-image-683 size-full\" src=\"http:\/\/lorrylesmetz-histoire.fr\/wp-content\/uploads\/2017\/05\/voir.png\" alt=\"\" width=\"89\" height=\"31\" \/><\/a><\/td>\n<\/tr>\n<tr>\n<td style=\"width: 131.283px;\">29 mars<\/td>\n<td style=\"width: 279.367px;\">Pr\u00e9sentation des projets des associations<\/td>\n<td style=\"width: 109.65px;\"><a href=\"http:\/\/lorrylesmetz-histoire.fr\/?page_id=3675\"><img loading=\"lazy\" decoding=\"async\" class=\"alignnone wp-image-683 size-full\" src=\"http:\/\/lorrylesmetz-histoire.fr\/wp-content\/uploads\/2017\/05\/voir.png?_t=1534752328\" alt=\"\" width=\"89\" height=\"31\" \/><\/a><\/td>\n<\/tr>\n<tr>\n<td style=\"width: 131.283px;\">29 mars<\/td>\n<td style=\"width: 279.367px;\">Les \u0153ufs de P\u00e2ques de l&rsquo;Itep.<\/td>\n<td style=\"width: 109.65px;\"><a href=\"http:\/\/lorrylesmetz-histoire.fr\/?page_id=3674\"><img loading=\"lazy\" decoding=\"async\" class=\"alignnone size-full wp-image-683\" src=\"http:\/\/lorrylesmetz-histoire.fr\/wp-content\/uploads\/2017\/05\/voir.png\" alt=\"\" width=\"89\" height=\"31\" \/><\/a><\/td>\n<\/tr>\n<tr>\n<td style=\"width: 131.283px;\">23 mars<\/td>\n<td style=\"width: 279.367px;\">Assembl\u00e9e g\u00e9n\u00e9rale de la SHW<\/td>\n<td style=\"width: 109.65px;\"><a href=\"http:\/\/lorrylesmetz-histoire.fr\/?page_id=3840\"><img loading=\"lazy\" decoding=\"async\" class=\"alignnone wp-image-683 size-full\" src=\"http:\/\/lorrylesmetz-histoire.fr\/wp-content\/uploads\/2017\/05\/voir.png\" alt=\"\" width=\"89\" height=\"31\" \/><\/a><\/td>\n<\/tr>\n<tr>\n<td style=\"width: 131.283px;\">29 janvier<\/td>\n<td style=\"width: 279.367px;\">R\u00e9union du Comit\u00e9 d\u2019Histoire du Pays messin<\/td>\n<td style=\"width: 109.65px;\"><a href=\"http:\/\/lorrylesmetz-histoire.fr\/?page_id=3129\"><img loading=\"lazy\" decoding=\"async\" class=\"alignnone size-full wp-image-683\" src=\"http:\/\/lorrylesmetz-histoire.fr\/wp-content\/uploads\/2017\/05\/voir.png\" alt=\"\" width=\"89\" height=\"31\" \/><\/a><\/td>\n<\/tr>\n<tr>\n<td style=\"width: 131.283px;\">19 janvier<\/td>\n<td style=\"width: 279.367px;\">V\u0153ux du maire<\/td>\n<td style=\"width: 109.65px;\"><a href=\"http:\/\/lorrylesmetz-histoire.fr\/?page_id=3130\"><img loading=\"lazy\" decoding=\"async\" class=\"alignnone size-full wp-image-683\" src=\"http:\/\/lorrylesmetz-histoire.fr\/wp-content\/uploads\/2017\/05\/voir.png\" alt=\"\" width=\"89\" height=\"31\" \/><\/a><\/td>\n<\/tr>\n<\/tbody>\n<\/table>\n<p><a href=\"http:\/\/lorrylesmetz-histoire.fr\/?page_id=171\"><img loading=\"lazy\" decoding=\"async\" class=\"alignnone wp-image-378 size-full\" src=\"http:\/\/lorrylesmetz-histoire.fr\/wp-content\/uploads\/2017\/05\/retour.png?_t=1502434071\" alt=\"\" width=\"89\" height=\"31\" \/><\/a><\/p>\n","protected":false},"excerpt":{"rendered":"<p>29 novembre Mayotte \u00e0 l&rsquo;ITEP 17 et 18 novembre Salon du livre \u00e0 Woippy 9 octobre Fouilles aux Chiloux 14 juin Pi\u00e8ce Jeanne et Vincent 2 juin Colloque de la Soci\u00e9t\u00e9 d\u2019histoire de Woippy 29 mars Pr\u00e9sentation des projets des&hellip; <\/p>\n","protected":false},"author":1,"featured_media":0,"parent":171,"menu_order":8,"comment_status":"closed","ping_status":"closed","template":"","meta":{"_mc_calendar":[],"footnotes":""},"class_list":["post-3008","page","type-page","status-publish","hentry"],"_links":{"self":[{"href":"http:\/\/lorrylesmetz-histoire.fr\/index.php?rest_route=\/wp\/v2\/pages\/3008","targetHints":{"allow":["GET"]}}],"collection":[{"href":"http:\/\/lorrylesmetz-histoire.fr\/index.php?rest_route=\/wp\/v2\/pages"}],"about":[{"href":"http:\/\/lorrylesmetz-histoire.fr\/index.php?rest_route=\/wp\/v2\/types\/page"}],"author":[{"embeddable":true,"href":"http:\/\/lorrylesmetz-histoire.fr\/index.php?rest_route=\/wp\/v2\/users\/1"}],"replies":[{"embeddable":true,"href":"http:\/\/lorrylesmetz-histoire.fr\/index.php?rest_route=%2Fwp%2Fv2%2Fcomments&post=3008"}],"version-history":[{"count":10,"href":"http:\/\/lorrylesmetz-histoire.fr\/index.php?rest_route=\/wp\/v2\/pages\/3008\/revisions"}],"predecessor-version":[{"id":4324,"href":"http:\/\/lorrylesmetz-histoire.fr\/index.php?rest_route=\/wp\/v2\/pages\/3008\/revisions\/4324"}],"up":[{"embeddable":true,"href":"http:\/\/lorrylesmetz-histoire.fr\/index.php?rest_route=\/wp\/v2\/pages\/171"}],"wp:attachment":[{"href":"http:\/\/lorrylesmetz-histoire.fr\/index.php?rest_route=%2Fwp%2Fv2%2Fmedia&parent=3008"}],"curies":[{"name":"wp","href":"https:\/\/api.w.org\/{rel}","templated":true}]}}