{"id":3674,"date":"2018-05-13T15:32:15","date_gmt":"2018-05-13T13:32:15","guid":{"rendered":"http:\/\/lorrylesmetz-histoire.fr\/?page_id=3674"},"modified":"2018-05-13T16:00:29","modified_gmt":"2018-05-13T14:00:29","slug":"aa-01","status":"publish","type":"page","link":"http:\/\/lorrylesmetz-histoire.fr\/?page_id=3674","title":{"rendered":"L&rsquo;arriv\u00e9e du lapin de P\u00e2ques"},"content":{"rendered":"<h2>29 mars 2018<\/h2>\n<p>L\u2019Itep, sous l\u2019impulsion de sa directrice, madame Yasmina\u00a0Saidia, f\u00eatait l\u2019\u00ab\u00a0arriv\u00e9e du lapin de P\u00e2ques\u00a0\u00bb. Lorry-l\u00e8s-Metz \u00ab\u00a0au fil du temps\u00a0\u00bb s\u2019y est associ\u00e9 en accueillant au Beau-Site une \u00e9tape d\u2019un jeu de piste. Cela permettait aux enfants de trouver une \u00e9nigme qui leur sugg\u00e9rait le prochain stop.<br \/>\nDes caf\u00e9s pour les accompagnateurs et une madeleine pour les enfants ont \u00e9t\u00e9 offerts par l\u2019h\u00f4tesse habill\u00e9e en Lorraine, qui a d\u00e9taill\u00e9 son costume, les enfants ont \u00e9t\u00e9 s\u00e9duits par la halette\u2009!<br \/>\nEt le lapin de P\u00e2ques a \u00e9t\u00e9 d\u00e9busqu\u00e9 dans le parc de Nauvigne et n\u2019a d\u00fb sa libert\u00e9 qu\u2019en contrepartie de sa r\u00e9serve de chocolats\u2009!<\/p>\n<div id=\"metaslider-id-3679\" style=\"width: 100%; margin: 0 auto;\" class=\"ml-slider-3-108-0 metaslider metaslider-responsive metaslider-3679 ml-slider has-dots-nav ms-theme-default\" role=\"region\" aria-label=\"P\u00e2ques 2018\" data-height=\"800\" data-width=\"800\">\n    <div id=\"metaslider_container_3679\">\n        <ul id='metaslider_3679' class='rslides'>\n            <li aria-roledescription='slide' aria-labelledby='slide-0'><a href=\"http:\/\/lorrylesmetz-histoire.fr\/wp-content\/uploads\/2018\/05\/F01.jpg\" target=\"_blank\"><img loading=\"lazy\" decoding=\"async\" width=\"1000\" height=\"664\" src=\"http:\/\/lorrylesmetz-histoire.fr\/wp-content\/uploads\/2018\/05\/F01.jpg\" class=\"slider-3679 slide-3680 msDefaultImage\" alt=\"\" rel=\"\" title=\"F01\" srcset=\"http:\/\/lorrylesmetz-histoire.fr\/wp-content\/uploads\/2018\/05\/F01.jpg 1000w, http:\/\/lorrylesmetz-histoire.fr\/wp-content\/uploads\/2018\/05\/F01-300x199.jpg 300w, http:\/\/lorrylesmetz-histoire.fr\/wp-content\/uploads\/2018\/05\/F01-768x510.jpg 768w\" sizes=\"auto, (max-width: 1000px) 100vw, 1000px\" \/><div class=\"caption-wrap\"><div class=\"caption\">\u00c0 la recherche du lapin de P\u00e2ques. Il est pass\u00e9 par ici, il repassera par l\u00e0\u2009!<\/div><\/div><\/a><\/li>\n            <li style='display: none;' aria-roledescription='slide' aria-labelledby='slide-1'><a href=\"http:\/\/lorrylesmetz-histoire.fr\/wp-content\/uploads\/2018\/05\/F02.jpg\" target=\"_blank\"><img loading=\"lazy\" decoding=\"async\" width=\"664\" height=\"1000\" src=\"http:\/\/lorrylesmetz-histoire.fr\/wp-content\/uploads\/2018\/05\/F02.jpg\" class=\"slider-3679 slide-3681 msDefaultImage\" alt=\"\" rel=\"\" title=\"F02\" srcset=\"http:\/\/lorrylesmetz-histoire.fr\/wp-content\/uploads\/2018\/05\/F02.jpg 664w, http:\/\/lorrylesmetz-histoire.fr\/wp-content\/uploads\/2018\/05\/F02-199x300.jpg 199w\" sizes=\"auto, (max-width: 664px) 100vw, 664px\" \/><div class=\"caption-wrap\"><div class=\"caption\">Le lapin en fuite !<\/div><\/div><\/a><\/li>\n            <li style='display: none;' aria-roledescription='slide' aria-labelledby='slide-2'><a href=\"http:\/\/lorrylesmetz-histoire.fr\/wp-content\/uploads\/2018\/05\/F03.jpg\" target=\"_blank\"><img loading=\"lazy\" decoding=\"async\" width=\"911\" height=\"604\" src=\"http:\/\/lorrylesmetz-histoire.fr\/wp-content\/uploads\/2018\/05\/F03.jpg\" class=\"slider-3679 slide-3682 msDefaultImage\" alt=\"\" rel=\"\" title=\"F03\" srcset=\"http:\/\/lorrylesmetz-histoire.fr\/wp-content\/uploads\/2018\/05\/F03.jpg 911w, http:\/\/lorrylesmetz-histoire.fr\/wp-content\/uploads\/2018\/05\/F03-300x199.jpg 300w, http:\/\/lorrylesmetz-histoire.fr\/wp-content\/uploads\/2018\/05\/F03-768x509.jpg 768w\" sizes=\"auto, (max-width: 911px) 100vw, 911px\" \/><div class=\"caption-wrap\"><div class=\"caption\">Tout le monde est r\u00e9uni pour la photo souvenir.<\/div><\/div><\/a><\/li>\n        <\/ul>\n        \n    <\/div>\n<\/div>\n<p>Photos G\u00e9rard\u00a0Kester<\/p>\n<p><a href=\"http:\/\/lorrylesmetz-histoire.fr\/?page_id=3008\"><img loading=\"lazy\" decoding=\"async\" class=\"alignnone wp-image-378 size-full\" src=\"http:\/\/lorrylesmetz-histoire.fr\/wp-content\/uploads\/2017\/05\/retour.png?_t=1502434071\" alt=\"\" width=\"89\" height=\"31\" \/><\/a><\/p>\n","protected":false},"excerpt":{"rendered":"<p>29 mars 2018 L\u2019Itep, sous l\u2019impulsion de sa directrice, madame Yasmina\u00a0Saidia, f\u00eatait l\u2019\u00ab\u00a0arriv\u00e9e du lapin de P\u00e2ques\u00a0\u00bb. Lorry-l\u00e8s-Metz \u00ab\u00a0au fil du temps\u00a0\u00bb s\u2019y est associ\u00e9 en accueillant au Beau-Site une \u00e9tape d\u2019un jeu de piste. Cela permettait aux enfants de&hellip; <\/p>\n","protected":false},"author":1,"featured_media":0,"parent":3008,"menu_order":2,"comment_status":"closed","ping_status":"closed","template":"","meta":{"_mc_calendar":[],"footnotes":""},"class_list":["post-3674","page","type-page","status-publish","hentry"],"_links":{"self":[{"href":"http:\/\/lorrylesmetz-histoire.fr\/index.php?rest_route=\/wp\/v2\/pages\/3674","targetHints":{"allow":["GET"]}}],"collection":[{"href":"http:\/\/lorrylesmetz-histoire.fr\/index.php?rest_route=\/wp\/v2\/pages"}],"about":[{"href":"http:\/\/lorrylesmetz-histoire.fr\/index.php?rest_route=\/wp\/v2\/types\/page"}],"author":[{"embeddable":true,"href":"http:\/\/lorrylesmetz-histoire.fr\/index.php?rest_route=\/wp\/v2\/users\/1"}],"replies":[{"embeddable":true,"href":"http:\/\/lorrylesmetz-histoire.fr\/index.php?rest_route=%2Fwp%2Fv2%2Fcomments&post=3674"}],"version-history":[{"count":3,"href":"http:\/\/lorrylesmetz-histoire.fr\/index.php?rest_route=\/wp\/v2\/pages\/3674\/revisions"}],"predecessor-version":[{"id":3729,"href":"http:\/\/lorrylesmetz-histoire.fr\/index.php?rest_route=\/wp\/v2\/pages\/3674\/revisions\/3729"}],"up":[{"embeddable":true,"href":"http:\/\/lorrylesmetz-histoire.fr\/index.php?rest_route=\/wp\/v2\/pages\/3008"}],"wp:attachment":[{"href":"http:\/\/lorrylesmetz-histoire.fr\/index.php?rest_route=%2Fwp%2Fv2%2Fmedia&parent=3674"}],"curies":[{"name":"wp","href":"https:\/\/api.w.org\/{rel}","templated":true}]}}