{"id":4019,"date":"2018-11-04T08:11:44","date_gmt":"2018-11-04T07:11:44","guid":{"rendered":"http:\/\/lorrylesmetz-histoire.fr\/?page_id=4019"},"modified":"2018-11-04T08:33:46","modified_gmt":"2018-11-04T07:33:46","slug":"jeu-de-piste","status":"publish","type":"page","link":"http:\/\/lorrylesmetz-histoire.fr\/?page_id=4019","title":{"rendered":"Jeu de piste"},"content":{"rendered":"<h2>14\u00a0octobre\u00a02018<\/h2>\n<p>Temps de r\u00eave pour un jeu de piste \u00ab\u00a0Philippe de Vigneulles s\u2019amuse\u00a0\u00bb. Avec huit \u00e9quipes et presque quatre-vingt-dix convives, la journ\u00e9e fut instructive et joyeuse. Des Lorriots, des villageois voisins et des enfants de la maison d\u2019enfants \u00e0 caract\u00e8re social (MECS) sages comme des images ont fait un parcours sem\u00e9 de jeux et d\u2019\u00e9nigmes avec bonne humeur.<\/p>\n<p>La brigade-cuisine de Lorry-l\u00e8s-Metz \u00ab\u00a0au fil du temps\u00a0\u00bb avait concoct\u00e9 un d\u00e9jeuner savoureux\u00a0: quiche potirons-des-jardins\/lardons et poire au chocolat tr\u00e8s appr\u00e9ci\u00e9 dans une ambiance familiale, agr\u00e9ment\u00e9e par quelques danses m\u00e9di\u00e9vales anim\u00e9es par Christian\u00a0Billet et B\u00e9n\u00e9dicte\u00a0Pavageau.<\/p>\n<p>Des prix offerts par le Mus\u00e9e de la Cour d\u2019Or et tr\u00e8s appr\u00e9ci\u00e9s ont \u00e9t\u00e9 remis \u00e0 chacune des \u00e9quipes.<\/p>\n<p>Les d\u00e9cors avaient \u00e9t\u00e9 assur\u00e9s par les enfants du p\u00e9riscolaire sous la houlette de Genevi\u00e8ve\u00a0Duval.<\/p>\n<p>Merci \u00e0 tous les participants et \u00e0 tous les animateurs\u2009!<\/p>\n<div id=\"metaslider-id-3994\" style=\"width: 100%; margin: 0 auto;\" class=\"ml-slider-3-108-0 metaslider metaslider-responsive metaslider-3994 ml-slider has-dots-nav ms-theme-default\" role=\"region\" aria-label=\"rallye\" data-height=\"1329\" data-width=\"787\">\n    <div id=\"metaslider_container_3994\">\n        <ul id='metaslider_3994' class='rslides'>\n            <li aria-roledescription='slide' aria-labelledby='slide-0'><a href=\"http:\/\/lorrylesmetz-histoire.fr\/wp-content\/uploads\/2018\/11\/R00.jpg\" target=\"_blank\"><img loading=\"lazy\" decoding=\"async\" src=\"http:\/\/lorrylesmetz-histoire.fr\/wp-content\/uploads\/2018\/11\/R00-787x1329.jpg\" height=\"1329\" width=\"787\" alt=\"\" class=\"slider-3994 slide-3995 msDefaultImage\" title=\"R00\" \/><\/a><\/li>\n            <li style='display: none;' aria-roledescription='slide' aria-labelledby='slide-1'><a href=\"http:\/\/lorrylesmetz-histoire.fr\/wp-content\/uploads\/2018\/11\/R01.jpg\" target=\"_blank\"><img loading=\"lazy\" decoding=\"async\" src=\"http:\/\/lorrylesmetz-histoire.fr\/wp-content\/uploads\/2018\/11\/R01-787x1329.jpg\" height=\"1329\" width=\"787\" alt=\"\" class=\"slider-3994 slide-3996 msDefaultImage\" title=\"R01\" \/><\/a><\/li>\n            <li style='display: none;' aria-roledescription='slide' aria-labelledby='slide-2'><a href=\"http:\/\/lorrylesmetz-histoire.fr\/wp-content\/uploads\/2018\/11\/R02.jpg\" target=\"_blank\"><img loading=\"lazy\" decoding=\"async\" src=\"http:\/\/lorrylesmetz-histoire.fr\/wp-content\/uploads\/2018\/11\/R02-787x1329.jpg\" height=\"1329\" width=\"787\" alt=\"\" class=\"slider-3994 slide-3997 msDefaultImage\" title=\"R02\" \/><\/a><\/li>\n            <li style='display: none;' aria-roledescription='slide' aria-labelledby='slide-3'><a href=\"http:\/\/lorrylesmetz-histoire.fr\/wp-content\/uploads\/2018\/11\/R03.jpg\" target=\"_blank\"><img loading=\"lazy\" decoding=\"async\" src=\"http:\/\/lorrylesmetz-histoire.fr\/wp-content\/uploads\/2018\/11\/R03-787x1329.jpg\" height=\"1329\" width=\"787\" alt=\"\" class=\"slider-3994 slide-3998 msDefaultImage\" title=\"R03\" \/><\/a><\/li>\n            <li style='display: none;' aria-roledescription='slide' aria-labelledby='slide-4'><a href=\"http:\/\/lorrylesmetz-histoire.fr\/wp-content\/uploads\/2018\/11\/R04.jpg\" target=\"_blank\"><img loading=\"lazy\" decoding=\"async\" src=\"http:\/\/lorrylesmetz-histoire.fr\/wp-content\/uploads\/2018\/11\/R04-787x1329.jpg\" height=\"1329\" width=\"787\" alt=\"\" class=\"slider-3994 slide-3999 msDefaultImage\" title=\"R04\" \/><\/a><\/li>\n            <li style='display: none;' aria-roledescription='slide' aria-labelledby='slide-5'><a href=\"http:\/\/lorrylesmetz-histoire.fr\/wp-content\/uploads\/2018\/11\/R05.jpg\" target=\"_blank\"><img loading=\"lazy\" decoding=\"async\" src=\"http:\/\/lorrylesmetz-histoire.fr\/wp-content\/uploads\/2018\/11\/R05-787x1329.jpg\" height=\"1329\" width=\"787\" alt=\"\" class=\"slider-3994 slide-4000 msDefaultImage\" title=\"R05\" \/><\/a><\/li>\n            <li style='display: none;' aria-roledescription='slide' aria-labelledby='slide-6'><a href=\"http:\/\/lorrylesmetz-histoire.fr\/wp-content\/uploads\/2018\/11\/R06.jpg\" target=\"_blank\"><img loading=\"lazy\" decoding=\"async\" src=\"http:\/\/lorrylesmetz-histoire.fr\/wp-content\/uploads\/2018\/11\/R06-787x1329.jpg\" height=\"1329\" width=\"787\" alt=\"\" class=\"slider-3994 slide-4001 msDefaultImage\" title=\"R06\" \/><\/a><\/li>\n            <li style='display: none;' aria-roledescription='slide' aria-labelledby='slide-7'><a href=\"http:\/\/lorrylesmetz-histoire.fr\/wp-content\/uploads\/2018\/11\/R07.jpg\" target=\"_blank\"><img loading=\"lazy\" decoding=\"async\" src=\"http:\/\/lorrylesmetz-histoire.fr\/wp-content\/uploads\/2018\/11\/R07-787x1329.jpg\" height=\"1329\" width=\"787\" alt=\"\" class=\"slider-3994 slide-4002 msDefaultImage\" title=\"R07\" \/><\/a><\/li>\n            <li style='display: none;' aria-roledescription='slide' aria-labelledby='slide-8'><a href=\"http:\/\/lorrylesmetz-histoire.fr\/wp-content\/uploads\/2018\/11\/R08.jpg\" target=\"_blank\"><img loading=\"lazy\" decoding=\"async\" src=\"http:\/\/lorrylesmetz-histoire.fr\/wp-content\/uploads\/2018\/11\/R08-787x1329.jpg\" height=\"1329\" width=\"787\" alt=\"\" class=\"slider-3994 slide-4003 msDefaultImage\" title=\"R08\" \/><\/a><\/li>\n            <li style='display: none;' aria-roledescription='slide' aria-labelledby='slide-9'><a href=\"http:\/\/lorrylesmetz-histoire.fr\/wp-content\/uploads\/2018\/11\/R09.jpg\" target=\"_blank\"><img loading=\"lazy\" decoding=\"async\" src=\"http:\/\/lorrylesmetz-histoire.fr\/wp-content\/uploads\/2018\/11\/R09-787x1329.jpg\" height=\"1329\" width=\"787\" alt=\"\" class=\"slider-3994 slide-4004 msDefaultImage\" title=\"R09\" \/><\/a><\/li>\n            <li style='display: none;' aria-roledescription='slide' aria-labelledby='slide-10'><a href=\"http:\/\/lorrylesmetz-histoire.fr\/wp-content\/uploads\/2018\/11\/R10.jpg\" target=\"_blank\"><img loading=\"lazy\" decoding=\"async\" src=\"http:\/\/lorrylesmetz-histoire.fr\/wp-content\/uploads\/2018\/11\/R10-787x1329.jpg\" height=\"1329\" width=\"787\" alt=\"\" class=\"slider-3994 slide-4005 msDefaultImage\" title=\"R10\" \/><\/a><\/li>\n            <li style='display: none;' aria-roledescription='slide' aria-labelledby='slide-11'><a href=\"http:\/\/lorrylesmetz-histoire.fr\/wp-content\/uploads\/2018\/11\/R11.jpg\" target=\"_blank\"><img loading=\"lazy\" decoding=\"async\" src=\"http:\/\/lorrylesmetz-histoire.fr\/wp-content\/uploads\/2018\/11\/R11-787x1329.jpg\" height=\"1329\" width=\"787\" alt=\"\" class=\"slider-3994 slide-4006 msDefaultImage\" title=\"R11\" \/><\/a><\/li>\n            <li style='display: none;' aria-roledescription='slide' aria-labelledby='slide-12'><a href=\"http:\/\/lorrylesmetz-histoire.fr\/wp-content\/uploads\/2018\/11\/R12.jpg\" target=\"_blank\"><img loading=\"lazy\" decoding=\"async\" src=\"http:\/\/lorrylesmetz-histoire.fr\/wp-content\/uploads\/2018\/11\/R12-787x1329.jpg\" height=\"1329\" width=\"787\" alt=\"\" class=\"slider-3994 slide-4007 msDefaultImage\" title=\"R12\" \/><\/a><\/li>\n            <li style='display: none;' aria-roledescription='slide' aria-labelledby='slide-13'><a href=\"http:\/\/lorrylesmetz-histoire.fr\/wp-content\/uploads\/2018\/11\/R13.jpg\" target=\"_blank\"><img loading=\"lazy\" decoding=\"async\" src=\"http:\/\/lorrylesmetz-histoire.fr\/wp-content\/uploads\/2018\/11\/R13-787x1329.jpg\" height=\"1329\" width=\"787\" alt=\"\" class=\"slider-3994 slide-4008 msDefaultImage\" title=\"R13\" \/><\/a><\/li>\n            <li style='display: none;' aria-roledescription='slide' aria-labelledby='slide-14'><a href=\"http:\/\/lorrylesmetz-histoire.fr\/wp-content\/uploads\/2018\/11\/R14.jpg\" target=\"_blank\"><img loading=\"lazy\" decoding=\"async\" src=\"http:\/\/lorrylesmetz-histoire.fr\/wp-content\/uploads\/2018\/11\/R14-787x1329.jpg\" height=\"1329\" width=\"787\" alt=\"\" class=\"slider-3994 slide-4009 msDefaultImage\" title=\"R14\" \/><\/a><\/li>\n            <li style='display: none;' aria-roledescription='slide' aria-labelledby='slide-15'><a href=\"http:\/\/lorrylesmetz-histoire.fr\/wp-content\/uploads\/2018\/11\/R15.jpg\" target=\"_blank\"><img loading=\"lazy\" decoding=\"async\" src=\"http:\/\/lorrylesmetz-histoire.fr\/wp-content\/uploads\/2018\/11\/R15-787x1329.jpg\" height=\"1329\" width=\"787\" alt=\"\" class=\"slider-3994 slide-4010 msDefaultImage\" title=\"R15\" \/><\/a><\/li>\n            <li style='display: none;' aria-roledescription='slide' aria-labelledby='slide-16'><a href=\"http:\/\/lorrylesmetz-histoire.fr\/wp-content\/uploads\/2018\/11\/R16.jpg\" target=\"_blank\"><img loading=\"lazy\" decoding=\"async\" src=\"http:\/\/lorrylesmetz-histoire.fr\/wp-content\/uploads\/2018\/11\/R16-787x1329.jpg\" height=\"1329\" width=\"787\" alt=\"\" class=\"slider-3994 slide-4011 msDefaultImage\" title=\"R16\" \/><\/a><\/li>\n            <li style='display: none;' aria-roledescription='slide' aria-labelledby='slide-17'><a href=\"http:\/\/lorrylesmetz-histoire.fr\/wp-content\/uploads\/2018\/11\/R17.jpg\" target=\"_blank\"><img loading=\"lazy\" decoding=\"async\" src=\"http:\/\/lorrylesmetz-histoire.fr\/wp-content\/uploads\/2018\/11\/R17-787x1329.jpg\" height=\"1329\" width=\"787\" alt=\"\" class=\"slider-3994 slide-4012 msDefaultImage\" title=\"R17\" \/><\/a><\/li>\n            <li style='display: none;' aria-roledescription='slide' aria-labelledby='slide-18'><a href=\"http:\/\/lorrylesmetz-histoire.fr\/wp-content\/uploads\/2018\/11\/R18.jpg\" target=\"_blank\"><img loading=\"lazy\" decoding=\"async\" src=\"http:\/\/lorrylesmetz-histoire.fr\/wp-content\/uploads\/2018\/11\/R18-787x1329.jpg\" height=\"1329\" width=\"787\" alt=\"\" class=\"slider-3994 slide-4013 msDefaultImage\" title=\"R18\" \/><\/a><\/li>\n            <li style='display: none;' aria-roledescription='slide' aria-labelledby='slide-19'><a href=\"http:\/\/lorrylesmetz-histoire.fr\/wp-content\/uploads\/2018\/11\/R19.jpg\" target=\"_blank\"><img loading=\"lazy\" decoding=\"async\" src=\"http:\/\/lorrylesmetz-histoire.fr\/wp-content\/uploads\/2018\/11\/R19-787x1329.jpg\" height=\"1329\" width=\"787\" alt=\"\" class=\"slider-3994 slide-4014 msDefaultImage\" title=\"R19\" \/><\/a><\/li>\n            <li style='display: none;' aria-roledescription='slide' aria-labelledby='slide-20'><a href=\"http:\/\/lorrylesmetz-histoire.fr\/wp-content\/uploads\/2018\/11\/R20.jpg\" target=\"_blank\"><img loading=\"lazy\" decoding=\"async\" src=\"http:\/\/lorrylesmetz-histoire.fr\/wp-content\/uploads\/2018\/11\/R20-787x1329.jpg\" height=\"1329\" width=\"787\" alt=\"\" class=\"slider-3994 slide-4015 msDefaultImage\" title=\"R20\" \/><\/a><\/li>\n            <li style='display: none;' aria-roledescription='slide' aria-labelledby='slide-21'><a href=\"http:\/\/lorrylesmetz-histoire.fr\/wp-content\/uploads\/2018\/11\/R21.jpg\" target=\"_blank\"><img loading=\"lazy\" decoding=\"async\" src=\"http:\/\/lorrylesmetz-histoire.fr\/wp-content\/uploads\/2018\/11\/R21-787x1329.jpg\" height=\"1329\" width=\"787\" alt=\"\" class=\"slider-3994 slide-4016 msDefaultImage\" title=\"R21\" \/><\/a><\/li>\n            <li style='display: none;' aria-roledescription='slide' aria-labelledby='slide-22'><a href=\"http:\/\/lorrylesmetz-histoire.fr\/wp-content\/uploads\/2018\/11\/R23.jpg\" target=\"_blank\"><img loading=\"lazy\" decoding=\"async\" src=\"http:\/\/lorrylesmetz-histoire.fr\/wp-content\/uploads\/2018\/11\/R22-787x1329.jpg\" height=\"1329\" width=\"787\" alt=\"\" class=\"slider-3994 slide-4017 msDefaultImage\" title=\"R22\" \/><\/a><\/li>\n            <li style='display: none;' aria-roledescription='slide' aria-labelledby='slide-23'><a href=\"http:\/\/lorrylesmetz-histoire.fr\/wp-content\/uploads\/2018\/11\/R23.jpg\" target=\"_blank\"><img loading=\"lazy\" decoding=\"async\" src=\"http:\/\/lorrylesmetz-histoire.fr\/wp-content\/uploads\/2018\/11\/R23-787x1329.jpg\" height=\"1329\" width=\"787\" alt=\"\" class=\"slider-3994 slide-4018 msDefaultImage\" title=\"R23\" \/><\/a><\/li>\n        <\/ul>\n        \n    <\/div>\n<\/div>\n<p>Photos Fran\u00e7oise Bitaud, Simone Heckel, Claudine Kester et G\u00e9rard Kester.<\/p>\n<p><a href=\"http:\/\/lorrylesmetz-histoire.fr\/?page_id=2991\"><img loading=\"lazy\" decoding=\"async\" class=\"alignnone size-full wp-image-378\" src=\"http:\/\/lorrylesmetz-histoire.fr\/wp-content\/uploads\/2017\/05\/retour.png\" alt=\"\" width=\"89\" height=\"31\" \/><\/a><\/p>\n","protected":false},"excerpt":{"rendered":"<p>14\u00a0octobre\u00a02018 Temps de r\u00eave pour un jeu de piste \u00ab\u00a0Philippe de Vigneulles s\u2019amuse\u00a0\u00bb. Avec huit \u00e9quipes et presque quatre-vingt-dix convives, la journ\u00e9e fut instructive et joyeuse. Des Lorriots, des villageois voisins et des enfants de la maison d\u2019enfants \u00e0 caract\u00e8re&hellip; <\/p>\n","protected":false},"author":1,"featured_media":0,"parent":2991,"menu_order":4,"comment_status":"closed","ping_status":"closed","template":"","meta":{"_mc_calendar":[],"footnotes":""},"class_list":["post-4019","page","type-page","status-publish","hentry"],"_links":{"self":[{"href":"http:\/\/lorrylesmetz-histoire.fr\/index.php?rest_route=\/wp\/v2\/pages\/4019","targetHints":{"allow":["GET"]}}],"collection":[{"href":"http:\/\/lorrylesmetz-histoire.fr\/index.php?rest_route=\/wp\/v2\/pages"}],"about":[{"href":"http:\/\/lorrylesmetz-histoire.fr\/index.php?rest_route=\/wp\/v2\/types\/page"}],"author":[{"embeddable":true,"href":"http:\/\/lorrylesmetz-histoire.fr\/index.php?rest_route=\/wp\/v2\/users\/1"}],"replies":[{"embeddable":true,"href":"http:\/\/lorrylesmetz-histoire.fr\/index.php?rest_route=%2Fwp%2Fv2%2Fcomments&post=4019"}],"version-history":[{"count":3,"href":"http:\/\/lorrylesmetz-histoire.fr\/index.php?rest_route=\/wp\/v2\/pages\/4019\/revisions"}],"predecessor-version":[{"id":4048,"href":"http:\/\/lorrylesmetz-histoire.fr\/index.php?rest_route=\/wp\/v2\/pages\/4019\/revisions\/4048"}],"up":[{"embeddable":true,"href":"http:\/\/lorrylesmetz-histoire.fr\/index.php?rest_route=\/wp\/v2\/pages\/2991"}],"wp:attachment":[{"href":"http:\/\/lorrylesmetz-histoire.fr\/index.php?rest_route=%2Fwp%2Fv2%2Fmedia&parent=4019"}],"curies":[{"name":"wp","href":"https:\/\/api.w.org\/{rel}","templated":true}]}}