{"id":4104,"date":"2018-11-04T09:17:26","date_gmt":"2018-11-04T08:17:26","guid":{"rendered":"http:\/\/lorrylesmetz-histoire.fr\/?page_id=4104"},"modified":"2018-11-04T09:17:26","modified_gmt":"2018-11-04T08:17:26","slug":"fouile-aux-chiloux","status":"publish","type":"page","link":"http:\/\/lorrylesmetz-histoire.fr\/?page_id=4104","title":{"rendered":"Fouilles aux Chiloux"},"content":{"rendered":"<h2>9\u00a0octobre\u00a02018<\/h2>\n<p>Un petit groupe de Lorry-l\u00e8s-Metz \u00ab\u00a0au fil du temps\u00a0\u00bb, men\u00e9 par Sophie\u00a0Cr\u00e9ty, arch\u00e9ologue, a regagn\u00e9 la zone des Chiloux, route de Woippy o\u00f9 un de ses coll\u00e8gues nous a fait visiter le chantier de fouilles et comment\u00e9 les excavations.<\/p>\n<p>Sur cinq hectares, ont \u00e9t\u00e9 localis\u00e9es deux \u00e9poques, une c\u00f4t\u00e9 de Nachy (derri\u00e8re le lavoir de Woippy) identifi\u00e9 comme \u00e9tant des VI<sup>e<\/sup> et VII<sup>e<\/sup>\u00a0si\u00e8cles (mention \u00e9crite du village en 1123) et une juste en face du cimeti\u00e8re de Woippy estim\u00e9e du XI<sup>e<\/sup> au XIII<sup>e<\/sup>. Il faut savoir que l\u2019ancienne \u00e9glise du village se situait \u00e0 c\u00f4t\u00e9 du cimeti\u00e8re, il para\u00eet donc logique que le village ancien se trouve l\u00e0.<\/p>\n<p>Ont \u00e9t\u00e9 retrouv\u00e9es des traces de chemins et de r\u00e9servoirs d\u2019eau. Des changements de couleur de terrain indiquent des emplacements organis\u00e9s de maisons de bois et des drainages de diff\u00e9rentes \u00e9poques. Ce fut une visite \u00e9difiante.<\/p>\n<p>Il faut rappeler que le chantier est interdit au public hors les visites des fouilles.<\/p>\n<div id=\"metaslider-id-4088\" style=\"width: 100%; margin: 0 auto;\" class=\"ml-slider-3-108-0 metaslider metaslider-responsive metaslider-4088 ml-slider has-dots-nav ms-theme-default\" role=\"region\" aria-label=\"Chiloux\" data-height=\"1329\" data-width=\"787\">\n    <div id=\"metaslider_container_4088\">\n        <ul id='metaslider_4088' class='rslides'>\n            <li aria-roledescription='slide' aria-labelledby='slide-0'><a href=\"http:\/\/lorrylesmetz-histoire.fr\/wp-content\/uploads\/2018\/11\/C01.jpg\" target=\"_blank\"><img loading=\"lazy\" decoding=\"async\" src=\"http:\/\/lorrylesmetz-histoire.fr\/wp-content\/uploads\/2018\/11\/C01-787x1329.jpg\" height=\"1329\" width=\"787\" alt=\"\" class=\"slider-4088 slide-4089 msDefaultImage\" title=\"C01\" \/><\/a><\/li>\n            <li style='display: none;' aria-roledescription='slide' aria-labelledby='slide-1'><a href=\"http:\/\/lorrylesmetz-histoire.fr\/wp-content\/uploads\/2018\/11\/C02.jpg\" target=\"_blank\"><img loading=\"lazy\" decoding=\"async\" src=\"http:\/\/lorrylesmetz-histoire.fr\/wp-content\/uploads\/2018\/11\/C02-787x1329.jpg\" height=\"1329\" width=\"787\" alt=\"\" class=\"slider-4088 slide-4090 msDefaultImage\" title=\"C02\" \/><\/a><\/li>\n            <li style='display: none;' aria-roledescription='slide' aria-labelledby='slide-2'><a href=\"http:\/\/lorrylesmetz-histoire.fr\/wp-content\/uploads\/2018\/11\/C03.jpg\" target=\"_blank\"><img loading=\"lazy\" decoding=\"async\" src=\"http:\/\/lorrylesmetz-histoire.fr\/wp-content\/uploads\/2018\/11\/C03-787x1329.jpg\" height=\"1329\" width=\"787\" alt=\"\" class=\"slider-4088 slide-4091 msDefaultImage\" title=\"C03\" \/><\/a><\/li>\n            <li style='display: none;' aria-roledescription='slide' aria-labelledby='slide-3'><a href=\"http:\/\/lorrylesmetz-histoire.fr\/wp-content\/uploads\/2018\/11\/C04.jpg\" target=\"_blank\"><img loading=\"lazy\" decoding=\"async\" src=\"http:\/\/lorrylesmetz-histoire.fr\/wp-content\/uploads\/2018\/11\/C04-787x1329.jpg\" height=\"1329\" width=\"787\" alt=\"\" class=\"slider-4088 slide-4092 msDefaultImage\" title=\"C04\" \/><\/a><\/li>\n            <li style='display: none;' aria-roledescription='slide' aria-labelledby='slide-4'><a href=\"http:\/\/lorrylesmetz-histoire.fr\/wp-content\/uploads\/2018\/11\/C05.jpg\" target=\"_blank\"><img loading=\"lazy\" decoding=\"async\" src=\"http:\/\/lorrylesmetz-histoire.fr\/wp-content\/uploads\/2018\/11\/C05-787x1329.jpg\" height=\"1329\" width=\"787\" alt=\"\" class=\"slider-4088 slide-4093 msDefaultImage\" title=\"C05\" \/><\/a><\/li>\n            <li style='display: none;' aria-roledescription='slide' aria-labelledby='slide-5'><a href=\"http:\/\/lorrylesmetz-histoire.fr\/wp-content\/uploads\/2018\/11\/C06.jpg\" target=\"_blank\"><img loading=\"lazy\" decoding=\"async\" src=\"http:\/\/lorrylesmetz-histoire.fr\/wp-content\/uploads\/2018\/11\/C06-787x1329.jpg\" height=\"1329\" width=\"787\" alt=\"\" class=\"slider-4088 slide-4094 msDefaultImage\" title=\"C06\" \/><\/a><\/li>\n            <li style='display: none;' aria-roledescription='slide' aria-labelledby='slide-6'><a href=\"http:\/\/lorrylesmetz-histoire.fr\/wp-content\/uploads\/2018\/11\/C07.jpg\" target=\"_blank\"><img loading=\"lazy\" decoding=\"async\" src=\"http:\/\/lorrylesmetz-histoire.fr\/wp-content\/uploads\/2018\/11\/C07-787x1329.jpg\" height=\"1329\" width=\"787\" alt=\"\" class=\"slider-4088 slide-4095 msDefaultImage\" title=\"C07\" \/><\/a><\/li>\n            <li style='display: none;' aria-roledescription='slide' aria-labelledby='slide-7'><a href=\"http:\/\/lorrylesmetz-histoire.fr\/wp-content\/uploads\/2018\/11\/C08.jpg\" target=\"_blank\"><img loading=\"lazy\" decoding=\"async\" src=\"http:\/\/lorrylesmetz-histoire.fr\/wp-content\/uploads\/2018\/11\/C08-787x1329.jpg\" height=\"1329\" width=\"787\" alt=\"\" class=\"slider-4088 slide-4096 msDefaultImage\" title=\"C08\" \/><\/a><\/li>\n            <li style='display: none;' aria-roledescription='slide' aria-labelledby='slide-8'><a href=\"http:\/\/lorrylesmetz-histoire.fr\/wp-content\/uploads\/2018\/11\/C09.jpg\" target=\"_blank\"><img loading=\"lazy\" decoding=\"async\" src=\"http:\/\/lorrylesmetz-histoire.fr\/wp-content\/uploads\/2018\/11\/C09-787x1329.jpg\" height=\"1329\" width=\"787\" alt=\"\" class=\"slider-4088 slide-4097 msDefaultImage\" title=\"C09\" \/><\/a><\/li>\n            <li style='display: none;' aria-roledescription='slide' aria-labelledby='slide-9'><a href=\"http:\/\/lorrylesmetz-histoire.fr\/wp-content\/uploads\/2018\/11\/C10.jpg\" target=\"_blank\"><img loading=\"lazy\" decoding=\"async\" src=\"http:\/\/lorrylesmetz-histoire.fr\/wp-content\/uploads\/2018\/11\/C10-787x1329.jpg\" height=\"1329\" width=\"787\" alt=\"\" class=\"slider-4088 slide-4098 msDefaultImage\" title=\"C10\" \/><\/a><\/li>\n            <li style='display: none;' aria-roledescription='slide' aria-labelledby='slide-10'><a href=\"http:\/\/lorrylesmetz-histoire.fr\/wp-content\/uploads\/2018\/11\/C11.jpg\" target=\"_blank\"><img loading=\"lazy\" decoding=\"async\" src=\"http:\/\/lorrylesmetz-histoire.fr\/wp-content\/uploads\/2018\/11\/C11-787x1329.jpg\" height=\"1329\" width=\"787\" alt=\"\" class=\"slider-4088 slide-4099 msDefaultImage\" title=\"C11\" \/><\/a><\/li>\n            <li style='display: none;' aria-roledescription='slide' aria-labelledby='slide-11'><a href=\"http:\/\/lorrylesmetz-histoire.fr\/wp-content\/uploads\/2018\/11\/C12.jpg\" target=\"_blank\"><img loading=\"lazy\" decoding=\"async\" src=\"http:\/\/lorrylesmetz-histoire.fr\/wp-content\/uploads\/2018\/11\/C12-787x1329.jpg\" height=\"1329\" width=\"787\" alt=\"\" class=\"slider-4088 slide-4100 msDefaultImage\" title=\"C12\" \/><\/a><\/li>\n            <li style='display: none;' aria-roledescription='slide' aria-labelledby='slide-12'><a href=\"http:\/\/lorrylesmetz-histoire.fr\/wp-content\/uploads\/2018\/11\/C13.jpg\" target=\"_blank\"><img loading=\"lazy\" decoding=\"async\" src=\"http:\/\/lorrylesmetz-histoire.fr\/wp-content\/uploads\/2018\/11\/C13-787x1329.jpg\" height=\"1329\" width=\"787\" alt=\"\" class=\"slider-4088 slide-4101 msDefaultImage\" title=\"C13\" \/><\/a><\/li>\n            <li style='display: none;' aria-roledescription='slide' aria-labelledby='slide-13'><a href=\"http:\/\/lorrylesmetz-histoire.fr\/wp-content\/uploads\/2018\/11\/C15.jpg\" target=\"_blank\"><img loading=\"lazy\" decoding=\"async\" src=\"http:\/\/lorrylesmetz-histoire.fr\/wp-content\/uploads\/2018\/11\/C15-787x1329.jpg\" height=\"1329\" width=\"787\" alt=\"\" class=\"slider-4088 slide-4102 msDefaultImage\" title=\"C15\" \/><\/a><\/li>\n            <li style='display: none;' aria-roledescription='slide' aria-labelledby='slide-14'><a href=\"http:\/\/lorrylesmetz-histoire.fr\/wp-content\/uploads\/2018\/11\/C16.jpg\" target=\"_blank\"><img loading=\"lazy\" decoding=\"async\" src=\"http:\/\/lorrylesmetz-histoire.fr\/wp-content\/uploads\/2018\/11\/C16-787x1329.jpg\" height=\"1329\" width=\"787\" alt=\"\" class=\"slider-4088 slide-4103 msDefaultImage\" title=\"C16\" \/><\/a><\/li>\n        <\/ul>\n        \n    <\/div>\n<\/div>\n<p>Photos Claudine\u00a0Kester.<\/p>\n<p><a href=\"http:\/\/lorrylesmetz-histoire.fr\/?page_id=3008\"><img loading=\"lazy\" decoding=\"async\" class=\"alignnone size-full wp-image-378\" src=\"http:\/\/lorrylesmetz-histoire.fr\/wp-content\/uploads\/2017\/05\/retour.png\" alt=\"\" width=\"89\" height=\"31\" \/><\/a><\/p>\n","protected":false},"excerpt":{"rendered":"<p>9\u00a0octobre\u00a02018 Un petit groupe de Lorry-l\u00e8s-Metz \u00ab\u00a0au fil du temps\u00a0\u00bb, men\u00e9 par Sophie\u00a0Cr\u00e9ty, arch\u00e9ologue, a regagn\u00e9 la zone des Chiloux, route de Woippy o\u00f9 un de ses coll\u00e8gues nous a fait visiter le chantier de fouilles et comment\u00e9 les excavations.&hellip; <\/p>\n","protected":false},"author":1,"featured_media":0,"parent":3008,"menu_order":7,"comment_status":"closed","ping_status":"closed","template":"","meta":{"_mc_calendar":[],"footnotes":""},"class_list":["post-4104","page","type-page","status-publish","hentry"],"_links":{"self":[{"href":"http:\/\/lorrylesmetz-histoire.fr\/index.php?rest_route=\/wp\/v2\/pages\/4104","targetHints":{"allow":["GET"]}}],"collection":[{"href":"http:\/\/lorrylesmetz-histoire.fr\/index.php?rest_route=\/wp\/v2\/pages"}],"about":[{"href":"http:\/\/lorrylesmetz-histoire.fr\/index.php?rest_route=\/wp\/v2\/types\/page"}],"author":[{"embeddable":true,"href":"http:\/\/lorrylesmetz-histoire.fr\/index.php?rest_route=\/wp\/v2\/users\/1"}],"replies":[{"embeddable":true,"href":"http:\/\/lorrylesmetz-histoire.fr\/index.php?rest_route=%2Fwp%2Fv2%2Fcomments&post=4104"}],"version-history":[{"count":1,"href":"http:\/\/lorrylesmetz-histoire.fr\/index.php?rest_route=\/wp\/v2\/pages\/4104\/revisions"}],"predecessor-version":[{"id":4105,"href":"http:\/\/lorrylesmetz-histoire.fr\/index.php?rest_route=\/wp\/v2\/pages\/4104\/revisions\/4105"}],"up":[{"embeddable":true,"href":"http:\/\/lorrylesmetz-histoire.fr\/index.php?rest_route=\/wp\/v2\/pages\/3008"}],"wp:attachment":[{"href":"http:\/\/lorrylesmetz-histoire.fr\/index.php?rest_route=%2Fwp%2Fv2%2Fmedia&parent=4104"}],"curies":[{"name":"wp","href":"https:\/\/api.w.org\/{rel}","templated":true}]}}