{"id":4156,"date":"2018-12-03T09:10:27","date_gmt":"2018-12-03T08:10:27","guid":{"rendered":"http:\/\/lorrylesmetz-histoire.fr\/?page_id=4156"},"modified":"2018-12-03T09:57:27","modified_gmt":"2018-12-03T08:57:27","slug":"conference-kevin-goeuriot","status":"publish","type":"page","link":"http:\/\/lorrylesmetz-histoire.fr\/?page_id=4156","title":{"rendered":"Conf\u00e9rence K\u00e9vin G\u0153uriot"},"content":{"rendered":"<h2>16\u00a0novembre\u00a02018<\/h2>\n<p>Quelle belle soir\u00e9e de cl\u00f4ture que celle de l\u2019Ann\u00e9e Philippe de Vigneulles\u2009!<\/p>\n<p>Accueillie par un comit\u00e9 de gentilles sorci\u00e8res et de mages, une nombreuse assembl\u00e9e (80 personnes) s\u2019\u00e9tait rendue \u00e0 Lorry-l\u00e8s-Metz pour cette occasion. La pr\u00e9sidente n\u2019\u00e9tant pas l\u00e0 \u2013 en vacances chez les sorciers de Plappeville \u2013 elle avait d\u00e9l\u00e9gu\u00e9 la lecture de son discours \u00e0 l\u2019une des sorci\u00e8res un peu d\u00e9jant\u00e9e.<\/p>\n<p>Kevin G\u0153uriot a enchant\u00e9 l\u2019assistance avec une conf\u00e9rence attrayante et pleine d\u2019humour. Il nous avait fait l\u2019honneur de se pr\u00e9senter avec son casque et son \u00e9p\u00e9e venus de l\u2019une de ses vies ant\u00e9rieures&#8230; Il fut tr\u00e8s applaudi.<\/p>\n<p>Puis, durant un instant solennel, les oriflammes, men\u00e9es par le Graoully, ont regagn\u00e9 l\u2019\u00c9ternit\u00e9, d\u00e9filant devant les spectateurs qui s\u2019\u00e9taient lev\u00e9s par respect.<\/p>\n<p>Quelques notes de musiques du XV<sup>e<\/sup>\u00a0si\u00e8cle, sous la direction de Christine\u00a0Poisot, ont sonn\u00e9 la fin de l\u2019\u00e9v\u00e9nement.<\/p>\n<p>Un verre de l\u2019amiti\u00e9 a permis de conviviales rencontres dans la joie et la bonne humeur<\/p>\n<p>La d\u00e9coration florale de la salle \u00e9tait \u00e0 la hauteur de l\u2019\u00e9v\u00e9nement\u00a0: un grand d\u00e9cor type Morimono d\u2019automne Ikebana r\u00e9alis\u00e9 par V\u00e9ronique Le Ber.<\/p>\n<p>&nbsp;<\/p>\n<p>MERCI \u00e0 tout le Comit\u00e9 qui a fait un travail de fou pendant 21\u00a0mois pour rappeler au Pays messin et aux Lorriots la m\u00e9moire de Philippe de Vigneulles\u2009!<\/p>\n<p>MERCI \u00e0 nos soutiens\u00a0: La commune de Lorry-l\u00e8s-Metz, le Conseil d\u00e9partemental de la Moselle, Les Archives d\u00e9partementales de la Moselle et le Mus\u00e9e de la Cour d\u2019or.<\/p>\n<div id=\"metaslider-id-4196\" style=\"width: 100%; margin: 0 auto;\" class=\"ml-slider-3-108-0 metaslider metaslider-responsive metaslider-4196 ml-slider has-dots-nav ms-theme-default\" role=\"region\" aria-label=\"Conf Goeuriot\" data-height=\"600\" data-width=\"600\">\n    <div id=\"metaslider_container_4196\">\n        <ul id='metaslider_4196' class='rslides'>\n            <li aria-roledescription='slide' aria-labelledby='slide-0'><a href=\"http:\/\/lorrylesmetz-histoire.fr\/wp-content\/uploads\/2018\/12\/D01.jpg\" target=\"_blank\"><img loading=\"lazy\" decoding=\"async\" src=\"http:\/\/lorrylesmetz-histoire.fr\/wp-content\/uploads\/2018\/12\/D01-600x600.jpg\" height=\"600\" width=\"600\" alt=\"\" class=\"slider-4196 slide-4197 msDefaultImage\" title=\"D01\" \/><\/a><\/li>\n            <li style='display: none;' aria-roledescription='slide' aria-labelledby='slide-1'><a href=\"http:\/\/lorrylesmetz-histoire.fr\/wp-content\/uploads\/2018\/12\/D02.jpg\" target=\"_blank\"><img loading=\"lazy\" decoding=\"async\" src=\"http:\/\/lorrylesmetz-histoire.fr\/wp-content\/uploads\/2018\/12\/D02-600x600.jpg\" height=\"600\" width=\"600\" alt=\"\" class=\"slider-4196 slide-4198 msDefaultImage\" title=\"D02\" \/><div class=\"caption-wrap\"><div class=\"caption\">L'accueil des visiteurs<\/div><\/div><\/a><\/li>\n            <li style='display: none;' aria-roledescription='slide' aria-labelledby='slide-2'><a href=\"http:\/\/lorrylesmetz-histoire.fr\/wp-content\/uploads\/2018\/12\/D03.jpg\" target=\"_blank\"><img loading=\"lazy\" decoding=\"async\" src=\"http:\/\/lorrylesmetz-histoire.fr\/wp-content\/uploads\/2018\/12\/D03-600x600.jpg\" height=\"600\" width=\"600\" alt=\"\" class=\"slider-4196 slide-4199 msDefaultImage\" title=\"D03\" \/><div class=\"caption-wrap\"><div class=\"caption\">\u00c9change entre Andr\u00e9 De Pozzol, son \u00e9pouse et Pierre-Edouard Wagner.<\/div><\/div><\/a><\/li>\n            <li style='display: none;' aria-roledescription='slide' aria-labelledby='slide-3'><a href=\"http:\/\/lorrylesmetz-histoire.fr\/wp-content\/uploads\/2018\/12\/D04.jpg\" target=\"_blank\"><img loading=\"lazy\" decoding=\"async\" src=\"http:\/\/lorrylesmetz-histoire.fr\/wp-content\/uploads\/2018\/12\/D04-600x600.jpg\" height=\"600\" width=\"600\" alt=\"\" class=\"slider-4196 slide-4200 msDefaultImage\" title=\"D04\" \/><\/a><\/li>\n            <li style='display: none;' aria-roledescription='slide' aria-labelledby='slide-4'><a href=\"http:\/\/lorrylesmetz-histoire.fr\/wp-content\/uploads\/2018\/12\/D05.jpg\" target=\"_blank\"><img loading=\"lazy\" decoding=\"async\" src=\"http:\/\/lorrylesmetz-histoire.fr\/wp-content\/uploads\/2018\/12\/D05-600x600.jpg\" height=\"600\" width=\"600\" alt=\"\" class=\"slider-4196 slide-4201 msDefaultImage\" title=\"D05\" \/><div class=\"caption-wrap\"><div class=\"caption\">Les sorci\u00e8res sont de sortie !<\/div><\/div><\/a><\/li>\n            <li style='display: none;' aria-roledescription='slide' aria-labelledby='slide-5'><a href=\"http:\/\/lorrylesmetz-histoire.fr\/wp-content\/uploads\/2018\/12\/D06.jpg\" target=\"_blank\"><img loading=\"lazy\" decoding=\"async\" src=\"http:\/\/lorrylesmetz-histoire.fr\/wp-content\/uploads\/2018\/12\/D06-600x600.jpg\" height=\"600\" width=\"600\" alt=\"\" class=\"slider-4196 slide-4202 msDefaultImage\" title=\"D06\" \/><\/a><\/li>\n            <li style='display: none;' aria-roledescription='slide' aria-labelledby='slide-6'><a href=\"http:\/\/lorrylesmetz-histoire.fr\/wp-content\/uploads\/2018\/12\/D07.jpg\" target=\"_blank\"><img loading=\"lazy\" decoding=\"async\" src=\"http:\/\/lorrylesmetz-histoire.fr\/wp-content\/uploads\/2018\/12\/D07-600x600.jpg\" height=\"600\" width=\"600\" alt=\"\" class=\"slider-4196 slide-4203 msDefaultImage\" title=\"D07\" \/><\/a><\/li>\n            <li style='display: none;' aria-roledescription='slide' aria-labelledby='slide-7'><a href=\"http:\/\/lorrylesmetz-histoire.fr\/wp-content\/uploads\/2018\/12\/D08.jpg\" target=\"_blank\"><img loading=\"lazy\" decoding=\"async\" src=\"http:\/\/lorrylesmetz-histoire.fr\/wp-content\/uploads\/2018\/12\/D08-600x600.jpg\" height=\"600\" width=\"600\" alt=\"\" class=\"slider-4196 slide-4204 msDefaultImage\" title=\"D08\" \/><div class=\"caption-wrap\"><div class=\"caption\">Deux sorci\u00e8res en pleine pr\u00e9paration de quelque malice !<\/div><\/div><\/a><\/li>\n            <li style='display: none;' aria-roledescription='slide' aria-labelledby='slide-8'><a href=\"http:\/\/lorrylesmetz-histoire.fr\/wp-content\/uploads\/2018\/12\/D09.jpg\" target=\"_blank\"><img loading=\"lazy\" decoding=\"async\" src=\"http:\/\/lorrylesmetz-histoire.fr\/wp-content\/uploads\/2018\/12\/D09-600x600.jpg\" height=\"600\" width=\"600\" alt=\"\" class=\"slider-4196 slide-4205 msDefaultImage\" title=\"D09\" \/><\/a><\/li>\n            <li style='display: none;' aria-roledescription='slide' aria-labelledby='slide-9'><a href=\"http:\/\/lorrylesmetz-histoire.fr\/wp-content\/uploads\/2018\/12\/D10.jpg\" target=\"_blank\"><img loading=\"lazy\" decoding=\"async\" src=\"http:\/\/lorrylesmetz-histoire.fr\/wp-content\/uploads\/2018\/12\/D10-600x600.jpg\" height=\"600\" width=\"600\" alt=\"\" class=\"slider-4196 slide-4206 msDefaultImage\" title=\"D10\" \/><\/a><\/li>\n            <li style='display: none;' aria-roledescription='slide' aria-labelledby='slide-10'><a href=\"http:\/\/lorrylesmetz-histoire.fr\/wp-content\/uploads\/2018\/12\/D11.jpg\" target=\"_blank\"><img loading=\"lazy\" decoding=\"async\" src=\"http:\/\/lorrylesmetz-histoire.fr\/wp-content\/uploads\/2018\/12\/D11-600x600.jpg\" height=\"600\" width=\"600\" alt=\"\" class=\"slider-4196 slide-4207 msDefaultImage\" title=\"D11\" \/><div class=\"caption-wrap\"><div class=\"caption\">Les spectres sont parmi nous.<\/div><\/div><\/a><\/li>\n            <li style='display: none;' aria-roledescription='slide' aria-labelledby='slide-11'><a href=\"http:\/\/lorrylesmetz-histoire.fr\/wp-content\/uploads\/2018\/12\/D12.jpg\" target=\"_blank\"><img loading=\"lazy\" decoding=\"async\" src=\"http:\/\/lorrylesmetz-histoire.fr\/wp-content\/uploads\/2018\/12\/D12-600x600.jpg\" height=\"600\" width=\"600\" alt=\"\" class=\"slider-4196 slide-4208 msDefaultImage\" title=\"D12\" \/><div class=\"caption-wrap\"><div class=\"caption\">Sori\u00e8res et magiciens.<\/div><\/div><\/a><\/li>\n            <li style='display: none;' aria-roledescription='slide' aria-labelledby='slide-12'><a href=\"http:\/\/lorrylesmetz-histoire.fr\/wp-content\/uploads\/2018\/12\/D13.jpg\" target=\"_blank\"><img loading=\"lazy\" decoding=\"async\" src=\"http:\/\/lorrylesmetz-histoire.fr\/wp-content\/uploads\/2018\/12\/D13-600x600.jpg\" height=\"600\" width=\"600\" alt=\"\" class=\"slider-4196 slide-4209 msDefaultImage\" title=\"D13\" \/><div class=\"caption-wrap\"><div class=\"caption\">Le d\u00e9cor type Morimono d\u2019automne Ikebana<\/div><\/div><\/a><\/li>\n            <li style='display: none;' aria-roledescription='slide' aria-labelledby='slide-13'><a href=\"http:\/\/lorrylesmetz-histoire.fr\/wp-content\/uploads\/2018\/12\/14.jpg\" target=\"_blank\"><img loading=\"lazy\" decoding=\"async\" src=\"http:\/\/lorrylesmetz-histoire.fr\/wp-content\/uploads\/2018\/12\/D14-600x600.jpg\" height=\"600\" width=\"600\" alt=\"\" class=\"slider-4196 slide-4210 msDefaultImage\" title=\"D14\" \/><\/a><\/li>\n            <li style='display: none;' aria-roledescription='slide' aria-labelledby='slide-14'><a href=\"http:\/\/lorrylesmetz-histoire.fr\/wp-content\/uploads\/2018\/12\/D15.jpg\" target=\"_blank\"><img loading=\"lazy\" decoding=\"async\" src=\"http:\/\/lorrylesmetz-histoire.fr\/wp-content\/uploads\/2018\/12\/D15-600x600.jpg\" height=\"600\" width=\"600\" alt=\"\" class=\"slider-4196 slide-4211 msDefaultImage\" title=\"D15\" \/><\/a><\/li>\n            <li style='display: none;' aria-roledescription='slide' aria-labelledby='slide-15'><a href=\"http:\/\/lorrylesmetz-histoire.fr\/wp-content\/uploads\/2018\/12\/D16.jpg\" target=\"_blank\"><img loading=\"lazy\" decoding=\"async\" src=\"http:\/\/lorrylesmetz-histoire.fr\/wp-content\/uploads\/2018\/12\/D16-600x600.jpg\" height=\"600\" width=\"600\" alt=\"\" class=\"slider-4196 slide-4212 msDefaultImage\" title=\"D16\" \/><div class=\"caption-wrap\"><div class=\"caption\">La sorci\u00e8re d\u00e9jant\u00e9e charg\u00e9e de la pr\u00e9sentation de la soir\u00e9e.<\/div><\/div><\/a><\/li>\n            <li style='display: none;' aria-roledescription='slide' aria-labelledby='slide-16'><a href=\"http:\/\/lorrylesmetz-histoire.fr\/wp-content\/uploads\/2018\/12\/D17.jpg\" target=\"_blank\"><img loading=\"lazy\" decoding=\"async\" src=\"http:\/\/lorrylesmetz-histoire.fr\/wp-content\/uploads\/2018\/12\/D17-600x600.jpg\" height=\"600\" width=\"600\" alt=\"\" class=\"slider-4196 slide-4213 msDefaultImage\" title=\"D17\" \/><\/a><\/li>\n            <li style='display: none;' aria-roledescription='slide' aria-labelledby='slide-17'><a href=\"http:\/\/lorrylesmetz-histoire.fr\/wp-content\/uploads\/2018\/12\/D18.jpg\" target=\"_blank\"><img loading=\"lazy\" decoding=\"async\" src=\"http:\/\/lorrylesmetz-histoire.fr\/wp-content\/uploads\/2018\/12\/D18-600x600.jpg\" height=\"600\" width=\"600\" alt=\"\" class=\"slider-4196 slide-4214 msDefaultImage\" title=\"D18\" \/><\/a><\/li>\n            <li style='display: none;' aria-roledescription='slide' aria-labelledby='slide-18'><a href=\"http:\/\/lorrylesmetz-histoire.fr\/wp-content\/uploads\/2018\/12\/D19.jpg\" target=\"_blank\"><img loading=\"lazy\" decoding=\"async\" src=\"http:\/\/lorrylesmetz-histoire.fr\/wp-content\/uploads\/2018\/12\/D19-600x600.jpg\" height=\"600\" width=\"600\" alt=\"\" class=\"slider-4196 slide-4215 msDefaultImage\" title=\"D19\" \/><div class=\"caption-wrap\"><div class=\"caption\">K\u00e9vin G\u0153uriot pendant sa conf\u00e9rence.<\/div><\/div><\/a><\/li>\n            <li style='display: none;' aria-roledescription='slide' aria-labelledby='slide-19'><a href=\"http:\/\/lorrylesmetz-histoire.fr\/wp-content\/uploads\/2018\/12\/D20.jpg\" target=\"_blank\"><img loading=\"lazy\" decoding=\"async\" src=\"http:\/\/lorrylesmetz-histoire.fr\/wp-content\/uploads\/2018\/12\/D20-600x600.jpg\" height=\"600\" width=\"600\" alt=\"\" class=\"slider-4196 slide-4216 msDefaultImage\" title=\"D20\" \/><\/a><\/li>\n            <li style='display: none;' aria-roledescription='slide' aria-labelledby='slide-20'><a href=\"http:\/\/lorrylesmetz-histoire.fr\/wp-content\/uploads\/2018\/12\/D21.jpg\" target=\"_blank\"><img loading=\"lazy\" decoding=\"async\" src=\"http:\/\/lorrylesmetz-histoire.fr\/wp-content\/uploads\/2018\/12\/D21-600x600.jpg\" height=\"600\" width=\"600\" alt=\"\" class=\"slider-4196 slide-4217 msDefaultImage\" title=\"D21\" \/><\/a><\/li>\n            <li style='display: none;' aria-roledescription='slide' aria-labelledby='slide-21'><a href=\"http:\/\/lorrylesmetz-histoire.fr\/wp-content\/uploads\/2018\/12\/D22.jpg\" target=\"_blank\"><img loading=\"lazy\" decoding=\"async\" src=\"http:\/\/lorrylesmetz-histoire.fr\/wp-content\/uploads\/2018\/12\/D22-600x600.jpg\" height=\"600\" width=\"600\" alt=\"\" class=\"slider-4196 slide-4218 msDefaultImage\" title=\"D22\" \/><\/a><\/li>\n            <li style='display: none;' aria-roledescription='slide' aria-labelledby='slide-22'><a href=\"http:\/\/lorrylesmetz-histoire.fr\/wp-content\/uploads\/2018\/12\/D23.jpg\" target=\"_blank\"><img loading=\"lazy\" decoding=\"async\" src=\"http:\/\/lorrylesmetz-histoire.fr\/wp-content\/uploads\/2018\/12\/D23-600x600.jpg\" height=\"600\" width=\"600\" alt=\"\" class=\"slider-4196 slide-4219 msDefaultImage\" title=\"D23\" \/><\/a><\/li>\n            <li style='display: none;' aria-roledescription='slide' aria-labelledby='slide-23'><a href=\"http:\/\/lorrylesmetz-histoire.fr\/wp-content\/uploads\/2018\/12\/D24.jpg\" target=\"_blank\"><img loading=\"lazy\" decoding=\"async\" src=\"http:\/\/lorrylesmetz-histoire.fr\/wp-content\/uploads\/2018\/12\/D24-600x600.jpg\" height=\"600\" width=\"600\" alt=\"\" class=\"slider-4196 slide-4220 msDefaultImage\" title=\"D24\" \/><\/a><\/li>\n            <li style='display: none;' aria-roledescription='slide' aria-labelledby='slide-24'><a href=\"http:\/\/lorrylesmetz-histoire.fr\/wp-content\/uploads\/2018\/12\/D325jpg\" target=\"_blank\"><img loading=\"lazy\" decoding=\"async\" src=\"http:\/\/lorrylesmetz-histoire.fr\/wp-content\/uploads\/2018\/12\/D25-600x600.jpg\" height=\"600\" width=\"600\" alt=\"\" class=\"slider-4196 slide-4221 msDefaultImage\" title=\"D25\" \/><div class=\"caption-wrap\"><div class=\"caption\">Quelques cadeaux de remerciement.<\/div><\/div><\/a><\/li>\n            <li style='display: none;' aria-roledescription='slide' aria-labelledby='slide-25'><a href=\"http:\/\/lorrylesmetz-histoire.fr\/wp-content\/uploads\/2018\/12\/D26.jpg\" target=\"_blank\"><img loading=\"lazy\" decoding=\"async\" src=\"http:\/\/lorrylesmetz-histoire.fr\/wp-content\/uploads\/2018\/12\/D26-600x600.jpg\" height=\"600\" width=\"600\" alt=\"\" class=\"slider-4196 slide-4222 msDefaultImage\" title=\"D26\" \/><\/a><\/li>\n            <li style='display: none;' aria-roledescription='slide' aria-labelledby='slide-26'><a href=\"http:\/\/lorrylesmetz-histoire.fr\/wp-content\/uploads\/2018\/12\/D27.jpg\" target=\"_blank\"><img loading=\"lazy\" decoding=\"async\" src=\"http:\/\/lorrylesmetz-histoire.fr\/wp-content\/uploads\/2018\/12\/D27-600x600.jpg\" height=\"600\" width=\"600\" alt=\"\" class=\"slider-4196 slide-4223 msDefaultImage\" title=\"D27\" \/><div class=\"caption-wrap\"><div class=\"caption\">Oriflammes et spectres.<\/div><\/div><\/a><\/li>\n            <li style='display: none;' aria-roledescription='slide' aria-labelledby='slide-27'><a href=\"http:\/\/lorrylesmetz-histoire.fr\/wp-content\/uploads\/2018\/12\/D28.jpg\" target=\"_blank\"><img loading=\"lazy\" decoding=\"async\" src=\"http:\/\/lorrylesmetz-histoire.fr\/wp-content\/uploads\/2018\/12\/D28-600x600.jpg\" height=\"600\" width=\"600\" alt=\"\" class=\"slider-4196 slide-4224 msDefaultImage\" title=\"D28\" \/><\/a><\/li>\n            <li style='display: none;' aria-roledescription='slide' aria-labelledby='slide-28'><a href=\"http:\/\/lorrylesmetz-histoire.fr\/wp-content\/uploads\/2018\/12\/D29.jpg\" target=\"_blank\"><img loading=\"lazy\" decoding=\"async\" src=\"http:\/\/lorrylesmetz-histoire.fr\/wp-content\/uploads\/2018\/12\/D29-600x600.jpg\" height=\"600\" width=\"600\" alt=\"\" class=\"slider-4196 slide-4225 msDefaultImage\" title=\"D29\" \/><\/a><\/li>\n            <li style='display: none;' aria-roledescription='slide' aria-labelledby='slide-29'><a href=\"http:\/\/lorrylesmetz-histoire.fr\/wp-content\/uploads\/2018\/12\/D30.jpg\" target=\"_blank\"><img loading=\"lazy\" decoding=\"async\" src=\"http:\/\/lorrylesmetz-histoire.fr\/wp-content\/uploads\/2018\/12\/D30-600x600.jpg\" height=\"600\" width=\"600\" alt=\"\" class=\"slider-4196 slide-4226 msDefaultImage\" title=\"D30\" \/><div class=\"caption-wrap\"><div class=\"caption\">Moment musical<\/div><\/div><\/a><\/li>\n            <li style='display: none;' aria-roledescription='slide' aria-labelledby='slide-30'><a href=\"http:\/\/lorrylesmetz-histoire.fr\/wp-content\/uploads\/2018\/12\/D31.jpg\" target=\"_blank\"><img loading=\"lazy\" decoding=\"async\" src=\"http:\/\/lorrylesmetz-histoire.fr\/wp-content\/uploads\/2018\/12\/D31-600x600.jpg\" height=\"600\" width=\"600\" alt=\"\" class=\"slider-4196 slide-4227 msDefaultImage\" title=\"D31\" \/><\/a><\/li>\n            <li style='display: none;' aria-roledescription='slide' aria-labelledby='slide-31'><a href=\"http:\/\/lorrylesmetz-histoire.fr\/wp-content\/uploads\/2018\/12\/D32.jpg\" target=\"_blank\"><img loading=\"lazy\" decoding=\"async\" src=\"http:\/\/lorrylesmetz-histoire.fr\/wp-content\/uploads\/2018\/12\/D32-600x600.jpg\" height=\"600\" width=\"600\" alt=\"\" class=\"slider-4196 slide-4228 msDefaultImage\" title=\"D32\" \/><div class=\"caption-wrap\"><div class=\"caption\">Le verre de l'amiti\u00e9.<\/div><\/div><\/a><\/li>\n            <li style='display: none;' aria-roledescription='slide' aria-labelledby='slide-32'><a href=\"http:\/\/lorrylesmetz-histoire.fr\/wp-content\/uploads\/2018\/12\/D33.jpg\" target=\"_blank\"><img loading=\"lazy\" decoding=\"async\" src=\"http:\/\/lorrylesmetz-histoire.fr\/wp-content\/uploads\/2018\/12\/D33-600x600.jpg\" height=\"600\" width=\"600\" alt=\"\" class=\"slider-4196 slide-4229 msDefaultImage\" title=\"D33\" \/><\/a><\/li>\n            <li style='display: none;' aria-roledescription='slide' aria-labelledby='slide-33'><a href=\"http:\/\/lorrylesmetz-histoire.fr\/wp-content\/uploads\/2018\/12\/D34.jpg\" target=\"_blank\"><img loading=\"lazy\" decoding=\"async\" src=\"http:\/\/lorrylesmetz-histoire.fr\/wp-content\/uploads\/2018\/12\/D34-600x600.jpg\" height=\"600\" width=\"600\" alt=\"\" class=\"slider-4196 slide-4230 msDefaultImage\" title=\"D34\" \/><\/a><\/li>\n            <li style='display: none;' aria-roledescription='slide' aria-labelledby='slide-34'><a href=\"http:\/\/lorrylesmetz-histoire.fr\/wp-content\/uploads\/2018\/12\/D35.jpg\" target=\"_blank\"><img loading=\"lazy\" decoding=\"async\" src=\"http:\/\/lorrylesmetz-histoire.fr\/wp-content\/uploads\/2018\/12\/D35-600x600.jpg\" height=\"600\" width=\"600\" alt=\"\" class=\"slider-4196 slide-4231 msDefaultImage\" title=\"D35\" \/><\/a><\/li>\n            <li style='display: none;' aria-roledescription='slide' aria-labelledby='slide-35'><a href=\"http:\/\/lorrylesmetz-histoire.fr\/wp-content\/uploads\/2018\/12\/D36.jpg\" target=\"_blank\"><img loading=\"lazy\" decoding=\"async\" src=\"http:\/\/lorrylesmetz-histoire.fr\/wp-content\/uploads\/2018\/12\/D36-600x600.jpg\" height=\"600\" width=\"600\" alt=\"\" class=\"slider-4196 slide-4232 msDefaultImage\" title=\"D36\" \/><div class=\"caption-wrap\"><div class=\"caption\">Alors, vous avez pass\u00e9 une bonne soir\u00e9 e?<\/div><\/div><\/a><\/li>\n        <\/ul>\n        \n    <\/div>\n<\/div>\n<p>Photos de G\u00e9rard\u00a0Kester et Roger\u00a0Mariotte<\/p>\n<p><a href=\"http:\/\/lorrylesmetz-histoire.fr\/?page_id=2991\"><img loading=\"lazy\" decoding=\"async\" class=\"alignnone size-full wp-image-378\" src=\"http:\/\/lorrylesmetz-histoire.fr\/wp-content\/uploads\/2017\/05\/retour.png\" alt=\"\" width=\"89\" height=\"31\" \/><\/a><\/p>\n","protected":false},"excerpt":{"rendered":"<p>16\u00a0novembre\u00a02018 Quelle belle soir\u00e9e de cl\u00f4ture que celle de l\u2019Ann\u00e9e Philippe de Vigneulles\u2009! Accueillie par un comit\u00e9 de gentilles sorci\u00e8res et de mages, une nombreuse assembl\u00e9e (80 personnes) s\u2019\u00e9tait rendue \u00e0 Lorry-l\u00e8s-Metz pour cette occasion. La pr\u00e9sidente n\u2019\u00e9tant pas l\u00e0&hellip; <\/p>\n","protected":false},"author":1,"featured_media":0,"parent":2991,"menu_order":2,"comment_status":"closed","ping_status":"closed","template":"","meta":{"_mc_calendar":[],"footnotes":""},"class_list":["post-4156","page","type-page","status-publish","hentry"],"_links":{"self":[{"href":"http:\/\/lorrylesmetz-histoire.fr\/index.php?rest_route=\/wp\/v2\/pages\/4156","targetHints":{"allow":["GET"]}}],"collection":[{"href":"http:\/\/lorrylesmetz-histoire.fr\/index.php?rest_route=\/wp\/v2\/pages"}],"about":[{"href":"http:\/\/lorrylesmetz-histoire.fr\/index.php?rest_route=\/wp\/v2\/types\/page"}],"author":[{"embeddable":true,"href":"http:\/\/lorrylesmetz-histoire.fr\/index.php?rest_route=\/wp\/v2\/users\/1"}],"replies":[{"embeddable":true,"href":"http:\/\/lorrylesmetz-histoire.fr\/index.php?rest_route=%2Fwp%2Fv2%2Fcomments&post=4156"}],"version-history":[{"count":5,"href":"http:\/\/lorrylesmetz-histoire.fr\/index.php?rest_route=\/wp\/v2\/pages\/4156\/revisions"}],"predecessor-version":[{"id":4236,"href":"http:\/\/lorrylesmetz-histoire.fr\/index.php?rest_route=\/wp\/v2\/pages\/4156\/revisions\/4236"}],"up":[{"embeddable":true,"href":"http:\/\/lorrylesmetz-histoire.fr\/index.php?rest_route=\/wp\/v2\/pages\/2991"}],"wp:attachment":[{"href":"http:\/\/lorrylesmetz-histoire.fr\/index.php?rest_route=%2Fwp%2Fv2%2Fmedia&parent=4156"}],"curies":[{"name":"wp","href":"https:\/\/api.w.org\/{rel}","templated":true}]}}