{"id":4356,"date":"2019-02-13T18:10:20","date_gmt":"2019-02-13T17:10:20","guid":{"rendered":"http:\/\/lorrylesmetz-histoire.fr\/?page_id=4356"},"modified":"2019-02-14T14:56:18","modified_gmt":"2019-02-14T13:56:18","slug":"rois","status":"publish","type":"page","link":"http:\/\/lorrylesmetz-histoire.fr\/?page_id=4356","title":{"rendered":"Galette des Rois"},"content":{"rendered":"<h2>8 janvier 2019<\/h2>\n<p>Apr\u00e8s une ann\u00e9e plus que remplie, le comit\u00e9 de Lorry-l\u00e8s-Metz \u00ab\u00a0au fil du temps\u00a0\u00bb a respect\u00e9 les traditions et tir\u00e9 les Rois. Ont \u00e9t\u00e9 couronn\u00e9s Suzy Mariotte et Fran\u00e7ois Courtade. Leur gouvernance d&rsquo;une soir\u00e9e a \u00e9t\u00e9 l&rsquo;occasion d&rsquo;un moment chaleureux.<\/p>\n<div id=\"metaslider-id-4370\" style=\"width: 100%; margin: 0 auto;\" class=\"ml-slider-3-108-0 metaslider metaslider-responsive metaslider-4370 ml-slider has-dots-nav ms-theme-default\" role=\"region\" aria-label=\"Galette 2019\" data-height=\"800\" data-width=\"800\">\n    <div id=\"metaslider_container_4370\">\n        <ul id='metaslider_4370' class='rslides'>\n            <li aria-roledescription='slide' aria-labelledby='slide-0'><a href=\"http:\/\/lorrylesmetz-histoire.fr\/wp-content\/uploads\/2019\/02\/AC01.jpg\" target=\"_blank\"><img loading=\"lazy\" decoding=\"async\" src=\"http:\/\/lorrylesmetz-histoire.fr\/wp-content\/uploads\/2019\/02\/AC01-800x800.jpg\" height=\"800\" width=\"800\" alt=\"\" class=\"slider-4370 slide-4371 msDefaultImage\" title=\"AC01\" \/><\/a><\/li>\n            <li style='display: none;' aria-roledescription='slide' aria-labelledby='slide-1'><a href=\"http:\/\/lorrylesmetz-histoire.fr\/wp-content\/uploads\/2019\/02\/AC02.jpg\" target=\"_blank\"><img loading=\"lazy\" decoding=\"async\" src=\"http:\/\/lorrylesmetz-histoire.fr\/wp-content\/uploads\/2019\/02\/AC02-800x800.jpg\" height=\"800\" width=\"800\" alt=\"\" class=\"slider-4370 slide-4372 msDefaultImage\" title=\"AC02\" \/><\/a><\/li>\n            <li style='display: none;' aria-roledescription='slide' aria-labelledby='slide-2'><a href=\"http:\/\/lorrylesmetz-histoire.fr\/wp-content\/uploads\/2019\/02\/AC03.jpg\" target=\"_blank\"><img loading=\"lazy\" decoding=\"async\" src=\"http:\/\/lorrylesmetz-histoire.fr\/wp-content\/uploads\/2019\/02\/AC03-800x800.jpg\" height=\"800\" width=\"800\" alt=\"\" class=\"slider-4370 slide-4373 msDefaultImage\" title=\"AC03\" \/><\/a><\/li>\n            <li style='display: none;' aria-roledescription='slide' aria-labelledby='slide-3'><a href=\"http:\/\/lorrylesmetz-histoire.fr\/wp-content\/uploads\/2019\/02\/AC04.jpg\" target=\"_blank\"><img loading=\"lazy\" decoding=\"async\" src=\"http:\/\/lorrylesmetz-histoire.fr\/wp-content\/uploads\/2019\/02\/AC04-800x800.jpg\" height=\"800\" width=\"800\" alt=\"\" class=\"slider-4370 slide-4374 msDefaultImage\" title=\"AC04\" \/><\/a><\/li>\n            <li style='display: none;' aria-roledescription='slide' aria-labelledby='slide-4'><a href=\"http:\/\/lorrylesmetz-histoire.fr\/wp-content\/uploads\/2019\/02\/AC05.jpg\" target=\"_blank\"><img loading=\"lazy\" decoding=\"async\" src=\"http:\/\/lorrylesmetz-histoire.fr\/wp-content\/uploads\/2019\/02\/AC05-800x800.jpg\" height=\"800\" width=\"800\" alt=\"\" class=\"slider-4370 slide-4375 msDefaultImage\" title=\"AC05\" \/><\/a><\/li>\n            <li style='display: none;' aria-roledescription='slide' aria-labelledby='slide-5'><a href=\"http:\/\/lorrylesmetz-histoire.fr\/wp-content\/uploads\/2019\/02\/AC06.jpg\" target=\"_blank\"><img loading=\"lazy\" decoding=\"async\" src=\"http:\/\/lorrylesmetz-histoire.fr\/wp-content\/uploads\/2019\/02\/AC06-800x800.jpg\" height=\"800\" width=\"800\" alt=\"\" class=\"slider-4370 slide-4376 msDefaultImage\" title=\"AC06\" \/><\/a><\/li>\n            <li style='display: none;' aria-roledescription='slide' aria-labelledby='slide-6'><a href=\"http:\/\/lorrylesmetz-histoire.fr\/wp-content\/uploads\/2019\/02\/AC07.jpg\" target=\"_blank\"><img loading=\"lazy\" decoding=\"async\" src=\"http:\/\/lorrylesmetz-histoire.fr\/wp-content\/uploads\/2019\/02\/AC07-800x800.jpg\" height=\"800\" width=\"800\" alt=\"\" class=\"slider-4370 slide-4377 msDefaultImage\" title=\"AC07\" \/><\/a><\/li>\n            <li style='display: none;' aria-roledescription='slide' aria-labelledby='slide-7'><a href=\"http:\/\/lorrylesmetz-histoire.fr\/wp-content\/uploads\/2019\/02\/AC08.jpg\" target=\"_blank\"><img loading=\"lazy\" decoding=\"async\" src=\"http:\/\/lorrylesmetz-histoire.fr\/wp-content\/uploads\/2019\/02\/AC08-800x800.jpg\" height=\"800\" width=\"800\" alt=\"\" class=\"slider-4370 slide-4378 msDefaultImage\" title=\"AC08\" \/><\/a><\/li>\n            <li style='display: none;' aria-roledescription='slide' aria-labelledby='slide-8'><a href=\"http:\/\/lorrylesmetz-histoire.fr\/wp-content\/uploads\/2019\/02\/AC09.jpg\" target=\"_blank\"><img loading=\"lazy\" decoding=\"async\" src=\"http:\/\/lorrylesmetz-histoire.fr\/wp-content\/uploads\/2019\/02\/AC09-800x800.jpg\" height=\"800\" width=\"800\" alt=\"\" class=\"slider-4370 slide-4379 msDefaultImage\" title=\"AC09\" \/><\/a><\/li>\n            <li style='display: none;' aria-roledescription='slide' aria-labelledby='slide-9'><a href=\"http:\/\/lorrylesmetz-histoire.fr\/wp-content\/uploads\/2019\/02\/AC10.jpg\" target=\"_blank\"><img loading=\"lazy\" decoding=\"async\" src=\"http:\/\/lorrylesmetz-histoire.fr\/wp-content\/uploads\/2019\/02\/AC10-800x800.jpg\" height=\"800\" width=\"800\" alt=\"\" class=\"slider-4370 slide-4380 msDefaultImage\" title=\"AC10\" \/><\/a><\/li>\n            <li style='display: none;' aria-roledescription='slide' aria-labelledby='slide-10'><a href=\"http:\/\/lorrylesmetz-histoire.fr\/wp-content\/uploads\/2019\/02\/AC11.jpg\" target=\"_blank\"><img loading=\"lazy\" decoding=\"async\" src=\"http:\/\/lorrylesmetz-histoire.fr\/wp-content\/uploads\/2019\/02\/AC11-800x800.jpg\" height=\"800\" width=\"800\" alt=\"\" class=\"slider-4370 slide-4381 msDefaultImage\" title=\"AC11\" \/><\/a><\/li>\n            <li style='display: none;' aria-roledescription='slide' aria-labelledby='slide-11'><a href=\"http:\/\/lorrylesmetz-histoire.fr\/wp-content\/uploads\/2019\/02\/AC12.jpg\" target=\"_blank\"><img loading=\"lazy\" decoding=\"async\" src=\"http:\/\/lorrylesmetz-histoire.fr\/wp-content\/uploads\/2019\/02\/AC12-800x800.jpg\" height=\"800\" width=\"800\" alt=\"\" class=\"slider-4370 slide-4382 msDefaultImage\" title=\"AC12\" \/><\/a><\/li>\n        <\/ul>\n        \n    <\/div>\n<\/div>\n<p>Photos Claudine Kester et Roger Mariotte.<\/p>\n<p><a href=\"http:\/\/lorrylesmetz-histoire.fr\/?page_id=4354\"><img loading=\"lazy\" decoding=\"async\" class=\"alignnone size-full wp-image-378\" src=\"http:\/\/lorrylesmetz-histoire.fr\/wp-content\/uploads\/2017\/05\/retour.png\" alt=\"\" width=\"89\" height=\"31\" \/><\/a><\/p>\n","protected":false},"excerpt":{"rendered":"<p>8 janvier 2019 Apr\u00e8s une ann\u00e9e plus que remplie, le comit\u00e9 de Lorry-l\u00e8s-Metz \u00ab\u00a0au fil du temps\u00a0\u00bb a respect\u00e9 les traditions et tir\u00e9 les Rois. Ont \u00e9t\u00e9 couronn\u00e9s Suzy Mariotte et Fran\u00e7ois Courtade. Leur gouvernance d&rsquo;une soir\u00e9e a \u00e9t\u00e9 l&rsquo;occasion&hellip; <\/p>\n","protected":false},"author":1,"featured_media":0,"parent":4354,"menu_order":4,"comment_status":"closed","ping_status":"closed","template":"","meta":{"_mc_calendar":[],"footnotes":""},"class_list":["post-4356","page","type-page","status-publish","hentry"],"_links":{"self":[{"href":"http:\/\/lorrylesmetz-histoire.fr\/index.php?rest_route=\/wp\/v2\/pages\/4356","targetHints":{"allow":["GET"]}}],"collection":[{"href":"http:\/\/lorrylesmetz-histoire.fr\/index.php?rest_route=\/wp\/v2\/pages"}],"about":[{"href":"http:\/\/lorrylesmetz-histoire.fr\/index.php?rest_route=\/wp\/v2\/types\/page"}],"author":[{"embeddable":true,"href":"http:\/\/lorrylesmetz-histoire.fr\/index.php?rest_route=\/wp\/v2\/users\/1"}],"replies":[{"embeddable":true,"href":"http:\/\/lorrylesmetz-histoire.fr\/index.php?rest_route=%2Fwp%2Fv2%2Fcomments&post=4356"}],"version-history":[{"count":5,"href":"http:\/\/lorrylesmetz-histoire.fr\/index.php?rest_route=\/wp\/v2\/pages\/4356\/revisions"}],"predecessor-version":[{"id":4434,"href":"http:\/\/lorrylesmetz-histoire.fr\/index.php?rest_route=\/wp\/v2\/pages\/4356\/revisions\/4434"}],"up":[{"embeddable":true,"href":"http:\/\/lorrylesmetz-histoire.fr\/index.php?rest_route=\/wp\/v2\/pages\/4354"}],"wp:attachment":[{"href":"http:\/\/lorrylesmetz-histoire.fr\/index.php?rest_route=%2Fwp%2Fv2%2Fmedia&parent=4356"}],"curies":[{"name":"wp","href":"https:\/\/api.w.org\/{rel}","templated":true}]}}