{"id":4457,"date":"2019-03-17T15:31:53","date_gmt":"2019-03-17T14:31:53","guid":{"rendered":"http:\/\/lorrylesmetz-histoire.fr\/?page_id=4457"},"modified":"2019-03-17T15:31:53","modified_gmt":"2019-03-17T14:31:53","slug":"assemblee-generale-2019","status":"publish","type":"page","link":"http:\/\/lorrylesmetz-histoire.fr\/?page_id=4457","title":{"rendered":"Assembl\u00e9e g\u00e9n\u00e9rale 2019"},"content":{"rendered":"<h2>1<sup>er<\/sup> mars 2019<\/h2>\n<p>Assembl\u00e9e G\u00e9n\u00e9rale de Lorry-l\u00e8s-Metz \u00ab au fil du temps \u00bb.<br \/>\nApr\u00e8s l&rsquo;accueil de la pr\u00e9sidente, la secr\u00e9taire Fran\u00e7oise Bitaud a list\u00e9 les activit\u00e9s 2018, la tr\u00e9sori\u00e8re Ghislaine Foubet a expliqu\u00e9 le budget, Claudine Kester-Elghozi a lu le rapport moral et en a profit\u00e9 pour pr\u00e9senter \u00e0 l&rsquo;assistance chacun des membres du conseil d&rsquo;administration ainsi que les b\u00e9n\u00e9voles qui renforcent l&rsquo;\u00e9quipe, les remerciant tous chaleureusement pour leur efficacit\u00e9.<\/p>\n<p>L&rsquo;oriflamme de Lorry-l\u00e8s-Metz a \u00e9t\u00e9 remise officiellement \u00e0 Jean-Yves Le Ber, maire de la commune.<\/p>\n<p>Puis Claude Spitznagel a donn\u00e9 sa conf\u00e9rence sur l&rsquo;imprimerie messine au XIX<sup>e<\/sup> si\u00e8cle.<\/p>\n<p>Le verre de l&rsquo;amiti\u00e9 cl\u00f4tura la soir\u00e9e.<\/p>\n<div id=\"metaslider-id-4446\" style=\"width: 100%; margin: 0 auto;\" class=\"ml-slider-3-108-0 metaslider metaslider-responsive metaslider-4446 ml-slider has-dots-nav ms-theme-default\" role=\"region\" aria-label=\"AG 2019\" data-height=\"800\" data-width=\"800\">\n    <div id=\"metaslider_container_4446\">\n        <ul id='metaslider_4446' class='rslides'>\n            <li aria-roledescription='slide' aria-labelledby='slide-0'><a href=\"http:\/\/lorrylesmetz-histoire.fr\/wp-content\/uploads\/2019\/03\/A01.jpg\" target=\"_blank\"><img loading=\"lazy\" decoding=\"async\" src=\"http:\/\/lorrylesmetz-histoire.fr\/wp-content\/uploads\/2019\/03\/A01-800x800.jpg\" height=\"800\" width=\"800\" alt=\"\" class=\"slider-4446 slide-4447 msDefaultImage\" title=\"A01\" \/><\/a><\/li>\n            <li style='display: none;' aria-roledescription='slide' aria-labelledby='slide-1'><a href=\"http:\/\/lorrylesmetz-histoire.fr\/wp-content\/uploads\/2019\/03\/A02.jpg\" target=\"_blank\"><img loading=\"lazy\" decoding=\"async\" src=\"http:\/\/lorrylesmetz-histoire.fr\/wp-content\/uploads\/2019\/03\/A02-800x800.jpg\" height=\"800\" width=\"800\" alt=\"\" class=\"slider-4446 slide-4448 msDefaultImage\" title=\"A02\" \/><\/a><\/li>\n            <li style='display: none;' aria-roledescription='slide' aria-labelledby='slide-2'><a href=\"http:\/\/lorrylesmetz-histoire.fr\/wp-content\/uploads\/2019\/03\/A03.jpg\" target=\"_blank\"><img loading=\"lazy\" decoding=\"async\" src=\"http:\/\/lorrylesmetz-histoire.fr\/wp-content\/uploads\/2019\/03\/A03-800x800.jpg\" height=\"800\" width=\"800\" alt=\"\" class=\"slider-4446 slide-4449 msDefaultImage\" title=\"A03\" \/><\/a><\/li>\n            <li style='display: none;' aria-roledescription='slide' aria-labelledby='slide-3'><a href=\"http:\/\/lorrylesmetz-histoire.fr\/wp-content\/uploads\/2019\/03\/A04.jpg\" target=\"_blank\"><img loading=\"lazy\" decoding=\"async\" src=\"http:\/\/lorrylesmetz-histoire.fr\/wp-content\/uploads\/2019\/03\/A04-800x800.jpg\" height=\"800\" width=\"800\" alt=\"\" class=\"slider-4446 slide-4450 msDefaultImage\" title=\"A04\" \/><\/a><\/li>\n            <li style='display: none;' aria-roledescription='slide' aria-labelledby='slide-4'><a href=\"http:\/\/lorrylesmetz-histoire.fr\/wp-content\/uploads\/2019\/03\/A05.jpg\" target=\"_blank\"><img loading=\"lazy\" decoding=\"async\" src=\"http:\/\/lorrylesmetz-histoire.fr\/wp-content\/uploads\/2019\/03\/A05-800x800.jpg\" height=\"800\" width=\"800\" alt=\"\" class=\"slider-4446 slide-4451 msDefaultImage\" title=\"A05\" \/><\/a><\/li>\n            <li style='display: none;' aria-roledescription='slide' aria-labelledby='slide-5'><a href=\"http:\/\/lorrylesmetz-histoire.fr\/wp-content\/uploads\/2019\/03\/A06.jpg\" target=\"_blank\"><img loading=\"lazy\" decoding=\"async\" src=\"http:\/\/lorrylesmetz-histoire.fr\/wp-content\/uploads\/2019\/03\/A06-800x800.jpg\" height=\"800\" width=\"800\" alt=\"\" class=\"slider-4446 slide-4452 msDefaultImage\" title=\"A06\" \/><\/a><\/li>\n            <li style='display: none;' aria-roledescription='slide' aria-labelledby='slide-6'><a href=\"http:\/\/lorrylesmetz-histoire.fr\/wp-content\/uploads\/2019\/03\/A07.jpg\" target=\"_blank\"><img loading=\"lazy\" decoding=\"async\" src=\"http:\/\/lorrylesmetz-histoire.fr\/wp-content\/uploads\/2019\/03\/A07-800x800.jpg\" height=\"800\" width=\"800\" alt=\"\" class=\"slider-4446 slide-4453 msDefaultImage\" title=\"A07\" \/><\/a><\/li>\n            <li style='display: none;' aria-roledescription='slide' aria-labelledby='slide-7'><a href=\"http:\/\/lorrylesmetz-histoire.fr\/wp-content\/uploads\/2019\/03\/A08.jpg\" target=\"_blank\"><img loading=\"lazy\" decoding=\"async\" src=\"http:\/\/lorrylesmetz-histoire.fr\/wp-content\/uploads\/2019\/03\/A08-800x800.jpg\" height=\"800\" width=\"800\" alt=\"\" class=\"slider-4446 slide-4454 msDefaultImage\" title=\"A08\" \/><\/a><\/li>\n            <li style='display: none;' aria-roledescription='slide' aria-labelledby='slide-8'><a href=\"http:\/\/lorrylesmetz-histoire.fr\/wp-content\/uploads\/2019\/03\/A09.jpg\" target=\"_blank\"><img loading=\"lazy\" decoding=\"async\" src=\"http:\/\/lorrylesmetz-histoire.fr\/wp-content\/uploads\/2019\/03\/A09-800x800.jpg\" height=\"800\" width=\"800\" alt=\"\" class=\"slider-4446 slide-4455 msDefaultImage\" title=\"A09\" \/><\/a><\/li>\n            <li style='display: none;' aria-roledescription='slide' aria-labelledby='slide-9'><a href=\"http:\/\/lorrylesmetz-histoire.fr\/wp-content\/uploads\/2019\/03\/A10.jpg\" target=\"_blank\"><img loading=\"lazy\" decoding=\"async\" src=\"http:\/\/lorrylesmetz-histoire.fr\/wp-content\/uploads\/2019\/03\/A10-800x800.jpg\" height=\"800\" width=\"800\" alt=\"\" class=\"slider-4446 slide-4456 msDefaultImage\" title=\"A10\" \/><\/a><\/li>\n        <\/ul>\n        \n    <\/div>\n<\/div>\n<p>Photos G\u00e9rard Kester<\/p>\n<p><a href=\"http:\/\/lorrylesmetz-histoire.fr\/?page_id=4354\"><img loading=\"lazy\" decoding=\"async\" class=\"alignnone size-full wp-image-378\" src=\"http:\/\/lorrylesmetz-histoire.fr\/wp-content\/uploads\/2017\/05\/retour.png\" alt=\"\" width=\"89\" height=\"31\" \/><\/a><\/p>\n","protected":false},"excerpt":{"rendered":"<p>1er mars 2019 Assembl\u00e9e G\u00e9n\u00e9rale de Lorry-l\u00e8s-Metz \u00ab au fil du temps \u00bb. Apr\u00e8s l&rsquo;accueil de la pr\u00e9sidente, la secr\u00e9taire Fran\u00e7oise Bitaud a list\u00e9 les activit\u00e9s 2018, la tr\u00e9sori\u00e8re Ghislaine Foubet a expliqu\u00e9 le budget, Claudine Kester-Elghozi a lu le&hellip; <\/p>\n","protected":false},"author":1,"featured_media":0,"parent":4354,"menu_order":5,"comment_status":"closed","ping_status":"closed","template":"","meta":{"_mc_calendar":[],"footnotes":""},"class_list":["post-4457","page","type-page","status-publish","hentry"],"_links":{"self":[{"href":"http:\/\/lorrylesmetz-histoire.fr\/index.php?rest_route=\/wp\/v2\/pages\/4457","targetHints":{"allow":["GET"]}}],"collection":[{"href":"http:\/\/lorrylesmetz-histoire.fr\/index.php?rest_route=\/wp\/v2\/pages"}],"about":[{"href":"http:\/\/lorrylesmetz-histoire.fr\/index.php?rest_route=\/wp\/v2\/types\/page"}],"author":[{"embeddable":true,"href":"http:\/\/lorrylesmetz-histoire.fr\/index.php?rest_route=\/wp\/v2\/users\/1"}],"replies":[{"embeddable":true,"href":"http:\/\/lorrylesmetz-histoire.fr\/index.php?rest_route=%2Fwp%2Fv2%2Fcomments&post=4457"}],"version-history":[{"count":1,"href":"http:\/\/lorrylesmetz-histoire.fr\/index.php?rest_route=\/wp\/v2\/pages\/4457\/revisions"}],"predecessor-version":[{"id":4458,"href":"http:\/\/lorrylesmetz-histoire.fr\/index.php?rest_route=\/wp\/v2\/pages\/4457\/revisions\/4458"}],"up":[{"embeddable":true,"href":"http:\/\/lorrylesmetz-histoire.fr\/index.php?rest_route=\/wp\/v2\/pages\/4354"}],"wp:attachment":[{"href":"http:\/\/lorrylesmetz-histoire.fr\/index.php?rest_route=%2Fwp%2Fv2%2Fmedia&parent=4457"}],"curies":[{"name":"wp","href":"https:\/\/api.w.org\/{rel}","templated":true}]}}