{"id":4709,"date":"2019-12-23T07:19:35","date_gmt":"2019-12-23T06:19:35","guid":{"rendered":"http:\/\/lorrylesmetz-histoire.fr\/?page_id=4709"},"modified":"2019-12-31T16:32:52","modified_gmt":"2019-12-31T15:32:52","slug":"visite-a-la-cite-radieuse-de-briey","status":"publish","type":"page","link":"http:\/\/lorrylesmetz-histoire.fr\/?page_id=4709","title":{"rendered":"Visite \u00e0 la Cit\u00e9 radieuse de Briey"},"content":{"rendered":"<h2>12 juin<\/h2>\n<p>\u00c0 la visite programm\u00e9e par V\u00e9ronique Le Ber \u00e0 la Cit\u00e9 radieuse de Le Corbusier \u00e0 Briey, le \u00ab Fil du temps \u00bb \u00e9tait accompagn\u00e9 de Claude G\u00e9rard. Ce bloc construit au milieu d&rsquo;une for\u00eat en 1969 pour l&rsquo;Office d\u00e9partemental HLM, fut abandonn\u00e9 et menac\u00e9 de destruction en1980. Il est depuis progressivement r\u00e9habilit\u00e9. Une guide sympathique et pleine d&rsquo;humour a fait visiter le premier \u00e9tage. Le couloir est appel\u00e9 \u00ab rue \u00bb car initialement ce b\u00e2timent devait comporter une galerie marchande en \u00e9tage et une \u00e9cole maternelle sur le toit comme \u00e0 Marseille, ce qui fut refus\u00e9 par les parents et l&rsquo;\u00c9ducation nationale. Les appartements (est\/ouest) sont transversaux se distribuant sur deux \u00e9tages (genre duplex), pourvus d&rsquo;\u00e9chelles de meunier. Les plafonds sont \u00e0 2,25 m, les murs \u00ab\u00a0brut de b\u00e9ton\u00a0\u00bb. S&rsquo;ils sont tous \u00e9quip\u00e9s d&rsquo;une salle de bain, il n&rsquo;y a par contre aucun volume de rangement. Une pr\u00e9sentation d\u00e9taill\u00e9e \u00e9tait faite dans la pi\u00e8ce principale d&rsquo;un logement pr\u00e9vu pour un couple et deux enfants. Des d\u00e9tails comme la ventilation, des comptoirs de cuisine et certaines portes coulissantes \u00e9taient tr\u00e8s originaux pour l&rsquo;\u00e9poque.<br \/>\nCe fut une visite \u00e9difiante.<\/p>\n<div id=\"metaslider-id-4743\" style=\"width: 100%; margin: 0 auto;\" class=\"ml-slider-3-108-0 metaslider metaslider-responsive metaslider-4743 ml-slider has-dots-nav ms-theme-default\" role=\"region\" aria-label=\"Cit\u00e9e Radieuse\" data-height=\"800\" data-width=\"1000\">\n    <div id=\"metaslider_container_4743\">\n        <ul id='metaslider_4743' class='rslides'>\n            <li aria-roledescription='slide' aria-labelledby='slide-0'><a href=\"http:\/\/lorrylesmetz-histoire.fr\/wp-content\/uploads\/2019\/12\/B001.jpg\" target=\"_blank\"><img loading=\"lazy\" decoding=\"async\" src=\"http:\/\/lorrylesmetz-histoire.fr\/wp-content\/uploads\/2019\/12\/B001-1000x800.jpg\" height=\"800\" width=\"1000\" alt=\"\" class=\"slider-4743 slide-4744 msDefaultImage\" title=\"B001\" \/><\/a><\/li>\n            <li style='display: none;' aria-roledescription='slide' aria-labelledby='slide-1'><a href=\"http:\/\/lorrylesmetz-histoire.fr\/wp-content\/uploads\/2019\/12\/B001.jpg\" target=\"_blank\"><img loading=\"lazy\" decoding=\"async\" src=\"http:\/\/lorrylesmetz-histoire.fr\/wp-content\/uploads\/2019\/12\/B002-1000x800.jpg\" height=\"800\" width=\"1000\" alt=\"\" class=\"slider-4743 slide-4745 msDefaultImage\" title=\"B002\" \/><\/a><\/li>\n            <li style='display: none;' aria-roledescription='slide' aria-labelledby='slide-2'><img loading=\"lazy\" decoding=\"async\" src=\"http:\/\/lorrylesmetz-histoire.fr\/wp-content\/uploads\/2019\/12\/B003-1000x800.jpg\" height=\"800\" width=\"1000\" alt=\"\" class=\"slider-4743 slide-4746 msDefaultImage\" title=\"B003\" \/><\/li>\n            <li style='display: none;' aria-roledescription='slide' aria-labelledby='slide-3'><img loading=\"lazy\" decoding=\"async\" src=\"http:\/\/lorrylesmetz-histoire.fr\/wp-content\/uploads\/2019\/12\/B004-1000x800.jpg\" height=\"800\" width=\"1000\" alt=\"\" class=\"slider-4743 slide-4747 msDefaultImage\" title=\"B004\" \/><\/li>\n            <li style='display: none;' aria-roledescription='slide' aria-labelledby='slide-4'><img loading=\"lazy\" decoding=\"async\" src=\"http:\/\/lorrylesmetz-histoire.fr\/wp-content\/uploads\/2019\/12\/B005-1000x800.jpg\" height=\"800\" width=\"1000\" alt=\"\" class=\"slider-4743 slide-4748 msDefaultImage\" title=\"B005\" \/><\/li>\n            <li style='display: none;' aria-roledescription='slide' aria-labelledby='slide-5'><img loading=\"lazy\" decoding=\"async\" src=\"http:\/\/lorrylesmetz-histoire.fr\/wp-content\/uploads\/2019\/12\/B006-1000x800.jpg\" height=\"800\" width=\"1000\" alt=\"\" class=\"slider-4743 slide-4749 msDefaultImage\" title=\"B006\" \/><\/li>\n            <li style='display: none;' aria-roledescription='slide' aria-labelledby='slide-6'><img loading=\"lazy\" decoding=\"async\" src=\"http:\/\/lorrylesmetz-histoire.fr\/wp-content\/uploads\/2019\/12\/B007-1000x800.jpg\" height=\"800\" width=\"1000\" alt=\"\" class=\"slider-4743 slide-4750 msDefaultImage\" title=\"B007\" \/><\/li>\n            <li style='display: none;' aria-roledescription='slide' aria-labelledby='slide-7'><img loading=\"lazy\" decoding=\"async\" src=\"http:\/\/lorrylesmetz-histoire.fr\/wp-content\/uploads\/2019\/12\/B008-1000x800.jpg\" height=\"800\" width=\"1000\" alt=\"\" class=\"slider-4743 slide-4751 msDefaultImage\" title=\"B008\" \/><\/li>\n            <li style='display: none;' aria-roledescription='slide' aria-labelledby='slide-8'><img loading=\"lazy\" decoding=\"async\" src=\"http:\/\/lorrylesmetz-histoire.fr\/wp-content\/uploads\/2019\/12\/B009-1000x800.jpg\" height=\"800\" width=\"1000\" alt=\"\" class=\"slider-4743 slide-4752 msDefaultImage\" title=\"B009\" \/><\/li>\n            <li style='display: none;' aria-roledescription='slide' aria-labelledby='slide-9'><img loading=\"lazy\" decoding=\"async\" src=\"http:\/\/lorrylesmetz-histoire.fr\/wp-content\/uploads\/2019\/12\/B010-1000x800.jpg\" height=\"800\" width=\"1000\" alt=\"\" class=\"slider-4743 slide-4753 msDefaultImage\" title=\"B010\" \/><\/li>\n            <li style='display: none;' aria-roledescription='slide' aria-labelledby='slide-10'><img loading=\"lazy\" decoding=\"async\" src=\"http:\/\/lorrylesmetz-histoire.fr\/wp-content\/uploads\/2019\/12\/B011-1000x800.jpg\" height=\"800\" width=\"1000\" alt=\"\" class=\"slider-4743 slide-4754 msDefaultImage\" title=\"B011\" \/><\/li>\n            <li style='display: none;' aria-roledescription='slide' aria-labelledby='slide-11'><img loading=\"lazy\" decoding=\"async\" src=\"http:\/\/lorrylesmetz-histoire.fr\/wp-content\/uploads\/2019\/12\/B012-1000x800.jpg\" height=\"800\" width=\"1000\" alt=\"\" class=\"slider-4743 slide-4755 msDefaultImage\" title=\"B012\" \/><\/li>\n            <li style='display: none;' aria-roledescription='slide' aria-labelledby='slide-12'><img loading=\"lazy\" decoding=\"async\" src=\"http:\/\/lorrylesmetz-histoire.fr\/wp-content\/uploads\/2019\/12\/B013-1000x800.jpg\" height=\"800\" width=\"1000\" alt=\"\" class=\"slider-4743 slide-4756 msDefaultImage\" title=\"B013\" \/><\/li>\n            <li style='display: none;' aria-roledescription='slide' aria-labelledby='slide-13'><img loading=\"lazy\" decoding=\"async\" src=\"http:\/\/lorrylesmetz-histoire.fr\/wp-content\/uploads\/2019\/12\/B014-1000x800.jpg\" height=\"800\" width=\"1000\" alt=\"\" class=\"slider-4743 slide-4757 msDefaultImage\" title=\"B014\" \/><\/li>\n            <li style='display: none;' aria-roledescription='slide' aria-labelledby='slide-14'><img loading=\"lazy\" decoding=\"async\" src=\"http:\/\/lorrylesmetz-histoire.fr\/wp-content\/uploads\/2019\/12\/B015-1000x800.jpg\" height=\"800\" width=\"1000\" alt=\"\" class=\"slider-4743 slide-4758 msDefaultImage\" title=\"B015\" \/><\/li>\n            <li style='display: none;' aria-roledescription='slide' aria-labelledby='slide-15'><img loading=\"lazy\" decoding=\"async\" src=\"http:\/\/lorrylesmetz-histoire.fr\/wp-content\/uploads\/2019\/12\/B016-1000x800.jpg\" height=\"800\" width=\"1000\" alt=\"\" class=\"slider-4743 slide-4759 msDefaultImage\" title=\"B016\" \/><\/li>\n            <li style='display: none;' aria-roledescription='slide' aria-labelledby='slide-16'><img loading=\"lazy\" decoding=\"async\" src=\"http:\/\/lorrylesmetz-histoire.fr\/wp-content\/uploads\/2019\/12\/B017-1000x800.jpg\" height=\"800\" width=\"1000\" alt=\"\" class=\"slider-4743 slide-4760 msDefaultImage\" title=\"B017\" \/><\/li>\n            <li style='display: none;' aria-roledescription='slide' aria-labelledby='slide-17'><img loading=\"lazy\" decoding=\"async\" src=\"http:\/\/lorrylesmetz-histoire.fr\/wp-content\/uploads\/2019\/12\/B018-1000x800.jpg\" height=\"800\" width=\"1000\" alt=\"\" class=\"slider-4743 slide-4761 msDefaultImage\" title=\"B018\" \/><\/li>\n        <\/ul>\n        \n    <\/div>\n<\/div>\n<p>Photos Claudine Kester-ElGhozi<\/p>\n<p><a href=\"http:\/\/lorrylesmetz-histoire.fr\/?page_id=4354\"><img loading=\"lazy\" decoding=\"async\" class=\"alignnone size-full wp-image-378\" src=\"http:\/\/lorrylesmetz-histoire.fr\/wp-content\/uploads\/2017\/05\/retour.png\" alt=\"\" width=\"89\" height=\"31\" \/><\/a><\/p>\n","protected":false},"excerpt":{"rendered":"<p>12 juin \u00c0 la visite programm\u00e9e par V\u00e9ronique Le Ber \u00e0 la Cit\u00e9 radieuse de Le Corbusier \u00e0 Briey, le \u00ab Fil du temps \u00bb \u00e9tait accompagn\u00e9 de Claude G\u00e9rard. Ce bloc construit au milieu d&rsquo;une for\u00eat en 1969 pour&hellip; <\/p>\n","protected":false},"author":1,"featured_media":0,"parent":4354,"menu_order":1,"comment_status":"closed","ping_status":"closed","template":"","meta":{"_mc_calendar":[],"footnotes":""},"class_list":["post-4709","page","type-page","status-publish","hentry"],"_links":{"self":[{"href":"http:\/\/lorrylesmetz-histoire.fr\/index.php?rest_route=\/wp\/v2\/pages\/4709","targetHints":{"allow":["GET"]}}],"collection":[{"href":"http:\/\/lorrylesmetz-histoire.fr\/index.php?rest_route=\/wp\/v2\/pages"}],"about":[{"href":"http:\/\/lorrylesmetz-histoire.fr\/index.php?rest_route=\/wp\/v2\/types\/page"}],"author":[{"embeddable":true,"href":"http:\/\/lorrylesmetz-histoire.fr\/index.php?rest_route=\/wp\/v2\/users\/1"}],"replies":[{"embeddable":true,"href":"http:\/\/lorrylesmetz-histoire.fr\/index.php?rest_route=%2Fwp%2Fv2%2Fcomments&post=4709"}],"version-history":[{"count":9,"href":"http:\/\/lorrylesmetz-histoire.fr\/index.php?rest_route=\/wp\/v2\/pages\/4709\/revisions"}],"predecessor-version":[{"id":5272,"href":"http:\/\/lorrylesmetz-histoire.fr\/index.php?rest_route=\/wp\/v2\/pages\/4709\/revisions\/5272"}],"up":[{"embeddable":true,"href":"http:\/\/lorrylesmetz-histoire.fr\/index.php?rest_route=\/wp\/v2\/pages\/4354"}],"wp:attachment":[{"href":"http:\/\/lorrylesmetz-histoire.fr\/index.php?rest_route=%2Fwp%2Fv2%2Fmedia&parent=4709"}],"curies":[{"name":"wp","href":"https:\/\/api.w.org\/{rel}","templated":true}]}}