{"id":4917,"date":"2019-12-24T07:36:08","date_gmt":"2019-12-24T06:36:08","guid":{"rendered":"http:\/\/lorrylesmetz-histoire.fr\/?page_id=4917"},"modified":"2019-12-24T11:38:09","modified_gmt":"2019-12-24T10:38:09","slug":"soiree-conte","status":"publish","type":"page","link":"http:\/\/lorrylesmetz-histoire.fr\/?page_id=4917","title":{"rendered":"Soir\u00e9e contes"},"content":{"rendered":"<h2>8 novembre<\/h2>\n<p>Une soir\u00e9e pleine de bonne humeur et de rires avec un merveilleux conteur : Daniel Dubourg\u2009!<br \/>\nLes voisins, les amis \u00e9taient invit\u00e9s \u00e0 se chauffer autour de la chemin\u00e9e de Lorry-l\u00e8s-Metz \u00ab au fil du temps \u00bb, sans r\u00e9veiller le chat. La Claudine attendait son conteur, qui a r\u00e9chauff\u00e9 par son humour, les longues soir\u00e9es d\u2019hiver et les c\u0153urs\u2026<br \/>\nIls sont venus nombreux\u2009!<br \/>\nLa table \u00e9tait agr\u00e9ment\u00e9e de compositions r\u00e9alis\u00e9es par V\u00e9ronique Le Ber et les bonnes \u00e2mes habituelles avaient cuisin\u00e9 de bons g\u00e2teaux. Merci \u00e0 tous\u2009!<\/p>\n<div id=\"metaslider-id-4923\" style=\"width: 100%; margin: 0 auto;\" class=\"ml-slider-3-108-0 metaslider metaslider-responsive metaslider-4923 ml-slider has-dots-nav ms-theme-default\" role=\"region\" aria-label=\"soir\u00e9e conte 2019\" data-height=\"800\" data-width=\"1000\">\n    <div id=\"metaslider_container_4923\">\n        <ul id='metaslider_4923' class='rslides'>\n            <li aria-roledescription='slide' aria-labelledby='slide-0'><a href=\"http:\/\/lorrylesmetz-histoire.fr\/wp-content\/uploads\/2019\/12\/F001.jpg\" target=\"_blank\"><img loading=\"lazy\" decoding=\"async\" src=\"http:\/\/lorrylesmetz-histoire.fr\/wp-content\/uploads\/2019\/12\/F001-1000x800.jpg\" height=\"800\" width=\"1000\" alt=\"\" class=\"slider-4923 slide-4924 msDefaultImage\" title=\"F001\" \/><\/a><\/li>\n            <li style='display: none;' aria-roledescription='slide' aria-labelledby='slide-1'><a href=\"http:\/\/lorrylesmetz-histoire.fr\/wp-content\/uploads\/2019\/12\/F002.jpg\" target=\"_blank\"><img loading=\"lazy\" decoding=\"async\" src=\"http:\/\/lorrylesmetz-histoire.fr\/wp-content\/uploads\/2019\/12\/F002-1000x800.jpg\" height=\"800\" width=\"1000\" alt=\"\" class=\"slider-4923 slide-4925 msDefaultImage\" title=\"F002\" \/><\/a><\/li>\n            <li style='display: none;' aria-roledescription='slide' aria-labelledby='slide-2'><a href=\"http:\/\/lorrylesmetz-histoire.fr\/wp-content\/uploads\/2019\/12\/F003.jpg\" target=\"_blank\"><img loading=\"lazy\" decoding=\"async\" src=\"http:\/\/lorrylesmetz-histoire.fr\/wp-content\/uploads\/2019\/12\/F003-1000x800.jpg\" height=\"800\" width=\"1000\" alt=\"\" class=\"slider-4923 slide-4926 msDefaultImage\" title=\"F003\" \/><\/a><\/li>\n            <li style='display: none;' aria-roledescription='slide' aria-labelledby='slide-3'><a href=\"http:\/\/lorrylesmetz-histoire.fr\/wp-content\/uploads\/2019\/12\/F004.jpg\" target=\"_blank\"><img loading=\"lazy\" decoding=\"async\" src=\"http:\/\/lorrylesmetz-histoire.fr\/wp-content\/uploads\/2019\/12\/F004-1000x800.jpg\" height=\"800\" width=\"1000\" alt=\"\" class=\"slider-4923 slide-4927 msDefaultImage\" title=\"F004\" \/><\/a><\/li>\n            <li style='display: none;' aria-roledescription='slide' aria-labelledby='slide-4'><a href=\"http:\/\/lorrylesmetz-histoire.fr\/wp-content\/uploads\/2019\/12\/F005.jpg\" target=\"_blank\"><img loading=\"lazy\" decoding=\"async\" src=\"http:\/\/lorrylesmetz-histoire.fr\/wp-content\/uploads\/2019\/12\/F005-1000x800.jpg\" height=\"800\" width=\"1000\" alt=\"\" class=\"slider-4923 slide-4928 msDefaultImage\" title=\"F005\" \/><\/a><\/li>\n            <li style='display: none;' aria-roledescription='slide' aria-labelledby='slide-5'><a href=\"http:\/\/lorrylesmetz-histoire.fr\/wp-content\/uploads\/2019\/12\/F006.jpg\" target=\"_blank\"><img loading=\"lazy\" decoding=\"async\" src=\"http:\/\/lorrylesmetz-histoire.fr\/wp-content\/uploads\/2019\/12\/F006-1000x800.jpg\" height=\"800\" width=\"1000\" alt=\"\" class=\"slider-4923 slide-4929 msDefaultImage\" title=\"F006\" \/><\/a><\/li>\n            <li style='display: none;' aria-roledescription='slide' aria-labelledby='slide-6'><a href=\"http:\/\/lorrylesmetz-histoire.fr\/wp-content\/uploads\/2019\/12\/F007.jpg\" target=\"_blank\"><img loading=\"lazy\" decoding=\"async\" src=\"http:\/\/lorrylesmetz-histoire.fr\/wp-content\/uploads\/2019\/12\/F007-1000x800.jpg\" height=\"800\" width=\"1000\" alt=\"\" class=\"slider-4923 slide-4930 msDefaultImage\" title=\"F007\" \/><\/a><\/li>\n            <li style='display: none;' aria-roledescription='slide' aria-labelledby='slide-7'><a href=\"http:\/\/lorrylesmetz-histoire.fr\/wp-content\/uploads\/2019\/12\/F008.jpg\" target=\"_blank\"><img loading=\"lazy\" decoding=\"async\" src=\"http:\/\/lorrylesmetz-histoire.fr\/wp-content\/uploads\/2019\/12\/F008-1000x800.jpg\" height=\"800\" width=\"1000\" alt=\"\" class=\"slider-4923 slide-4931 msDefaultImage\" title=\"F008\" \/><\/a><\/li>\n            <li style='display: none;' aria-roledescription='slide' aria-labelledby='slide-8'><a href=\"http:\/\/lorrylesmetz-histoire.fr\/wp-content\/uploads\/2019\/12\/F009.jpg\" target=\"_blank\"><img loading=\"lazy\" decoding=\"async\" src=\"http:\/\/lorrylesmetz-histoire.fr\/wp-content\/uploads\/2019\/12\/F009-1000x800.jpg\" height=\"800\" width=\"1000\" alt=\"\" class=\"slider-4923 slide-4932 msDefaultImage\" title=\"F009\" \/><\/a><\/li>\n            <li style='display: none;' aria-roledescription='slide' aria-labelledby='slide-9'><a href=\"http:\/\/lorrylesmetz-histoire.fr\/wp-content\/uploads\/2019\/12\/F010.jpg\" target=\"_blank\"><img loading=\"lazy\" decoding=\"async\" src=\"http:\/\/lorrylesmetz-histoire.fr\/wp-content\/uploads\/2019\/12\/F010-1000x800.jpg\" height=\"800\" width=\"1000\" alt=\"\" class=\"slider-4923 slide-4933 msDefaultImage\" title=\"F010\" \/><\/a><\/li>\n            <li style='display: none;' aria-roledescription='slide' aria-labelledby='slide-10'><a href=\"http:\/\/lorrylesmetz-histoire.fr\/wp-content\/uploads\/2019\/12\/F011.jpg\" target=\"_blank\"><img loading=\"lazy\" decoding=\"async\" src=\"http:\/\/lorrylesmetz-histoire.fr\/wp-content\/uploads\/2019\/12\/F011-1000x800.jpg\" height=\"800\" width=\"1000\" alt=\"\" class=\"slider-4923 slide-4934 msDefaultImage\" title=\"F011\" \/><\/a><\/li>\n            <li style='display: none;' aria-roledescription='slide' aria-labelledby='slide-11'><a href=\"http:\/\/lorrylesmetz-histoire.fr\/wp-content\/uploads\/2019\/12\/F012.jpg\" target=\"_blank\"><img loading=\"lazy\" decoding=\"async\" src=\"http:\/\/lorrylesmetz-histoire.fr\/wp-content\/uploads\/2019\/12\/F012-1000x800.jpg\" height=\"800\" width=\"1000\" alt=\"\" class=\"slider-4923 slide-4935 msDefaultImage\" title=\"F012\" \/><\/a><\/li>\n            <li style='display: none;' aria-roledescription='slide' aria-labelledby='slide-12'><a href=\"http:\/\/lorrylesmetz-histoire.fr\/wp-content\/uploads\/2019\/12\/F013.jpg\" target=\"_blank\"><img loading=\"lazy\" decoding=\"async\" src=\"http:\/\/lorrylesmetz-histoire.fr\/wp-content\/uploads\/2019\/12\/F013-1000x800.jpg\" height=\"800\" width=\"1000\" alt=\"\" class=\"slider-4923 slide-4936 msDefaultImage\" title=\"F013\" \/><\/a><\/li>\n            <li style='display: none;' aria-roledescription='slide' aria-labelledby='slide-13'><a href=\"http:\/\/lorrylesmetz-histoire.fr\/wp-content\/uploads\/2019\/12\/F014.jpg\" target=\"_blank\"><img loading=\"lazy\" decoding=\"async\" src=\"http:\/\/lorrylesmetz-histoire.fr\/wp-content\/uploads\/2019\/12\/F014-1000x800.jpg\" height=\"800\" width=\"1000\" alt=\"\" class=\"slider-4923 slide-4937 msDefaultImage\" title=\"F014\" \/><\/a><\/li>\n            <li style='display: none;' aria-roledescription='slide' aria-labelledby='slide-14'><a href=\"http:\/\/lorrylesmetz-histoire.fr\/wp-content\/uploads\/2019\/12\/F015.jpg\" target=\"_blank\"><img loading=\"lazy\" decoding=\"async\" src=\"http:\/\/lorrylesmetz-histoire.fr\/wp-content\/uploads\/2019\/12\/F015-1000x800.jpg\" height=\"800\" width=\"1000\" alt=\"\" class=\"slider-4923 slide-4938 msDefaultImage\" title=\"F015\" \/><\/a><\/li>\n            <li style='display: none;' aria-roledescription='slide' aria-labelledby='slide-15'><a href=\"http:\/\/lorrylesmetz-histoire.fr\/wp-content\/uploads\/2019\/12\/F016.jpg\" target=\"_blank\"><img loading=\"lazy\" decoding=\"async\" src=\"http:\/\/lorrylesmetz-histoire.fr\/wp-content\/uploads\/2019\/12\/F016-1000x800.jpg\" height=\"800\" width=\"1000\" alt=\"\" class=\"slider-4923 slide-4939 msDefaultImage\" title=\"F016\" \/><\/a><\/li>\n            <li style='display: none;' aria-roledescription='slide' aria-labelledby='slide-16'><a href=\"http:\/\/lorrylesmetz-histoire.fr\/wp-content\/uploads\/2019\/12\/F017.jpg\" target=\"_blank\"><img loading=\"lazy\" decoding=\"async\" src=\"http:\/\/lorrylesmetz-histoire.fr\/wp-content\/uploads\/2019\/12\/F017-1000x800.jpg\" height=\"800\" width=\"1000\" alt=\"\" class=\"slider-4923 slide-4940 msDefaultImage\" title=\"F017\" \/><\/a><\/li>\n            <li style='display: none;' aria-roledescription='slide' aria-labelledby='slide-17'><a href=\"http:\/\/lorrylesmetz-histoire.fr\/wp-content\/uploads\/2019\/12\/F018.jpg\" target=\"_blank\"><img loading=\"lazy\" decoding=\"async\" src=\"http:\/\/lorrylesmetz-histoire.fr\/wp-content\/uploads\/2019\/12\/F018-1000x800.jpg\" height=\"800\" width=\"1000\" alt=\"\" class=\"slider-4923 slide-4941 msDefaultImage\" title=\"F018\" \/><\/a><\/li>\n            <li style='display: none;' aria-roledescription='slide' aria-labelledby='slide-18'><a href=\"http:\/\/lorrylesmetz-histoire.fr\/wp-content\/uploads\/2019\/12\/F019.jpg\" target=\"_blank\"><img loading=\"lazy\" decoding=\"async\" src=\"http:\/\/lorrylesmetz-histoire.fr\/wp-content\/uploads\/2019\/12\/F019-1000x800.jpg\" height=\"800\" width=\"1000\" alt=\"\" class=\"slider-4923 slide-4942 msDefaultImage\" title=\"F019\" \/><\/a><\/li>\n            <li style='display: none;' aria-roledescription='slide' aria-labelledby='slide-19'><a href=\"http:\/\/lorrylesmetz-histoire.fr\/wp-content\/uploads\/2019\/12\/F020.jpg\" target=\"_blank\"><img loading=\"lazy\" decoding=\"async\" src=\"http:\/\/lorrylesmetz-histoire.fr\/wp-content\/uploads\/2019\/12\/F020-1000x800.jpg\" height=\"800\" width=\"1000\" alt=\"\" class=\"slider-4923 slide-4943 msDefaultImage\" title=\"F020\" \/><\/a><\/li>\n            <li style='display: none;' aria-roledescription='slide' aria-labelledby='slide-20'><a href=\"http:\/\/lorrylesmetz-histoire.fr\/wp-content\/uploads\/2019\/12\/F021.jpg\" target=\"_blank\"><img loading=\"lazy\" decoding=\"async\" src=\"http:\/\/lorrylesmetz-histoire.fr\/wp-content\/uploads\/2019\/12\/F021-1000x800.jpg\" height=\"800\" width=\"1000\" alt=\"\" class=\"slider-4923 slide-4944 msDefaultImage\" title=\"F021\" \/><\/a><\/li>\n            <li style='display: none;' aria-roledescription='slide' aria-labelledby='slide-21'><a href=\"http:\/\/lorrylesmetz-histoire.fr\/wp-content\/uploads\/2019\/12\/F022.jpg\" target=\"_blank\"><img loading=\"lazy\" decoding=\"async\" src=\"http:\/\/lorrylesmetz-histoire.fr\/wp-content\/uploads\/2019\/12\/F022-1000x800.jpg\" height=\"800\" width=\"1000\" alt=\"\" class=\"slider-4923 slide-4945 msDefaultImage\" title=\"F022\" \/><\/a><\/li>\n            <li style='display: none;' aria-roledescription='slide' aria-labelledby='slide-22'><a href=\"http:\/\/lorrylesmetz-histoire.fr\/wp-content\/uploads\/2019\/12\/F023.jpg\" target=\"_blank\"><img loading=\"lazy\" decoding=\"async\" src=\"http:\/\/lorrylesmetz-histoire.fr\/wp-content\/uploads\/2019\/12\/F023-1000x800.jpg\" height=\"800\" width=\"1000\" alt=\"\" class=\"slider-4923 slide-4946 msDefaultImage\" title=\"F023\" \/><\/a><\/li>\n            <li style='display: none;' aria-roledescription='slide' aria-labelledby='slide-23'><a href=\"http:\/\/lorrylesmetz-histoire.fr\/wp-content\/uploads\/2019\/12\/F024.jpg\" target=\"_blank\"><img loading=\"lazy\" decoding=\"async\" src=\"http:\/\/lorrylesmetz-histoire.fr\/wp-content\/uploads\/2019\/12\/F024-1000x800.jpg\" height=\"800\" width=\"1000\" alt=\"\" class=\"slider-4923 slide-4947 msDefaultImage\" title=\"F024\" \/><\/a><\/li>\n            <li style='display: none;' aria-roledescription='slide' aria-labelledby='slide-24'><a href=\"http:\/\/lorrylesmetz-histoire.fr\/wp-content\/uploads\/2019\/12\/F025.jpg\" target=\"_blank\"><img loading=\"lazy\" decoding=\"async\" src=\"http:\/\/lorrylesmetz-histoire.fr\/wp-content\/uploads\/2019\/12\/F025-1000x800.jpg\" height=\"800\" width=\"1000\" alt=\"\" class=\"slider-4923 slide-4948 msDefaultImage\" title=\"F025\" \/><\/a><\/li>\n            <li style='display: none;' aria-roledescription='slide' aria-labelledby='slide-25'><a href=\"http:\/\/lorrylesmetz-histoire.fr\/wp-content\/uploads\/2019\/12\/F026.jpg\" target=\"_blank\"><img loading=\"lazy\" decoding=\"async\" src=\"http:\/\/lorrylesmetz-histoire.fr\/wp-content\/uploads\/2019\/12\/F026-1000x800.jpg\" height=\"800\" width=\"1000\" alt=\"\" class=\"slider-4923 slide-4949 msDefaultImage\" title=\"F026\" \/><\/a><\/li>\n        <\/ul>\n        \n    <\/div>\n<\/div>\n<p>Photos Claudine Kester-ElGhozi<\/p>\n<p><a href=\"http:\/\/lorrylesmetz-histoire.fr\/?page_id=4354\"><img loading=\"lazy\" decoding=\"async\" class=\"alignnone size-full wp-image-378\" src=\"http:\/\/lorrylesmetz-histoire.fr\/wp-content\/uploads\/2017\/05\/retour.png\" alt=\"\" width=\"89\" height=\"31\" \/><\/a><\/p>\n","protected":false},"excerpt":{"rendered":"<p>8 novembre Une soir\u00e9e pleine de bonne humeur et de rires avec un merveilleux conteur : Daniel Dubourg\u2009! Les voisins, les amis \u00e9taient invit\u00e9s \u00e0 se chauffer autour de la chemin\u00e9e de Lorry-l\u00e8s-Metz \u00ab au fil du temps \u00bb, sans&hellip; <\/p>\n","protected":false},"author":1,"featured_media":0,"parent":4354,"menu_order":0,"comment_status":"closed","ping_status":"closed","template":"","meta":{"_mc_calendar":[],"footnotes":""},"class_list":["post-4917","page","type-page","status-publish","hentry"],"_links":{"self":[{"href":"http:\/\/lorrylesmetz-histoire.fr\/index.php?rest_route=\/wp\/v2\/pages\/4917","targetHints":{"allow":["GET"]}}],"collection":[{"href":"http:\/\/lorrylesmetz-histoire.fr\/index.php?rest_route=\/wp\/v2\/pages"}],"about":[{"href":"http:\/\/lorrylesmetz-histoire.fr\/index.php?rest_route=\/wp\/v2\/types\/page"}],"author":[{"embeddable":true,"href":"http:\/\/lorrylesmetz-histoire.fr\/index.php?rest_route=\/wp\/v2\/users\/1"}],"replies":[{"embeddable":true,"href":"http:\/\/lorrylesmetz-histoire.fr\/index.php?rest_route=%2Fwp%2Fv2%2Fcomments&post=4917"}],"version-history":[{"count":7,"href":"http:\/\/lorrylesmetz-histoire.fr\/index.php?rest_route=\/wp\/v2\/pages\/4917\/revisions"}],"predecessor-version":[{"id":4978,"href":"http:\/\/lorrylesmetz-histoire.fr\/index.php?rest_route=\/wp\/v2\/pages\/4917\/revisions\/4978"}],"up":[{"embeddable":true,"href":"http:\/\/lorrylesmetz-histoire.fr\/index.php?rest_route=\/wp\/v2\/pages\/4354"}],"wp:attachment":[{"href":"http:\/\/lorrylesmetz-histoire.fr\/index.php?rest_route=%2Fwp%2Fv2%2Fmedia&parent=4917"}],"curies":[{"name":"wp","href":"https:\/\/api.w.org\/{rel}","templated":true}]}}