{"id":4996,"date":"2019-12-27T15:00:20","date_gmt":"2019-12-27T14:00:20","guid":{"rendered":"http:\/\/lorrylesmetz-histoire.fr\/?page_id=4996"},"modified":"2019-12-28T12:27:09","modified_gmt":"2019-12-28T11:27:09","slug":"revue-le-pays-lorrain","status":"publish","type":"page","link":"http:\/\/lorrylesmetz-histoire.fr\/?page_id=4996","title":{"rendered":"Revue Le pays lorrain"},"content":{"rendered":"<p>Nous avons re\u00e7u, en don, les publications de la revue <em>Le Pays lorrain<\/em> allant de 1932 \u00e0 1939 puis de 1951 \u00e0 1978. Nous en avons extraits les sommaires que vous trouvez ici.<\/p>\n<p><span class=\"btImage1\"><a href=\"http:\/\/lorrylesmetz-histoire.fr\/?page_id=4998\"><img decoding=\"async\" src=\"http:\/\/lorrylesmetz-histoire.fr\/wp-content\/plugins\/bt-annee\/images\/bt_annee.png\" class=\"btImage2\"><span class=\"btImage3\">1932<\/span><\/a><\/span>\n\u00a0 <span class=\"btImage1\"><a href=\"http:\/\/lorrylesmetz-histoire.fr\/?page_id=4999\"><img decoding=\"async\" src=\"http:\/\/lorrylesmetz-histoire.fr\/wp-content\/plugins\/bt-annee\/images\/bt_annee.png\" class=\"btImage2\"><span class=\"btImage3\">1933<\/span><\/a><\/span>\n\u00a0 <span class=\"btImage1\"><a href=\"http:\/\/lorrylesmetz-histoire.fr\/?page_id=5000\"><img decoding=\"async\" src=\"http:\/\/lorrylesmetz-histoire.fr\/wp-content\/plugins\/bt-annee\/images\/bt_annee.png\" class=\"btImage2\"><span class=\"btImage3\">1934<\/span><\/a><\/span>\n\u00a0 <span class=\"btImage1\"><a href=\"http:\/\/lorrylesmetz-histoire.fr\/?page_id=5001\"><img decoding=\"async\" src=\"http:\/\/lorrylesmetz-histoire.fr\/wp-content\/plugins\/bt-annee\/images\/bt_annee.png\" class=\"btImage2\"><span class=\"btImage3\">1935<\/span><\/a><\/span>\n<\/p>\n<p><span class=\"btImage1\"><a href=\"http:\/\/lorrylesmetz-histoire.fr\/?page_id=5002\"><img decoding=\"async\" src=\"http:\/\/lorrylesmetz-histoire.fr\/wp-content\/plugins\/bt-annee\/images\/bt_annee.png\" class=\"btImage2\"><span class=\"btImage3\">1936<\/span><\/a><\/span>\n\u00a0 <span class=\"btImage1\"><a href=\"http:\/\/lorrylesmetz-histoire.fr\/?page_id=5003\"><img decoding=\"async\" src=\"http:\/\/lorrylesmetz-histoire.fr\/wp-content\/plugins\/bt-annee\/images\/bt_annee.png\" class=\"btImage2\"><span class=\"btImage3\">1937<\/span><\/a><\/span>\n\u00a0 <span class=\"btImage1\"><a href=\"http:\/\/lorrylesmetz-histoire.fr\/?page_id=5004\"><img decoding=\"async\" src=\"http:\/\/lorrylesmetz-histoire.fr\/wp-content\/plugins\/bt-annee\/images\/bt_annee.png\" class=\"btImage2\"><span class=\"btImage3\">1938<\/span><\/a><\/span>\n\u00a0 <span class=\"btImage1\"><a href=\"http:\/\/lorrylesmetz-histoire.fr\/?page_id=5005\"><img decoding=\"async\" src=\"http:\/\/lorrylesmetz-histoire.fr\/wp-content\/plugins\/bt-annee\/images\/bt_annee.png\" class=\"btImage2\"><span class=\"btImage3\">1939<\/span><\/a><\/span>\n<\/p>\n<p><span class=\"btImage1\"><a href=\"http:\/\/lorrylesmetz-histoire.fr\/?page_id=5006\"><img decoding=\"async\" src=\"http:\/\/lorrylesmetz-histoire.fr\/wp-content\/plugins\/bt-annee\/images\/bt_annee.png\" class=\"btImage2\"><span class=\"btImage3\">1951<\/span><\/a><\/span>\n\u00a0 <span class=\"btImage1\"><a href=\"http:\/\/lorrylesmetz-histoire.fr\/?page_id=5007\"><img decoding=\"async\" src=\"http:\/\/lorrylesmetz-histoire.fr\/wp-content\/plugins\/bt-annee\/images\/bt_annee.png\" class=\"btImage2\"><span class=\"btImage3\">1952<\/span><\/a><\/span>\n\u00a0 <span class=\"btImage1\"><a href=\"http:\/\/lorrylesmetz-histoire.fr\/?page_id=5072\"><img decoding=\"async\" src=\"http:\/\/lorrylesmetz-histoire.fr\/wp-content\/plugins\/bt-annee\/images\/bt_annee.png\" class=\"btImage2\"><span class=\"btImage3\">1953<\/span><\/a><\/span>\n\u00a0 <span class=\"btImage1\"><a href=\"http:\/\/lorrylesmetz-histoire.fr\/?page_id=5071\"><img decoding=\"async\" src=\"http:\/\/lorrylesmetz-histoire.fr\/wp-content\/plugins\/bt-annee\/images\/bt_annee.png\" class=\"btImage2\"><span class=\"btImage3\">1954<\/span><\/a><\/span>\n<\/p>\n<p><span class=\"btImage1\"><a href=\"http:\/\/lorrylesmetz-histoire.fr\/?page_id=5070\"><img decoding=\"async\" src=\"http:\/\/lorrylesmetz-histoire.fr\/wp-content\/plugins\/bt-annee\/images\/bt_annee.png\" class=\"btImage2\"><span class=\"btImage3\">1955<\/span><\/a><\/span>\n\u00a0 <span class=\"btImage1\"><a href=\"http:\/\/lorrylesmetz-histoire.fr\/?page_id=5069\"><img decoding=\"async\" src=\"http:\/\/lorrylesmetz-histoire.fr\/wp-content\/plugins\/bt-annee\/images\/bt_annee.png\" class=\"btImage2\"><span class=\"btImage3\">1956<\/span><\/a><\/span>\n\u00a0 <span class=\"btImage1\"><a href=\"http:\/\/lorrylesmetz-histoire.fr\/?page_id=5068\"><img decoding=\"async\" src=\"http:\/\/lorrylesmetz-histoire.fr\/wp-content\/plugins\/bt-annee\/images\/bt_annee.png\" class=\"btImage2\"><span class=\"btImage3\">1957<\/span><\/a><\/span>\n\u00a0 <span class=\"btImage1\"><a href=\"http:\/\/lorrylesmetz-histoire.fr\/?page_id=5067\"><img decoding=\"async\" src=\"http:\/\/lorrylesmetz-histoire.fr\/wp-content\/plugins\/bt-annee\/images\/bt_annee.png\" class=\"btImage2\"><span class=\"btImage3\">1958<\/span><\/a><\/span>\n<\/p>\n<p><span class=\"btImage1\"><a href=\"http:\/\/lorrylesmetz-histoire.fr\/?page_id=5066\"><img decoding=\"async\" src=\"http:\/\/lorrylesmetz-histoire.fr\/wp-content\/plugins\/bt-annee\/images\/bt_annee.png\" class=\"btImage2\"><span class=\"btImage3\">1959<\/span><\/a><\/span>\n\u00a0 <span class=\"btImage1\"><a href=\"http:\/\/lorrylesmetz-histoire.fr\/?page_id=5065\"><img decoding=\"async\" src=\"http:\/\/lorrylesmetz-histoire.fr\/wp-content\/plugins\/bt-annee\/images\/bt_annee.png\" class=\"btImage2\"><span class=\"btImage3\">1960<\/span><\/a><\/span>\n\u00a0 <span class=\"btImage1\"><a href=\"http:\/\/lorrylesmetz-histoire.fr\/?page_id=5064\"><img decoding=\"async\" src=\"http:\/\/lorrylesmetz-histoire.fr\/wp-content\/plugins\/bt-annee\/images\/bt_annee.png\" class=\"btImage2\"><span class=\"btImage3\">1961<\/span><\/a><\/span>\n\u00a0 <span class=\"btImage1\"><a href=\"http:\/\/lorrylesmetz-histoire.fr\/?page_id=5063\"><img decoding=\"async\" src=\"http:\/\/lorrylesmetz-histoire.fr\/wp-content\/plugins\/bt-annee\/images\/bt_annee.png\" class=\"btImage2\"><span class=\"btImage3\">1962<\/span><\/a><\/span>\n<\/p>\n<p><span class=\"btImage1\"><a href=\"http:\/\/lorrylesmetz-histoire.fr\/?page_id=5129\"><img decoding=\"async\" src=\"http:\/\/lorrylesmetz-histoire.fr\/wp-content\/plugins\/bt-annee\/images\/bt_annee.png\" class=\"btImage2\"><span class=\"btImage3\">1963<\/span><\/a><\/span>\n\u00a0 <span class=\"btImage1\"><a href=\"http:\/\/lorrylesmetz-histoire.fr\/?page_id=5128\"><img decoding=\"async\" src=\"http:\/\/lorrylesmetz-histoire.fr\/wp-content\/plugins\/bt-annee\/images\/bt_annee.png\" class=\"btImage2\"><span class=\"btImage3\">1964<\/span><\/a><\/span>\n\u00a0 <span class=\"btImage1\"><a href=\"http:\/\/lorrylesmetz-histoire.fr\/?page_id=5127\"><img decoding=\"async\" src=\"http:\/\/lorrylesmetz-histoire.fr\/wp-content\/plugins\/bt-annee\/images\/bt_annee.png\" class=\"btImage2\"><span class=\"btImage3\">1965<\/span><\/a><\/span>\n\u00a0 <span class=\"btImage1\"><a href=\"http:\/\/lorrylesmetz-histoire.fr\/?page_id=5126\"><img decoding=\"async\" src=\"http:\/\/lorrylesmetz-histoire.fr\/wp-content\/plugins\/bt-annee\/images\/bt_annee.png\" class=\"btImage2\"><span class=\"btImage3\">1966<\/span><\/a><\/span>\n<\/p>\n<p><span class=\"btImage1\"><a href=\"http:\/\/lorrylesmetz-histoire.fr\/?page_id=5125\"><img decoding=\"async\" src=\"http:\/\/lorrylesmetz-histoire.fr\/wp-content\/plugins\/bt-annee\/images\/bt_annee.png\" class=\"btImage2\"><span class=\"btImage3\">1967<\/span><\/a><\/span>\n\u00a0 <span class=\"btImage1\"><a href=\"http:\/\/lorrylesmetz-histoire.fr\/?page_id=5124\"><img decoding=\"async\" src=\"http:\/\/lorrylesmetz-histoire.fr\/wp-content\/plugins\/bt-annee\/images\/bt_annee.png\" class=\"btImage2\"><span class=\"btImage3\">1968<\/span><\/a><\/span>\n\u00a0 <span class=\"btImage1\"><a href=\"http:\/\/lorrylesmetz-histoire.fr\/?page_id=5123\"><img decoding=\"async\" src=\"http:\/\/lorrylesmetz-histoire.fr\/wp-content\/plugins\/bt-annee\/images\/bt_annee.png\" class=\"btImage2\"><span class=\"btImage3\">1969<\/span><\/a><\/span>\n\u00a0 <span class=\"btImage1\"><a href=\"http:\/\/lorrylesmetz-histoire.fr\/?page_id=5122\"><img decoding=\"async\" src=\"http:\/\/lorrylesmetz-histoire.fr\/wp-content\/plugins\/bt-annee\/images\/bt_annee.png\" class=\"btImage2\"><span class=\"btImage3\">1970<\/span><\/a><\/span>\n<\/p>\n<p><span class=\"btImage1\"><a href=\"http:\/\/lorrylesmetz-histoire.fr\/?page_id=5121\"><img decoding=\"async\" src=\"http:\/\/lorrylesmetz-histoire.fr\/wp-content\/plugins\/bt-annee\/images\/bt_annee.png\" class=\"btImage2\"><span class=\"btImage3\">1971<\/span><\/a><\/span>\n\u00a0 <span class=\"btImage1\"><a href=\"http:\/\/lorrylesmetz-histoire.fr\/?page_id=5120\"><img decoding=\"async\" src=\"http:\/\/lorrylesmetz-histoire.fr\/wp-content\/plugins\/bt-annee\/images\/bt_annee.png\" class=\"btImage2\"><span class=\"btImage3\">1972<\/span><\/a><\/span>\n\u00a0 <span class=\"btImage1\"><a href=\"http:\/\/lorrylesmetz-histoire.fr\/?page_id=5136\"><img decoding=\"async\" src=\"http:\/\/lorrylesmetz-histoire.fr\/wp-content\/plugins\/bt-annee\/images\/bt_annee.png\" class=\"btImage2\"><span class=\"btImage3\">1973<\/span><\/a><\/span>\n\u00a0 <span class=\"btImage1\"><a href=\"http:\/\/lorrylesmetz-histoire.fr\/?page_id=5135\"><img decoding=\"async\" src=\"http:\/\/lorrylesmetz-histoire.fr\/wp-content\/plugins\/bt-annee\/images\/bt_annee.png\" class=\"btImage2\"><span class=\"btImage3\">1974<\/span><\/a><\/span>\n<\/p>\n<p><span class=\"btImage1\"><a href=\"http:\/\/lorrylesmetz-histoire.fr\/?page_id=5134\"><img decoding=\"async\" src=\"http:\/\/lorrylesmetz-histoire.fr\/wp-content\/plugins\/bt-annee\/images\/bt_annee.png\" class=\"btImage2\"><span class=\"btImage3\">1975<\/span><\/a><\/span>\n\u00a0 <span class=\"btImage1\"><a href=\"http:\/\/lorrylesmetz-histoire.fr\/?page_id=5133\"><img decoding=\"async\" src=\"http:\/\/lorrylesmetz-histoire.fr\/wp-content\/plugins\/bt-annee\/images\/bt_annee.png\" class=\"btImage2\"><span class=\"btImage3\">1976<\/span><\/a><\/span>\n\u00a0 <span class=\"btImage1\"><a href=\"http:\/\/lorrylesmetz-histoire.fr\/?page_id=5132\"><img decoding=\"async\" src=\"http:\/\/lorrylesmetz-histoire.fr\/wp-content\/plugins\/bt-annee\/images\/bt_annee.png\" class=\"btImage2\"><span class=\"btImage3\">1977<\/span><\/a><\/span>\n\u00a0 <span class=\"btImage1\"><a href=\"http:\/\/lorrylesmetz-histoire.fr\/?page_id=5131\"><img decoding=\"async\" src=\"http:\/\/lorrylesmetz-histoire.fr\/wp-content\/plugins\/bt-annee\/images\/bt_annee.png\" class=\"btImage2\"><span class=\"btImage3\">1978<\/span><\/a><\/span>\n<\/p>\n<p><a href=\"http:\/\/lorrylesmetz-histoire.fr\/wp-content\/uploads\/2019\/12\/COUVERTURE-1.jpg\" target=\"_blank\" rel=\"noopener noreferrer\"><img loading=\"lazy\" decoding=\"async\" class=\"aligncenter wp-image-5200 size-medium\" src=\"http:\/\/lorrylesmetz-histoire.fr\/wp-content\/uploads\/2019\/12\/COUVERTURE-1-211x300.jpg?_t=1577532326\" alt=\"\" width=\"211\" height=\"300\" srcset=\"http:\/\/lorrylesmetz-histoire.fr\/wp-content\/uploads\/2019\/12\/COUVERTURE-1-211x300.jpg 211w, http:\/\/lorrylesmetz-histoire.fr\/wp-content\/uploads\/2019\/12\/COUVERTURE-1.jpg 698w\" sizes=\"auto, (max-width: 211px) 100vw, 211px\" \/><\/a><\/p>\n","protected":false},"excerpt":{"rendered":"<p>Nous avons re\u00e7u, en don, les publications de la revue Le Pays lorrain allant de 1932 \u00e0 1939 puis de 1951 \u00e0 1978. Nous en avons extraits les sommaires que vous trouvez ici. \u00a0 \u00a0 \u00a0 \u00a0 \u00a0 \u00a0 \u00a0&hellip; <\/p>\n","protected":false},"author":1,"featured_media":0,"parent":174,"menu_order":2,"comment_status":"closed","ping_status":"closed","template":"","meta":{"_mc_calendar":[],"footnotes":""},"class_list":["post-4996","page","type-page","status-publish","hentry"],"_links":{"self":[{"href":"http:\/\/lorrylesmetz-histoire.fr\/index.php?rest_route=\/wp\/v2\/pages\/4996","targetHints":{"allow":["GET"]}}],"collection":[{"href":"http:\/\/lorrylesmetz-histoire.fr\/index.php?rest_route=\/wp\/v2\/pages"}],"about":[{"href":"http:\/\/lorrylesmetz-histoire.fr\/index.php?rest_route=\/wp\/v2\/types\/page"}],"author":[{"embeddable":true,"href":"http:\/\/lorrylesmetz-histoire.fr\/index.php?rest_route=\/wp\/v2\/users\/1"}],"replies":[{"embeddable":true,"href":"http:\/\/lorrylesmetz-histoire.fr\/index.php?rest_route=%2Fwp%2Fv2%2Fcomments&post=4996"}],"version-history":[{"count":10,"href":"http:\/\/lorrylesmetz-histoire.fr\/index.php?rest_route=\/wp\/v2\/pages\/4996\/revisions"}],"predecessor-version":[{"id":5203,"href":"http:\/\/lorrylesmetz-histoire.fr\/index.php?rest_route=\/wp\/v2\/pages\/4996\/revisions\/5203"}],"up":[{"embeddable":true,"href":"http:\/\/lorrylesmetz-histoire.fr\/index.php?rest_route=\/wp\/v2\/pages\/174"}],"wp:attachment":[{"href":"http:\/\/lorrylesmetz-histoire.fr\/index.php?rest_route=%2Fwp%2Fv2%2Fmedia&parent=4996"}],"curies":[{"name":"wp","href":"https:\/\/api.w.org\/{rel}","templated":true}]}}