{"id":5005,"date":"2019-12-27T11:18:14","date_gmt":"2019-12-27T10:18:14","guid":{"rendered":"http:\/\/lorrylesmetz-histoire.fr\/?page_id=5005"},"modified":"2019-12-27T14:50:52","modified_gmt":"2019-12-27T13:50:52","slug":"1932-08","status":"publish","type":"page","link":"http:\/\/lorrylesmetz-histoire.fr\/?page_id=5005","title":{"rendered":"Le Pays lorrain \u2013 1939"},"content":{"rendered":"<p><a href=\"http:\/\/lorrylesmetz-histoire.fr\/?page_id=4996\"><img loading=\"lazy\" decoding=\"async\" class=\"alignnone size-full wp-image-378\" src=\"http:\/\/lorrylesmetz-histoire.fr\/wp-content\/uploads\/2017\/05\/retour.png\" alt=\"\" width=\"89\" height=\"31\" \/><\/a><\/p>\n<h2>Articles<\/h2>\n<table>\n<tbody>\n<tr>\n<td width=\"650\">AYRI (Ren\u00e9 d\u2019). Les derniers vers du po\u00e8te L\u00e9on Tonnelier<\/td>\n<td style=\"text-align: right;\" width=\"110\">11<\/td>\n<\/tr>\n<tr>\n<td>BACHELET (Alfred). R\u00e9flexions sur les programmes des concerts symphoniques<\/td>\n<td style=\"text-align: right;\">129<\/td>\n<\/tr>\n<tr>\n<td>BALDENSPERGER (Fernand). Voltaire et la Lorraine (suite et fin)<\/td>\n<td style=\"text-align: right;\">69<\/td>\n<\/tr>\n<tr>\n<td>BRIEY (Martin de). Le jardin de Vaud\u00e9mont<\/td>\n<td style=\"text-align: right;\">20<\/td>\n<\/tr>\n<tr>\n<td>\u2014 L\u2019enchantement du Samedi-Saint<\/td>\n<td style=\"text-align: right;\">114<\/td>\n<\/tr>\n<tr>\n<td>\u2014 Le chien aux oreilles pointues<\/td>\n<td style=\"text-align: right;\">181<\/td>\n<\/tr>\n<tr>\n<td>\u2014 Le petit village<\/td>\n<td style=\"text-align: right;\">218<\/td>\n<\/tr>\n<tr>\n<td>BURGARD (Charles). Les fonctions urbaines de Lun\u00e9ville<\/td>\n<td style=\"text-align: right;\">204<\/td>\n<\/tr>\n<tr>\n<td>CL\u00c9MENT (Roger). L\u2019exposition Cl\u00e9ment Kieffer au Mus\u00e9e de Metz<\/td>\n<td style=\"text-align: right;\">1<\/td>\n<\/tr>\n<tr>\n<td>DEL\u00c9P\u00c9E (Victor). L\u2019enseignement primaire en Moselle \u00e0 l\u2019armistice et le recrutement des nouveaux ma\u00eetres<\/td>\n<td style=\"text-align: right;\">254<\/td>\n<\/tr>\n<tr>\n<td>DUVERNOY (\u00c9mile). Une lettre de l\u2019impri\u00admeur de Chevrier<\/td>\n<td style=\"text-align: right;\">186<\/td>\n<\/tr>\n<tr>\n<td>FIEL (Chanoine P.). Le cardinal Tisserant<\/td>\n<td style=\"text-align: right;\">49<\/td>\n<\/tr>\n<tr>\n<td>FRAN\u00c7OIS-HANUS (Jeanne). Le choix d\u2019une couronne mortuaire<\/td>\n<td style=\"text-align: right;\">89<\/td>\n<\/tr>\n<tr>\n<td>GAR\u00c7OT (Maurice). Henri Royer<\/td>\n<td style=\"text-align: right;\">225<\/td>\n<\/tr>\n<tr>\n<td>GAUDEL (Henri). Le Batisse veut divorcer<\/td>\n<td style=\"text-align: right;\">244<\/td>\n<\/tr>\n<tr>\n<td>GRENIER (Albert), SALIN (\u00c9douard). Rhin et Orient. Le haut moyen \u00e2ge en Lor\u00adraine d\u2019apr\u00e8s le mobilier fun\u00e9raire<\/td>\n<td style=\"text-align: right;\">193<\/td>\n<\/tr>\n<tr>\n<td>LEBON (\u00c9mile). Dans le ciel de Lorraine. Impressions a\u00e9riennes<\/td>\n<td style=\"text-align: right;\">161<\/td>\n<\/tr>\n<tr>\n<td>LEBON (\u00c9mile). Lyautey et son destin<\/td>\n<td style=\"text-align: right;\">145<\/td>\n<\/tr>\n<tr>\n<td>LOSSKY (B.). \u0152uvres d\u2019art int\u00e9ressant la Lorraine dans les pays slaves<\/td>\n<td style=\"text-align: right;\">97<\/td>\n<\/tr>\n<tr>\n<td>MAAS (W.). Colons fran\u00e7ais en Cujavie<\/td>\n<td style=\"text-align: right;\">188<\/td>\n<\/tr>\n<tr>\n<td>MAHUET (Comte Antoine de). Antoine Husson, banquier et agitateur pacifique<\/td>\n<td style=\"text-align: right;\">90<\/td>\n<\/tr>\n<tr>\n<td>MAHUET (Comte Antoine de). Jean Cayon<\/td>\n<td style=\"text-align: right;\">189<\/td>\n<\/tr>\n<tr>\n<td>NICOLAS (\u00c9mile). Le peintre d\u00e9corateur Pierre Thiriot<\/td>\n<td style=\"text-align: right;\">134<\/td>\n<\/tr>\n<tr>\n<td>PERRIN (Dr Maurice), ABEL (\u00c9mile). Les eaux min\u00e9rales de la r\u00e9gion lorraine<\/td>\n<td style=\"text-align: right;\">25<\/td>\n<\/tr>\n<tr>\n<td>ROSAMBERT (Andr\u00e9). Consid\u00e9rations g\u00e9n\u00e9\u00adrales sur les essaims fran\u00e7ais et lorrains en Europe<\/td>\n<td style=\"text-align: right;\">44, 85<\/td>\n<\/tr>\n<tr>\n<td>ROSAMBERT (Andr\u00e9). Dans la plaine sacr\u00e9e d\u2019Austerlitz des Lorrains sont devenus Allemands<\/td>\n<td style=\"text-align: right;\">188<\/td>\n<\/tr>\n<tr>\n<td>ROUA (Maurice). George Sand et la Lor\u00adraine<\/td>\n<td style=\"text-align: right;\">125<\/td>\n<\/tr>\n<tr>\n<td>THIRY (Jean). Tentative de suicide de Napol\u00e9on Ier<\/td>\n<td style=\"text-align: right;\">33<\/td>\n<\/tr>\n<tr>\n<td>VARENNE (Gaston). Gravures et dessins d\u2019Andr\u00e9 Jacquemin<\/td>\n<td style=\"text-align: right;\">118<\/td>\n<\/tr>\n<tr>\n<td>WATRIN (Ch.). La ga\u00efe (ch\u00e8vre)<\/td>\n<td style=\"text-align: right;\">156<\/td>\n<\/tr>\n<\/tbody>\n<\/table>\n<h2>Chroniques<\/h2>\n<table>\n<tbody>\n<tr>\n<td width=\"600\">BRETAGNE (Pierre). La musique de chambre \u00e0 Nancy<\/td>\n<td style=\"text-align: right;\" width=\"110\">45<\/td>\n<\/tr>\n<tr>\n<td>Notre Appel<\/td>\n<td style=\"text-align: right;\">96, 127, 160<\/td>\n<\/tr>\n<tr>\n<td>Nouvelles lorraines<\/td>\n<td style=\"text-align: right;\">47, 96<\/td>\n<\/tr>\n<tr>\n<td>PUGET (Jean du). Chronique financi\u00e8re<\/td>\n<td style=\"text-align: right;\">46<\/td>\n<\/tr>\n<tr>\n<td>THIRY (Jean). Chronique sociale. La question de la natalit\u00e9<\/td>\n<td style=\"text-align: right;\">84<\/td>\n<\/tr>\n<tr>\n<td>\u2014 Le retour \u00e0 la terre<\/td>\n<td style=\"text-align: right;\">159<\/td>\n<\/tr>\n<tr>\n<td>\u2014 Les Fils des Tu\u00e9s<\/td>\n<td style=\"text-align: right;\">252<\/td>\n<\/tr>\n<\/tbody>\n<\/table>\n<h2>Bibliographie<\/h2>\n<table style=\"width: 100%; height: 120px;\">\n<tbody>\n<tr style=\"height: 24px;\">\n<td style=\"width: 73.466%; height: 24px;\" width=\"600\">Lectures du mois. Notes de lecture (M. ROYA)<\/td>\n<td style=\"text-align: right; width: 26.2023%; height: 24px;\" width=\"110\">33, 83, 122, 185, 233<\/td>\n<\/tr>\n<tr style=\"height: 24px;\">\n<td style=\"width: 73.466%; height: 24px;\">GAUDEL (Henri). La Fine (M. POTTECHER)<\/td>\n<td style=\"text-align: right; width: 26.2023%; height: 24px;\">95<\/td>\n<\/tr>\n<tr style=\"height: 24px;\">\n<td style=\"width: 73.466%; height: 24px;\">MELINE (P.-C.). Histoire des montagnards vosgiens (E. NICOLAS)<\/td>\n<td style=\"text-align: right; width: 26.2023%; height: 24px;\">187<\/td>\n<\/tr>\n<tr style=\"height: 24px;\">\n<td style=\"width: 73.466%; height: 24px;\">ROYA (Maurice). Denise ou la province (J. THIRY)<\/td>\n<td style=\"text-align: right; width: 26.2023%; height: 24px;\">123<\/td>\n<\/tr>\n<tr style=\"height: 24px;\">\n<td style=\"width: 73.466%; height: 24px;\">VISCONTI-PRASCA (S.). Jeanne d\u2019Arc (J. GODFRIN)<\/td>\n<td style=\"text-align: right; width: 26.2023%; height: 24px;\">4<\/td>\n<\/tr>\n<\/tbody>\n<\/table>\n<p><a href=\"http:\/\/lorrylesmetz-histoire.fr\/?page_id=4996\"><img loading=\"lazy\" decoding=\"async\" class=\"alignnone size-full wp-image-378\" src=\"http:\/\/lorrylesmetz-histoire.fr\/wp-content\/uploads\/2017\/05\/retour.png\" alt=\"\" width=\"89\" height=\"31\" \/><\/a><\/p>\n","protected":false},"excerpt":{"rendered":"<p>Articles AYRI (Ren\u00e9 d\u2019). Les derniers vers du po\u00e8te L\u00e9on Tonnelier 11 BACHELET (Alfred). R\u00e9flexions sur les programmes des concerts symphoniques 129 BALDENSPERGER (Fernand). Voltaire et la Lorraine (suite et fin) 69 BRIEY (Martin de). Le jardin de Vaud\u00e9mont 20&hellip; <\/p>\n","protected":false},"author":1,"featured_media":0,"parent":4996,"menu_order":7,"comment_status":"closed","ping_status":"closed","template":"","meta":{"_mc_calendar":[],"footnotes":""},"class_list":["post-5005","page","type-page","status-publish","hentry"],"_links":{"self":[{"href":"http:\/\/lorrylesmetz-histoire.fr\/index.php?rest_route=\/wp\/v2\/pages\/5005","targetHints":{"allow":["GET"]}}],"collection":[{"href":"http:\/\/lorrylesmetz-histoire.fr\/index.php?rest_route=\/wp\/v2\/pages"}],"about":[{"href":"http:\/\/lorrylesmetz-histoire.fr\/index.php?rest_route=\/wp\/v2\/types\/page"}],"author":[{"embeddable":true,"href":"http:\/\/lorrylesmetz-histoire.fr\/index.php?rest_route=\/wp\/v2\/users\/1"}],"replies":[{"embeddable":true,"href":"http:\/\/lorrylesmetz-histoire.fr\/index.php?rest_route=%2Fwp%2Fv2%2Fcomments&post=5005"}],"version-history":[{"count":5,"href":"http:\/\/lorrylesmetz-histoire.fr\/index.php?rest_route=\/wp\/v2\/pages\/5005\/revisions"}],"predecessor-version":[{"id":5062,"href":"http:\/\/lorrylesmetz-histoire.fr\/index.php?rest_route=\/wp\/v2\/pages\/5005\/revisions\/5062"}],"up":[{"embeddable":true,"href":"http:\/\/lorrylesmetz-histoire.fr\/index.php?rest_route=\/wp\/v2\/pages\/4996"}],"wp:attachment":[{"href":"http:\/\/lorrylesmetz-histoire.fr\/index.php?rest_route=%2Fwp%2Fv2%2Fmedia&parent=5005"}],"curies":[{"name":"wp","href":"https:\/\/api.w.org\/{rel}","templated":true}]}}

<p><a href="http://lorrylesmetz-histoire.fr/?page_id=4996"><img loading="lazy" decoding="async" class="alignnone size-full wp-image-378" src="http://lorrylesmetz-histoire.fr/wp-content/uploads/2017/05/retour.png" alt="" width="89" height="31" /></a></p>
<h2>Articles</h2>
<table>
<tbody>
<tr>
<td width="650">AYRI (René d’). Les derniers vers du poète Léon Tonnelier</td>
<td style="text-align: right;" width="110">11</td>
</tr>
<tr>
<td>BACHELET (Alfred). Réflexions sur les programmes des concerts symphoniques</td>
<td style="text-align: right;">129</td>
</tr>
<tr>
<td>BALDENSPERGER (Fernand). Voltaire et la Lorraine (suite et fin)</td>
<td style="text-align: right;">69</td>
</tr>
<tr>
<td>BRIEY (Martin de). Le jardin de Vaudémont</td>
<td style="text-align: right;">20</td>
</tr>
<tr>
<td>— L’enchantement du Samedi-Saint</td>
<td style="text-align: right;">114</td>
</tr>
<tr>
<td>— Le chien aux oreilles pointues</td>
<td style="text-align: right;">181</td>
</tr>
<tr>
<td>— Le petit village</td>
<td style="text-align: right;">218</td>
</tr>
<tr>
<td>BURGARD (Charles). Les fonctions urbaines de Lunéville</td>
<td style="text-align: right;">204</td>
</tr>
<tr>
<td>CLÉMENT (Roger). L’exposition Clément Kieffer au Musée de Metz</td>
<td style="text-align: right;">1</td>
</tr>
<tr>
<td>DELÉPÉE (Victor). L’enseignement primaire en Moselle à l’armistice et le recrutement des nouveaux maîtres</td>
<td style="text-align: right;">254</td>
</tr>
<tr>
<td>DUVERNOY (Émile). Une lettre de l’impri­meur de Chevrier</td>
<td style="text-align: right;">186</td>
</tr>
<tr>
<td>FIEL (Chanoine P.). Le cardinal Tisserant</td>
<td style="text-align: right;">49</td>
</tr>
<tr>
<td>FRANÇOIS-HANUS (Jeanne). Le choix d’une couronne mortuaire</td>
<td style="text-align: right;">89</td>
</tr>
<tr>
<td>GARÇOT (Maurice). Henri Royer</td>
<td style="text-align: right;">225</td>
</tr>
<tr>
<td>GAUDEL (Henri). Le Batisse veut divorcer</td>
<td style="text-align: right;">244</td>
</tr>
<tr>
<td>GRENIER (Albert), SALIN (Édouard). Rhin et Orient. Le haut moyen âge en Lor­raine d’après le mobilier funéraire</td>
<td style="text-align: right;">193</td>
</tr>
<tr>
<td>LEBON (Émile). Dans le ciel de Lorraine. Impressions aériennes</td>
<td style="text-align: right;">161</td>
</tr>
<tr>
<td>LEBON (Émile). Lyautey et son destin</td>
<td style="text-align: right;">145</td>
</tr>
<tr>
<td>LOSSKY (B.). Œuvres d’art intéressant la Lorraine dans les pays slaves</td>
<td style="text-align: right;">97</td>
</tr>
<tr>
<td>MAAS (W.). Colons français en Cujavie</td>
<td style="text-align: right;">188</td>
</tr>
<tr>
<td>MAHUET (Comte Antoine de). Antoine Husson, banquier et agitateur pacifique</td>
<td style="text-align: right;">90</td>
</tr>
<tr>
<td>MAHUET (Comte Antoine de). Jean Cayon</td>
<td style="text-align: right;">189</td>
</tr>
<tr>
<td>NICOLAS (Émile). Le peintre décorateur Pierre Thiriot</td>
<td style="text-align: right;">134</td>
</tr>
<tr>
<td>PERRIN (Dr Maurice), ABEL (Émile). Les eaux minérales de la région lorraine</td>
<td style="text-align: right;">25</td>
</tr>
<tr>
<td>ROSAMBERT (André). Considérations géné­rales sur les essaims français et lorrains en Europe</td>
<td style="text-align: right;">44, 85</td>
</tr>
<tr>
<td>ROSAMBERT (André). Dans la plaine sacrée d’Austerlitz des Lorrains sont devenus Allemands</td>
<td style="text-align: right;">188</td>
</tr>
<tr>
<td>ROUA (Maurice). George Sand et la Lor­raine</td>
<td style="text-align: right;">125</td>
</tr>
<tr>
<td>THIRY (Jean). Tentative de suicide de Napoléon Ier</td>
<td style="text-align: right;">33</td>
</tr>
<tr>
<td>VARENNE (Gaston). Gravures et dessins d’André Jacquemin</td>
<td style="text-align: right;">118</td>
</tr>
<tr>
<td>WATRIN (Ch.). La gaïe (chèvre)</td>
<td style="text-align: right;">156</td>
</tr>
</tbody>
</table>
<h2>Chroniques</h2>
<table>
<tbody>
<tr>
<td width="600">BRETAGNE (Pierre). La musique de chambre à Nancy</td>
<td style="text-align: right;" width="110">45</td>
</tr>
<tr>
<td>Notre Appel</td>
<td style="text-align: right;">96, 127, 160</td>
</tr>
<tr>
<td>Nouvelles lorraines</td>
<td style="text-align: right;">47, 96</td>
</tr>
<tr>
<td>PUGET (Jean du). Chronique financière</td>
<td style="text-align: right;">46</td>
</tr>
<tr>
<td>THIRY (Jean). Chronique sociale. La question de la natalité</td>
<td style="text-align: right;">84</td>
</tr>
<tr>
<td>— Le retour à la terre</td>
<td style="text-align: right;">159</td>
</tr>
<tr>
<td>— Les Fils des Tués</td>
<td style="text-align: right;">252</td>
</tr>
</tbody>
</table>
<h2>Bibliographie</h2>
<table style="width: 100%; height: 120px;">
<tbody>
<tr style="height: 24px;">
<td style="width: 73.466%; height: 24px;" width="600">Lectures du mois. Notes de lecture (M. ROYA)</td>
<td style="text-align: right; width: 26.2023%; height: 24px;" width="110">33, 83, 122, 185, 233</td>
</tr>
<tr style="height: 24px;">
<td style="width: 73.466%; height: 24px;">GAUDEL (Henri). La Fine (M. POTTECHER)</td>
<td style="text-align: right; width: 26.2023%; height: 24px;">95</td>
</tr>
<tr style="height: 24px;">
<td style="width: 73.466%; height: 24px;">MELINE (P.-C.). Histoire des montagnards vosgiens (E. NICOLAS)</td>
<td style="text-align: right; width: 26.2023%; height: 24px;">187</td>
</tr>
<tr style="height: 24px;">
<td style="width: 73.466%; height: 24px;">ROYA (Maurice). Denise ou la province (J. THIRY)</td>
<td style="text-align: right; width: 26.2023%; height: 24px;">123</td>
</tr>
<tr style="height: 24px;">
<td style="width: 73.466%; height: 24px;">VISCONTI-PRASCA (S.). Jeanne d’Arc (J. GODFRIN)</td>
<td style="text-align: right; width: 26.2023%; height: 24px;">4</td>
</tr>
</tbody>
</table>
<p><a href="http://lorrylesmetz-histoire.fr/?page_id=4996"><img loading="lazy" decoding="async" class="alignnone size-full wp-image-378" src="http://lorrylesmetz-histoire.fr/wp-content/uploads/2017/05/retour.png" alt="" width="89" height="31" /></a></p>

<p>Articles AYRI (René d’). Les derniers vers du poète Léon Tonnelier 11 BACHELET (Alfred). Réflexions sur les programmes des concerts symphoniques 129 BALDENSPERGER (Fernand). Voltaire et la Lorraine (suite et fin) 69 BRIEY (Martin de). Le jardin de Vaudémont 20&hellip; </p>
