{"id":5064,"date":"2019-12-28T08:05:01","date_gmt":"2019-12-28T07:05:01","guid":{"rendered":"http:\/\/lorrylesmetz-histoire.fr\/?page_id=5064"},"modified":"2019-12-28T08:11:47","modified_gmt":"2019-12-28T07:11:47","slug":"la-pays-lorrain-1953-09","status":"publish","type":"page","link":"http:\/\/lorrylesmetz-histoire.fr\/?page_id=5064","title":{"rendered":"La Pays lorrain \u2013 1961"},"content":{"rendered":"<p><a href=\"http:\/\/lorrylesmetz-histoire.fr\/?page_id=4996\"><img loading=\"lazy\" decoding=\"async\" class=\"alignnone size-full wp-image-378\" src=\"http:\/\/lorrylesmetz-histoire.fr\/wp-content\/uploads\/2017\/05\/retour.png\" alt=\"\" width=\"89\" height=\"31\" \/><\/a><\/p>\n<h2>Articles<\/h2>\n<table>\n<tbody>\n<tr>\n<td width=\"650\">AIMOND (Charles). Une affaire de trahison \u00e0 Stenay en 1421<\/td>\n<td style=\"text-align: right;\" width=\"60\">119<\/td>\n<\/tr>\n<tr>\n<td>CHOUX (Jacques). Une affaire de meurtre devant la justice seigneuriale de l\u2019\u00e9v\u00eaque de Metz \u00e0 Moyen en 1769<\/td>\n<td style=\"text-align: right;\">136<\/td>\n<\/tr>\n<tr>\n<td>CONTAMINE (Henry). Gaston Zeller (1890-1960)<\/td>\n<td style=\"text-align: right;\">115<\/td>\n<\/tr>\n<tr>\n<td>DUMONTIER (Maurice). L\u2019\u00c9cole du G\u00e9nie de Metz (1794-1802)<\/td>\n<td style=\"text-align: right;\">49<\/td>\n<\/tr>\n<tr>\n<td>\u2014. L\u2019\u00c9cole d\u2019Artillerie et du G\u00e9nie de Metz (1803-1845)<\/td>\n<td style=\"text-align: right;\">86<\/td>\n<\/tr>\n<tr>\n<td>\u2014. L\u2019\u00c9cole d\u2019Application de l\u2019Artillerie et du G\u00e9nie \u00e0 Metz<\/td>\n<td style=\"text-align: right;\">122<\/td>\n<\/tr>\n<tr>\n<td>GENNESON (Louis). Le grand amphith\u00e9\u00e2tre gallo-romain de Metz<\/td>\n<td style=\"text-align: right;\">1<\/td>\n<\/tr>\n<tr>\n<td>HIEGEL (Henri). Les localit\u00e9s mosellanes aux noms de saints<\/td>\n<td style=\"text-align: right;\">59<\/td>\n<\/tr>\n<tr>\n<td>LEMAIRE (Fernand). Geoffroy de Nancy et le ch\u00e2teau de Gombervaux<\/td>\n<td style=\"text-align: right;\">79<\/td>\n<\/tr>\n<tr>\n<td>MAROT (Pierre). \u00ab Les quatre de l\u2019Institut \u00bb Comm\u00e9moration \u00e0 Dieuze de Charles Hermite, Edmond About, \u00c9mile Friant et Gustave Char\u00adpentier<\/td>\n<td style=\"text-align: right;\">39<\/td>\n<\/tr>\n<tr>\n<td>THI\u00c9BAUT (Albert). Histoire de Mar\u00e9ville et de son asile<\/td>\n<td style=\"text-align: right;\">86<\/td>\n<\/tr>\n<\/tbody>\n<\/table>\n<h2>Chroniques<\/h2>\n<table>\n<tbody>\n<tr>\n<td width=\"500\">Une statue de Louis XV au Mus\u00e9e lorrain<\/td>\n<td style=\"text-align: right;\" width=\"210\">113<\/td>\n<\/tr>\n<tr>\n<td>La vie de la Soci\u00e9t\u00e9 d\u2019arch\u00e9ologie<\/td>\n<td style=\"text-align: right;\">69, 141<\/td>\n<\/tr>\n<tr>\n<td>Nouvelles lorraines<\/td>\n<td style=\"text-align: right;\">69 \u00e0 72, 141 \u00e0 143<\/td>\n<\/tr>\n<\/tbody>\n<\/table>\n<h2>Bibliographie<\/h2>\n<table>\n<tbody>\n<tr>\n<td width=\"550\">Livres r\u00e9cents<\/td>\n<td width=\"210\">\n<p style=\"text-align: right;\">73 \u00e0 77, 145 \u00e0 149<\/p>\n<\/td>\n<\/tr>\n<\/tbody>\n<\/table>\n<h2>Notices n\u00e9crologiques<\/h2>\n<table>\n<tbody>\n<tr>\n<td width=\"650\">ALLEMANDET (G\u00e9n\u00e9ral)<\/td>\n<td style=\"text-align: right;\" width=\"60\">144<\/td>\n<\/tr>\n<tr>\n<td>BERGTHOL (E.)<\/td>\n<td style=\"text-align: right;\">73<\/td>\n<\/tr>\n<tr>\n<td>DUVIVIER (M.)<\/td>\n<td style=\"text-align: right;\">144<\/td>\n<\/tr>\n<tr>\n<td>FOULD (M.)<\/td>\n<td style=\"text-align: right;\">144<\/td>\n<\/tr>\n<tr>\n<td>GODFRIN (L.)<\/td>\n<td style=\"text-align: right;\">145<\/td>\n<\/tr>\n<tr>\n<td>PINCHARD (R.)<\/td>\n<td style=\"text-align: right;\">145<\/td>\n<\/tr>\n<tr>\n<td>SIMONIN (Pr.-C.)<\/td>\n<td style=\"text-align: right;\">145<\/td>\n<\/tr>\n<tr>\n<td>VALENTIN (F.)<\/td>\n<td style=\"text-align: right;\">145<\/td>\n<\/tr>\n<tr>\n<td>DE WENDEL (M)<\/td>\n<td style=\"text-align: right;\">73<\/td>\n<\/tr>\n<\/tbody>\n<\/table>\n<p><a href=\"http:\/\/lorrylesmetz-histoire.fr\/?page_id=4996\"><img loading=\"lazy\" decoding=\"async\" class=\"alignnone size-full wp-image-378\" src=\"http:\/\/lorrylesmetz-histoire.fr\/wp-content\/uploads\/2017\/05\/retour.png\" alt=\"\" width=\"89\" height=\"31\" \/><\/a><\/p>\n","protected":false},"excerpt":{"rendered":"<p>Articles AIMOND (Charles). Une affaire de trahison \u00e0 Stenay en 1421 119 CHOUX (Jacques). Une affaire de meurtre devant la justice seigneuriale de l\u2019\u00e9v\u00eaque de Metz \u00e0 Moyen en 1769 136 CONTAMINE (Henry). Gaston Zeller (1890-1960) 115 DUMONTIER (Maurice). L\u2019\u00c9cole&hellip; <\/p>\n","protected":false},"author":1,"featured_media":0,"parent":4996,"menu_order":18,"comment_status":"closed","ping_status":"closed","template":"","meta":{"_mc_calendar":[],"footnotes":""},"class_list":["post-5064","page","type-page","status-publish","hentry"],"_links":{"self":[{"href":"http:\/\/lorrylesmetz-histoire.fr\/index.php?rest_route=\/wp\/v2\/pages\/5064","targetHints":{"allow":["GET"]}}],"collection":[{"href":"http:\/\/lorrylesmetz-histoire.fr\/index.php?rest_route=\/wp\/v2\/pages"}],"about":[{"href":"http:\/\/lorrylesmetz-histoire.fr\/index.php?rest_route=\/wp\/v2\/types\/page"}],"author":[{"embeddable":true,"href":"http:\/\/lorrylesmetz-histoire.fr\/index.php?rest_route=\/wp\/v2\/users\/1"}],"replies":[{"embeddable":true,"href":"http:\/\/lorrylesmetz-histoire.fr\/index.php?rest_route=%2Fwp%2Fv2%2Fcomments&post=5064"}],"version-history":[{"count":4,"href":"http:\/\/lorrylesmetz-histoire.fr\/index.php?rest_route=\/wp\/v2\/pages\/5064\/revisions"}],"predecessor-version":[{"id":5114,"href":"http:\/\/lorrylesmetz-histoire.fr\/index.php?rest_route=\/wp\/v2\/pages\/5064\/revisions\/5114"}],"up":[{"embeddable":true,"href":"http:\/\/lorrylesmetz-histoire.fr\/index.php?rest_route=\/wp\/v2\/pages\/4996"}],"wp:attachment":[{"href":"http:\/\/lorrylesmetz-histoire.fr\/index.php?rest_route=%2Fwp%2Fv2%2Fmedia&parent=5064"}],"curies":[{"name":"wp","href":"https:\/\/api.w.org\/{rel}","templated":true}]}}