{"id":5068,"date":"2019-12-27T17:17:22","date_gmt":"2019-12-27T16:17:22","guid":{"rendered":"http:\/\/lorrylesmetz-histoire.fr\/?page_id=5068"},"modified":"2019-12-28T07:15:36","modified_gmt":"2019-12-28T06:15:36","slug":"la-pays-lorrain-1953-05","status":"publish","type":"page","link":"http:\/\/lorrylesmetz-histoire.fr\/?page_id=5068","title":{"rendered":"La Pays lorrain &#8211; 1957"},"content":{"rendered":"<p><a href=\"http:\/\/lorrylesmetz-histoire.fr\/?page_id=4996\"><img loading=\"lazy\" decoding=\"async\" class=\"alignnone size-full wp-image-378\" src=\"http:\/\/lorrylesmetz-histoire.fr\/wp-content\/uploads\/2017\/05\/retour.png\" alt=\"\" width=\"89\" height=\"31\" \/><\/a><\/p>\n<h2>Articles<\/h2>\n<table>\n<tbody>\n<tr>\n<td width=\"650\">BERTAUX (J.). Les timbres et la Lorraine<\/td>\n<td style=\"text-align: right;\" width=\"60\">125<\/td>\n<\/tr>\n<tr>\n<td>\u2014. \u00c0 propos du mariage du prince Henri de France et de la duchesse Marie-Th\u00e9r\u00e8se de W\u00fcrtemberg<\/td>\n<td style=\"text-align: right;\">101<\/td>\n<\/tr>\n<tr>\n<td>CU\u00c9NOT (Ren\u00e9). Les gar\u00e7ons de D\u2019neuvre<\/td>\n<td style=\"text-align: right;\">143<\/td>\n<\/tr>\n<tr>\n<td>CHOUX (Jacques). Le recensement des monuments et des objets d\u2019art en Meurthe-et-Moselle<\/td>\n<td style=\"text-align: right;\">39<\/td>\n<\/tr>\n<tr>\n<td>\u2014. Le prieur\u00e9 de Froville<\/td>\n<td style=\"text-align: right;\">61<\/td>\n<\/tr>\n<tr>\n<td>GENNESON (Louis). Un organisateur de la Chr\u00e9tient\u00e9 m\u00e9di\u00e9vale : saint Chrodegang, 37e \u00e9v\u00eaque de Metz (742-766)<\/td>\n<td style=\"text-align: right;\">7<\/td>\n<\/tr>\n<tr>\n<td>HIEGEL (Henri). L\u2019enfer de Holving (14 juin 1940)<\/td>\n<td style=\"text-align: right;\">19<\/td>\n<\/tr>\n<tr>\n<td>\u2014. Ren\u00e9 Bazin et la Lorraine de langue allemande<\/td>\n<td style=\"text-align: right;\">118<\/td>\n<\/tr>\n<tr>\n<td>LEFEVRE (Andr\u00e9). Berlioz et les Vosges<\/td>\n<td style=\"text-align: right;\">106<\/td>\n<\/tr>\n<tr>\n<td>OEHMKE (Charles). La poste \u00e0 Metz pendant le si\u00e8ge de I870<\/td>\n<td style=\"text-align: right;\">135<\/td>\n<\/tr>\n<tr>\n<td>RICHARD (Gabriel). Les Cent-Jours \u00e0 Nancy<\/td>\n<td style=\"text-align: right;\">81<\/td>\n<\/tr>\n<tr>\n<td>ROUART (Denis). Paysages lorrains<\/td>\n<td style=\"text-align: right;\">29<\/td>\n<\/tr>\n<tr>\n<td>SADLER (Georges). Avec Barr\u00e8s \u00e0 Sion-Vaud\u00e9mont<\/td>\n<td style=\"text-align: right;\">97<\/td>\n<\/tr>\n<tr>\n<td>SALIN (\u00c9douard). Le coffret gallo-romain de Grand (Vosges)<\/td>\n<td style=\"text-align: right;\">1<\/td>\n<\/tr>\n<tr>\n<td>SIMONIN (Pierre). Les relev\u00e9s d\u2019\u00e9difices anciens<\/td>\n<td style=\"text-align: right;\">48<\/td>\n<\/tr>\n<tr>\n<td>\u2014. L\u2019\u00e9glise de Blanzey<\/td>\n<td style=\"text-align: right;\">57<\/td>\n<\/tr>\n<tr>\n<td>\u2014. L\u2019\u00e9glise de Saint-Sauveur.<\/td>\n<td style=\"text-align: right;\">67<\/td>\n<\/tr>\n<tr>\n<td>\u2014. Le ch\u00e2teau de Malpierre \u00e0 Rigny-la-Salle (Meuse)<\/td>\n<td style=\"text-align: right;\">73<\/td>\n<\/tr>\n<\/tbody>\n<\/table>\n<h2>Chronique<\/h2>\n<table>\n<tbody>\n<tr>\n<td width=\"550\">Nouvelles lorraines<\/td>\n<td style=\"text-align: right;\" width=\"160\">1, 77, 111, 145<\/td>\n<\/tr>\n<tr>\n<td>Soci\u00e9t\u00e9 d\u2019arch\u00e9ologie et Mus\u00e9e historique lorrain<\/td>\n<td style=\"text-align: right;\">76, 144<\/td>\n<\/tr>\n<\/tbody>\n<\/table>\n<h2>Vari\u00e9t\u00e9s<\/h2>\n<table>\n<tbody>\n<tr>\n<td width=\"650\">Festivals\u2026 Expositions<\/td>\n<td width=\"60\">112<\/td>\n<\/tr>\n<\/tbody>\n<\/table>\n<h2>Bibliographie<\/h2>\n<table>\n<tbody>\n<tr>\n<td width=\"650\">AIMOND (Mgr Ch.). Essai sur le caract\u00e8re et le g\u00e9nie lorrains<\/td>\n<td style=\"text-align: right;\" width=\"60\">116<\/td>\n<\/tr>\n<tr>\n<td>BARR\u00c8S (Maurice). Mes cahiers<\/td>\n<td style=\"text-align: right;\">115<\/td>\n<\/tr>\n<tr>\n<td>BELLIVIER (Andr\u00e9). Henri Poincar\u00e9 ou la vocation souveraine<\/td>\n<td style=\"text-align: right;\">34<\/td>\n<\/tr>\n<tr>\n<td>DESFEUILLES (Andr\u00e9). Nanc\u00e9iens outre-mer au XVIIIe si\u00e8cle. \u00c0 propos de la ferme des postes de Saint-Domingue (1784-1791)<\/td>\n<td style=\"text-align: right;\">115<\/td>\n<\/tr>\n<tr>\n<td>\u00c9LIE (Hubert). De quelques familles immigr\u00e9es en Lorraine<\/td>\n<td style=\"text-align: right;\">148<\/td>\n<\/tr>\n<tr>\n<td>FLORANGE (Julien), LOEVENBRUCK (Pierre). Notre cher Pont-\u00e0-Mousson<\/td>\n<td style=\"text-align: right;\">116<\/td>\n<\/tr>\n<tr>\n<td>GIRARD (Joseph). Saint Vincent de Paul. Son \u0153uvre et son influence en Lorraine<\/td>\n<td style=\"text-align: right;\">34<\/td>\n<\/tr>\n<tr>\n<td>L\u2019HOTE (Jean). La communale, roman<\/td>\n<td style=\"text-align: right;\">115<\/td>\n<\/tr>\n<tr>\n<td>Mairie de Stiring-Wendel (Moselle). Cent ans de vie communale (1857-1957)<\/td>\n<td style=\"text-align: right;\">149<\/td>\n<\/tr>\n<tr>\n<td>MUTELET (Marius). Le si\u00e8ge de Thionville de 1558 avec reproduction du texte et du plan publi\u00e9s par Barthelemy Aneau peu apr\u00e8s cet \u00e9v\u00e9nement<\/td>\n<td style=\"text-align: right;\">149<\/td>\n<\/tr>\n<tr>\n<td>PITZ (Louis). Contes et l\u00e9gendes de Lorraine<\/td>\n<td style=\"text-align: right;\">115<\/td>\n<\/tr>\n<tr>\n<td>POIR\u00c9 (Gabriel). Moulin-l\u00e8s-Metz. Son vieux pont, ses ch\u00e2teaux, ses heurs et ses malheurs, ses espoirs<\/td>\n<td style=\"text-align: right;\">149<\/td>\n<\/tr>\n<tr>\n<td>RIDEAU (\u00c9mile). Essor et probl\u00e8mes d\u2019une r\u00e9gion fran\u00e7aise. Houill\u00e8res et sid\u00e9rurgie de Moselle<\/td>\n<td style=\"text-align: right;\">34<\/td>\n<\/tr>\n<tr>\n<td>ROHR (Joseph). Forbach et son arrondissement<\/td>\n<td style=\"text-align: right;\">149<\/td>\n<\/tr>\n<tr>\n<td>SUTTER (Antoine). Lucy. Regards sur le pass\u00e9 d\u2019un village lorrain<\/td>\n<td style=\"text-align: right;\">150<\/td>\n<\/tr>\n<tr>\n<td>TESTART (Paul). \u00c9pinal \u00e0 travers les si\u00e8cles. Des origines \u00e0 1950 suivi d\u2019une chasse au darou dans la vall\u00e9e de la Moselotte (Vosges)<\/td>\n<td style=\"text-align: right;\">33<\/td>\n<\/tr>\n<\/tbody>\n<\/table>\n<h2>Notices n\u00e9crologiques<\/h2>\n<table>\n<tbody>\n<tr>\n<td width=\"650\">BOITEUX (J)<\/td>\n<td style=\"text-align: right;\" width=\"60\">147<\/td>\n<\/tr>\n<tr>\n<td>CLANCH\u00c9 (Chanoine)<\/td>\n<td style=\"text-align: right;\">114<\/td>\n<\/tr>\n<tr>\n<td>COLLIN (R.)<\/td>\n<td style=\"text-align: right;\">147<\/td>\n<\/tr>\n<tr>\n<td>DE METZ-NORLAT (H)<\/td>\n<td style=\"text-align: right;\">114<\/td>\n<\/tr>\n<tr>\n<td>DE PANGE (J.)<\/td>\n<td style=\"text-align: right;\">147<\/td>\n<\/tr>\n<tr>\n<td>FLEUR (E.)<\/td>\n<td style=\"text-align: right;\">114<\/td>\n<\/tr>\n<tr>\n<td>FRAN\u00c7AIS (J.)<\/td>\n<td style=\"text-align: right;\">148<\/td>\n<\/tr>\n<tr>\n<td>GOEPFERT (R.)<\/td>\n<td style=\"text-align: right;\">114<\/td>\n<\/tr>\n<tr>\n<td>KRIEGER (A.)<\/td>\n<td style=\"text-align: right;\">14<\/td>\n<\/tr>\n<tr>\n<td>LEFEVRE (G.)<\/td>\n<td style=\"text-align: right;\">148<\/td>\n<\/tr>\n<tr>\n<td>MONCELLE (M.)<\/td>\n<td style=\"text-align: right;\">148<\/td>\n<\/tr>\n<tr>\n<td>OHL DES MARAIS (A.)<\/td>\n<td style=\"text-align: right;\">115<\/td>\n<\/tr>\n<tr>\n<td>PEIFFERT (L.)<\/td>\n<td style=\"text-align: right;\">114<\/td>\n<\/tr>\n<tr>\n<td>PIERROT (A.)<\/td>\n<td style=\"text-align: right;\">114<\/td>\n<\/tr>\n<tr>\n<td>SCHAAFF (A.)<\/td>\n<td style=\"text-align: right;\">148<\/td>\n<\/tr>\n<tr>\n<td>SCHAUL (Abb\u00e9)<\/td>\n<td style=\"text-align: right;\">148<\/td>\n<\/tr>\n<tr>\n<td>SCHMITT (Dr)<\/td>\n<td style=\"text-align: right;\">148<\/td>\n<\/tr>\n<\/tbody>\n<\/table>\n<p><a href=\"http:\/\/lorrylesmetz-histoire.fr\/?page_id=4996\"><img loading=\"lazy\" decoding=\"async\" class=\"alignnone size-full wp-image-378\" src=\"http:\/\/lorrylesmetz-histoire.fr\/wp-content\/uploads\/2017\/05\/retour.png\" alt=\"\" width=\"89\" height=\"31\" \/><\/a><\/p>\n","protected":false},"excerpt":{"rendered":"<p>Articles BERTAUX (J.). Les timbres et la Lorraine 125 \u2014. \u00c0 propos du mariage du prince Henri de France et de la duchesse Marie-Th\u00e9r\u00e8se de W\u00fcrtemberg 101 CU\u00c9NOT (Ren\u00e9). Les gar\u00e7ons de D\u2019neuvre 143 CHOUX (Jacques). Le recensement des monuments&hellip; <\/p>\n","protected":false},"author":1,"featured_media":0,"parent":4996,"menu_order":14,"comment_status":"closed","ping_status":"closed","template":"","meta":{"_mc_calendar":[],"footnotes":""},"class_list":["post-5068","page","type-page","status-publish","hentry"],"_links":{"self":[{"href":"http:\/\/lorrylesmetz-histoire.fr\/index.php?rest_route=\/wp\/v2\/pages\/5068","targetHints":{"allow":["GET"]}}],"collection":[{"href":"http:\/\/lorrylesmetz-histoire.fr\/index.php?rest_route=\/wp\/v2\/pages"}],"about":[{"href":"http:\/\/lorrylesmetz-histoire.fr\/index.php?rest_route=\/wp\/v2\/types\/page"}],"author":[{"embeddable":true,"href":"http:\/\/lorrylesmetz-histoire.fr\/index.php?rest_route=\/wp\/v2\/users\/1"}],"replies":[{"embeddable":true,"href":"http:\/\/lorrylesmetz-histoire.fr\/index.php?rest_route=%2Fwp%2Fv2%2Fcomments&post=5068"}],"version-history":[{"count":3,"href":"http:\/\/lorrylesmetz-histoire.fr\/index.php?rest_route=\/wp\/v2\/pages\/5068\/revisions"}],"predecessor-version":[{"id":5099,"href":"http:\/\/lorrylesmetz-histoire.fr\/index.php?rest_route=\/wp\/v2\/pages\/5068\/revisions\/5099"}],"up":[{"embeddable":true,"href":"http:\/\/lorrylesmetz-histoire.fr\/index.php?rest_route=\/wp\/v2\/pages\/4996"}],"wp:attachment":[{"href":"http:\/\/lorrylesmetz-histoire.fr\/index.php?rest_route=%2Fwp%2Fv2%2Fmedia&parent=5068"}],"curies":[{"name":"wp","href":"https:\/\/api.w.org\/{rel}","templated":true}]}}