{"id":5071,"date":"2019-12-27T15:37:21","date_gmt":"2019-12-27T14:37:21","guid":{"rendered":"http:\/\/lorrylesmetz-histoire.fr\/?page_id=5071"},"modified":"2019-12-27T15:41:41","modified_gmt":"2019-12-27T14:41:41","slug":"la-pays-lorrain-1953-02","status":"publish","type":"page","link":"http:\/\/lorrylesmetz-histoire.fr\/?page_id=5071","title":{"rendered":"La Pays lorrain &#8211; 1954"},"content":{"rendered":"<p><a href=\"http:\/\/lorrylesmetz-histoire.fr\/?page_id=4996\"><img loading=\"lazy\" decoding=\"async\" class=\"alignnone size-full wp-image-378\" src=\"http:\/\/lorrylesmetz-histoire.fr\/wp-content\/uploads\/2017\/05\/retour.png\" alt=\"\" width=\"89\" height=\"31\" \/><\/a><\/p>\n<h2>Articles<\/h2>\n<table>\n<tbody>\n<tr>\n<td width=\"650\">BALDENSPERGER (Fernand). Lorrains de marque dans l\u2019\u00e9migration de Quatre-vingt-neuf<\/td>\n<td style=\"text-align: right;\" width=\"60\">1<\/td>\n<\/tr>\n<tr>\n<td>BOURDON (Jean). Un grand historien lorrain : Henri Berr<\/td>\n<td style=\"text-align: right;\">140<\/td>\n<\/tr>\n<tr>\n<td>CHASSAIGNE (Marc). Un pr\u00e9curseur de Lyautey : Bussy<\/td>\n<td style=\"text-align: right;\">139<\/td>\n<\/tr>\n<tr>\n<td>CHOUX (Jacques). Un \u00e9v\u00eaque de Toul sur le Si\u00e8ge de Rome, L\u00e9on IX<\/td>\n<td style=\"text-align: right;\">33<\/td>\n<\/tr>\n<tr>\n<td>DUBOIS (Pierre). Lyc\u00e9ens de Nancy au XIXe si\u00e8cle<\/td>\n<td style=\"text-align: right;\">94<\/td>\n<\/tr>\n<tr>\n<td>\u00c9vasion (L\u2019) d\u2019un Garde Mobile (1870-1871)<\/td>\n<td style=\"text-align: right;\">123<\/td>\n<\/tr>\n<tr>\n<td>\u2020 GAUDEL (Henri). Le vieux cocher, conte<\/td>\n<td style=\"text-align: right;\">142<\/td>\n<\/tr>\n<tr>\n<td>GENNESON (Louis). Le bienheureux cardinal Pierre de Luxembourg, 75e \u00e9v\u00eaque de Metz (1384-1387)<\/td>\n<td style=\"text-align: right;\">113<\/td>\n<\/tr>\n<tr>\n<td>HIEGEL (Henri). Le cristal, richesse du pays de Bitche<\/td>\n<td style=\"text-align: right;\">25<\/td>\n<\/tr>\n<tr>\n<td>Journal du si\u00e8ge de Toul (14 ao\u00fbt-23 septembre 1870)<\/td>\n<td style=\"text-align: right;\">79<\/td>\n<\/tr>\n<tr>\n<td>MAROT (Pierre). Le cinquantenaire du Pays lorrain<\/td>\n<td style=\"text-align: right;\">105<\/td>\n<\/tr>\n<tr>\n<td>NOIREL (Urbain). Paroles h\u00e9ro\u00efques<\/td>\n<td style=\"text-align: right;\">67<\/td>\n<\/tr>\n<tr>\n<td>RICHARD (Gabriel). Nancy \u00e0 la fin de l\u2019Empire<\/td>\n<td style=\"text-align: right;\">10<\/td>\n<\/tr>\n<tr>\n<td>\u2014. Nancy sous la premi\u00e8re occu\u00adpation alli\u00e9e (14 janvier au 30 avril 1814)<\/td>\n<td style=\"text-align: right;\">50<\/td>\n<\/tr>\n<tr>\n<td>ROBERT (Edmond DES). Les derniers seigneurs de Gombervaux<\/td>\n<td style=\"text-align: right;\">73<\/td>\n<\/tr>\n<tr>\n<td>SADLER (Georges). \u00c0 Metz, j\u2019ai vu la r\u00e9volution allemande le 13 novembre 1918<\/td>\n<td style=\"text-align: right;\">136<\/td>\n<\/tr>\n<tr>\n<td>TERNOIS (Daniel). Le \u00ab Martyre de saint S\u00e9bastien \u00bb, de Jacques Callot<\/td>\n<td style=\"text-align: right;\">46<\/td>\n<\/tr>\n<\/tbody>\n<\/table>\n<h2>Chronique<\/h2>\n<table>\n<tbody>\n<tr>\n<td width=\"550\">Nouvelles lorraines<\/td>\n<td style=\"text-align: right;\" width=\"160\">29, 68, 99, 144<\/td>\n<\/tr>\n<tr>\n<td>Soci\u00e9t\u00e9 d\u2019arch\u00e9ologie lorraine et du Mus\u00e9e histo\u00adrique lorrain<\/td>\n<td style=\"text-align: right;\">29, 68, 99, 143<\/td>\n<\/tr>\n<\/tbody>\n<\/table>\n<h2>Notices n\u00e9crologiques<\/h2>\n<table>\n<tbody>\n<tr>\n<td width=\"650\">COURCELLES (Henri DE)<\/td>\n<td style=\"text-align: right;\" width=\"60\">31<\/td>\n<\/tr>\n<tr>\n<td>CRESSOT (Joseph)<\/td>\n<td style=\"text-align: right;\">71<\/td>\n<\/tr>\n<tr>\n<td>ZOLLINGER (Henri)<\/td>\n<td style=\"text-align: right;\">71<\/td>\n<\/tr>\n<tr>\n<td>FOURRIER-BONNARD (Mgr)<\/td>\n<td style=\"text-align: right;\">72<\/td>\n<\/tr>\n<tr>\n<td>S\u00c9ROT (Robert)<\/td>\n<td style=\"text-align: right;\">104<\/td>\n<\/tr>\n<tr>\n<td>BAZZELAIRE (G\u00e9n\u00e9ral DE)<\/td>\n<td style=\"text-align: right;\">504<\/td>\n<\/tr>\n<tr>\n<td>LIONEL-P\u00c8LERIN (Dr Jean)<\/td>\n<td style=\"text-align: right;\">104<\/td>\n<\/tr>\n<tr>\n<td>HANNAUX (Paul)<\/td>\n<td style=\"text-align: right;\">146<\/td>\n<\/tr>\n<tr>\n<td>GAUDEL (Henri)<\/td>\n<td style=\"text-align: right;\">146<\/td>\n<\/tr>\n<\/tbody>\n<\/table>\n<h2>Bibliographie<\/h2>\n<table>\n<tbody>\n<tr>\n<td width=\"650\">ROBERT (Edmond DES) et ROBERT (Louis)<\/td>\n<td width=\"60\">\n<p style=\"text-align: right;\">32<\/p>\n<\/td>\n<\/tr>\n<\/tbody>\n<\/table>\n<p><a href=\"http:\/\/lorrylesmetz-histoire.fr\/?page_id=4996\"><img loading=\"lazy\" decoding=\"async\" class=\"alignnone size-full wp-image-378\" src=\"http:\/\/lorrylesmetz-histoire.fr\/wp-content\/uploads\/2017\/05\/retour.png\" alt=\"\" width=\"89\" height=\"31\" \/><\/a><\/p>\n","protected":false},"excerpt":{"rendered":"<p>Articles BALDENSPERGER (Fernand). Lorrains de marque dans l\u2019\u00e9migration de Quatre-vingt-neuf 1 BOURDON (Jean). Un grand historien lorrain : Henri Berr 140 CHASSAIGNE (Marc). Un pr\u00e9curseur de Lyautey : Bussy 139 CHOUX (Jacques). Un \u00e9v\u00eaque de Toul sur le Si\u00e8ge de&hellip; <\/p>\n","protected":false},"author":1,"featured_media":0,"parent":4996,"menu_order":11,"comment_status":"closed","ping_status":"closed","template":"","meta":{"_mc_calendar":[],"footnotes":""},"class_list":["post-5071","page","type-page","status-publish","hentry"],"_links":{"self":[{"href":"http:\/\/lorrylesmetz-histoire.fr\/index.php?rest_route=\/wp\/v2\/pages\/5071","targetHints":{"allow":["GET"]}}],"collection":[{"href":"http:\/\/lorrylesmetz-histoire.fr\/index.php?rest_route=\/wp\/v2\/pages"}],"about":[{"href":"http:\/\/lorrylesmetz-histoire.fr\/index.php?rest_route=\/wp\/v2\/types\/page"}],"author":[{"embeddable":true,"href":"http:\/\/lorrylesmetz-histoire.fr\/index.php?rest_route=\/wp\/v2\/users\/1"}],"replies":[{"embeddable":true,"href":"http:\/\/lorrylesmetz-histoire.fr\/index.php?rest_route=%2Fwp%2Fv2%2Fcomments&post=5071"}],"version-history":[{"count":3,"href":"http:\/\/lorrylesmetz-histoire.fr\/index.php?rest_route=\/wp\/v2\/pages\/5071\/revisions"}],"predecessor-version":[{"id":5089,"href":"http:\/\/lorrylesmetz-histoire.fr\/index.php?rest_route=\/wp\/v2\/pages\/5071\/revisions\/5089"}],"up":[{"embeddable":true,"href":"http:\/\/lorrylesmetz-histoire.fr\/index.php?rest_route=\/wp\/v2\/pages\/4996"}],"wp:attachment":[{"href":"http:\/\/lorrylesmetz-histoire.fr\/index.php?rest_route=%2Fwp%2Fv2%2Fmedia&parent=5071"}],"curies":[{"name":"wp","href":"https:\/\/api.w.org\/{rel}","templated":true}]}}