{"id":5122,"date":"2019-12-28T10:19:04","date_gmt":"2019-12-28T09:19:04","guid":{"rendered":"http:\/\/lorrylesmetz-histoire.fr\/?page_id=5122"},"modified":"2019-12-28T10:19:04","modified_gmt":"2019-12-28T09:19:04","slug":"le-pays-lorrain-1963-08","status":"publish","type":"page","link":"http:\/\/lorrylesmetz-histoire.fr\/?page_id=5122","title":{"rendered":"Le Pays lorrain \u2013 1970"},"content":{"rendered":"<p><a href=\"http:\/\/lorrylesmetz-histoire.fr\/?page_id=4996\"><img loading=\"lazy\" decoding=\"async\" class=\"alignnone size-full wp-image-378\" src=\"http:\/\/lorrylesmetz-histoire.fr\/wp-content\/uploads\/2017\/05\/retour.png\" alt=\"\" width=\"89\" height=\"31\" \/><\/a><\/p>\n<h2>Articles<\/h2>\n<table>\n<tbody>\n<tr>\n<td width=\"650\">CHOUX (Jacques). La famille de Lorraine et l\u2019\u00e9glise Notre-Dame de Liesse au XVIIe si\u00e8cle<\/td>\n<td style=\"text-align: right;\" width=\"60\">139<\/td>\n<\/tr>\n<tr>\n<td>COLLOT (G\u00e9rald). La r\u00e9organisation des Mus\u00e9es de Metz<\/td>\n<td style=\"text-align: right;\">145<\/td>\n<\/tr>\n<tr>\n<td>DENIS (P.). Les mobiles de la Meurthe<\/td>\n<td style=\"text-align: right;\">67<\/td>\n<\/tr>\n<tr>\n<td>\u2014. L\u2019affaire du cercle du Commerce de Nancy en 1882<\/td>\n<td style=\"text-align: right;\">79<\/td>\n<\/tr>\n<tr>\n<td>FRAN\u00c7OIS (Charles). Pont-\u00e0-Mousson<\/td>\n<td style=\"text-align: right;\">74<\/td>\n<\/tr>\n<tr>\n<td>GAILLEMIN (A.). Le ch\u00e2teau de l\u2019Isle-sous\u00adCousances<\/td>\n<td style=\"text-align: right;\">181<\/td>\n<\/tr>\n<tr>\n<td>HIEGEL (Henri). Sarreguemines et sa r\u00e9gion<\/td>\n<td style=\"text-align: right;\">9<\/td>\n<\/tr>\n<tr>\n<td>MORLOT (Victor-L\u00e9on). Le si\u00e8ge de Toul<\/td>\n<td style=\"text-align: right;\">56<\/td>\n<\/tr>\n<tr>\n<td>OBELLIANNE (Jean). Gemonville et le probl\u00e8me de l\u2019Aroffe<\/td>\n<td style=\"text-align: right;\">155<\/td>\n<\/tr>\n<tr>\n<td>SIMONIN (Pierre). La cath\u00e9drale de Nancy<\/td>\n<td style=\"text-align: right;\">107<\/td>\n<\/tr>\n<tr>\n<td>THOUVENOT (R.). Sur quelques portes anciennes de Commercy<\/td>\n<td style=\"text-align: right;\">173<\/td>\n<\/tr>\n<tr>\n<td>VINCIENNE (Olivier). La broderie lorraine<\/td>\n<td style=\"text-align: right;\">84<\/td>\n<\/tr>\n<tr>\n<td>WILMIN (Henri). La bataille de Forbach<\/td>\n<td style=\"text-align: right;\">32<\/td>\n<\/tr>\n<\/tbody>\n<\/table>\n<h2>Vari\u00e9t\u00e9s et chroniques<\/h2>\n<table>\n<tbody>\n<tr>\n<td width=\"500\">La Vie de la Soci\u00e9t\u00e9 d\u2019arch\u00e9ologie lorraine et du Mus\u00e9e historique lorrain. Nouvelles lorraines. Arch\u00e9ologie<\/td>\n<td width=\"210\">\n<p style=\"text-align: right;\">94 \u00e0 98, 184 \u00e0 188<\/p>\n<\/td>\n<\/tr>\n<\/tbody>\n<\/table>\n<h2>Bibliographie<\/h2>\n<table>\n<tbody>\n<tr>\n<td width=\"500\">Livres r\u00e9cents<\/td>\n<td width=\"210\">\n<p style=\"text-align: right;\">98 \u00e0 102, 189 \u00e0 196<\/p>\n<\/td>\n<\/tr>\n<\/tbody>\n<\/table>\n<h2>Notices n\u00e9crologiques<\/h2>\n<table>\n<tbody>\n<tr>\n<td width=\"650\">BLACHE (Jules)<\/td>\n<td style=\"text-align: right;\" width=\"60\">98<\/td>\n<\/tr>\n<tr>\n<td>DURAND (Paul)<\/td>\n<td style=\"text-align: right;\">98<\/td>\n<\/tr>\n<tr>\n<td>FOURNIER (\u00c9mile)<\/td>\n<td style=\"text-align: right;\">189<\/td>\n<\/tr>\n<tr>\n<td>FRIEDEL (Charles)<\/td>\n<td style=\"text-align: right;\">188<\/td>\n<\/tr>\n<tr>\n<td>GRANDG\u00c9RARD (Lucien)<\/td>\n<td style=\"text-align: right;\">189<\/td>\n<\/tr>\n<tr>\n<td>PETIT (Mgr Marie-Paul-Georges)<\/td>\n<td style=\"text-align: right;\">98<\/td>\n<\/tr>\n<\/tbody>\n<\/table>\n<p><a href=\"http:\/\/lorrylesmetz-histoire.fr\/?page_id=4996\"><img loading=\"lazy\" decoding=\"async\" class=\"alignnone size-full wp-image-378\" src=\"http:\/\/lorrylesmetz-histoire.fr\/wp-content\/uploads\/2017\/05\/retour.png\" alt=\"\" width=\"89\" height=\"31\" \/><\/a><\/p>\n","protected":false},"excerpt":{"rendered":"<p>Articles CHOUX (Jacques). La famille de Lorraine et l\u2019\u00e9glise Notre-Dame de Liesse au XVIIe si\u00e8cle 139 COLLOT (G\u00e9rald). La r\u00e9organisation des Mus\u00e9es de Metz 145 DENIS (P.). Les mobiles de la Meurthe 67 \u2014. L\u2019affaire du cercle du Commerce de&hellip; <\/p>\n","protected":false},"author":1,"featured_media":0,"parent":4996,"menu_order":27,"comment_status":"closed","ping_status":"closed","template":"","meta":{"_mc_calendar":[],"footnotes":""},"class_list":["post-5122","page","type-page","status-publish","hentry"],"_links":{"self":[{"href":"http:\/\/lorrylesmetz-histoire.fr\/index.php?rest_route=\/wp\/v2\/pages\/5122","targetHints":{"allow":["GET"]}}],"collection":[{"href":"http:\/\/lorrylesmetz-histoire.fr\/index.php?rest_route=\/wp\/v2\/pages"}],"about":[{"href":"http:\/\/lorrylesmetz-histoire.fr\/index.php?rest_route=\/wp\/v2\/types\/page"}],"author":[{"embeddable":true,"href":"http:\/\/lorrylesmetz-histoire.fr\/index.php?rest_route=\/wp\/v2\/users\/1"}],"replies":[{"embeddable":true,"href":"http:\/\/lorrylesmetz-histoire.fr\/index.php?rest_route=%2Fwp%2Fv2%2Fcomments&post=5122"}],"version-history":[{"count":3,"href":"http:\/\/lorrylesmetz-histoire.fr\/index.php?rest_route=\/wp\/v2\/pages\/5122\/revisions"}],"predecessor-version":[{"id":5171,"href":"http:\/\/lorrylesmetz-histoire.fr\/index.php?rest_route=\/wp\/v2\/pages\/5122\/revisions\/5171"}],"up":[{"embeddable":true,"href":"http:\/\/lorrylesmetz-histoire.fr\/index.php?rest_route=\/wp\/v2\/pages\/4996"}],"wp:attachment":[{"href":"http:\/\/lorrylesmetz-histoire.fr\/index.php?rest_route=%2Fwp%2Fv2%2Fmedia&parent=5122"}],"curies":[{"name":"wp","href":"https:\/\/api.w.org\/{rel}","templated":true}]}}