{"id":5123,"date":"2019-12-28T10:05:46","date_gmt":"2019-12-28T09:05:46","guid":{"rendered":"http:\/\/lorrylesmetz-histoire.fr\/?page_id=5123"},"modified":"2019-12-28T10:08:27","modified_gmt":"2019-12-28T09:08:27","slug":"le-pays-lorrain-1963-07","status":"publish","type":"page","link":"http:\/\/lorrylesmetz-histoire.fr\/?page_id=5123","title":{"rendered":"Le Pays lorrain \u2013 1969"},"content":{"rendered":"<p><a href=\"http:\/\/lorrylesmetz-histoire.fr\/?page_id=4996\"><img loading=\"lazy\" decoding=\"async\" class=\"alignnone size-full wp-image-378\" src=\"http:\/\/lorrylesmetz-histoire.fr\/wp-content\/uploads\/2017\/05\/retour.png\" alt=\"\" width=\"89\" height=\"31\" \/><\/a><\/p>\n<h2>Articles<\/h2>\n<table>\n<tbody>\n<tr>\n<td width=\"650\">CHARPENTIER (Th\u00e9r\u00e8se). Rodin, Claude Gell\u00e9e et Nancy<\/td>\n<td style=\"text-align: right;\" width=\"60\">127<\/td>\n<\/tr>\n<tr>\n<td>CHOUX (Jacques). Un buste de Nicolas de Lor\u00adraine, comte de Vaud\u00e9mont, duc de Merc\u0153ur (1524-1577)<\/td>\n<td style=\"text-align: right;\">41<\/td>\n<\/tr>\n<tr>\n<td>COLLIN (Hubert). L\u2019ancien ch\u00e2teau de Mandresaux-Quatre-Tours<\/td>\n<td style=\"text-align: right;\">5<\/td>\n<\/tr>\n<tr>\n<td>DENAIX (Jean) (Chanoine). Un site lorrain \u00e0 sauvegarder : Hattonch\u00e2tel<\/td>\n<td style=\"text-align: right;\">25<\/td>\n<\/tr>\n<tr>\n<td>DENIS (P.) et DUPOUY (A.). Un cavalier de l\u2019Empereur : le capitaine Caillou<\/td>\n<td style=\"text-align: right;\">93<\/td>\n<\/tr>\n<tr>\n<td>DU PUY DE CLINCHAMPS (Philippe). Un fer de reliure aux armes des familles du Puy-Ardennes<\/td>\n<td style=\"text-align: right;\">37<\/td>\n<\/tr>\n<tr>\n<td>FRAN\u00c7OIS (Charles). La gu\u00e9rilla du canal en 1944 \u00e0 Pont-\u00e0-Mousson<\/td>\n<td style=\"text-align: right;\">133<\/td>\n<\/tr>\n<tr>\n<td>MARCHAL (Jean). La baronnie et le ch\u00e2teau de Bolandre<\/td>\n<td style=\"text-align: right;\">47<\/td>\n<\/tr>\n<tr>\n<td>MAROT (Pierre). Charles Bruneau et les \u00e9tudes lorraines<\/td>\n<td style=\"text-align: right;\">73<\/td>\n<\/tr>\n<tr>\n<td>\u2014. \u00c0 propos du meurtre du graveur Louis Nicole par le sculpteur Louis Stourme dit Saint-Remy (1760). Aper\u00e7u sur le milieu de quelques artistes nanc\u00e9iens au temps de Stanis\u00adlas<\/td>\n<td style=\"text-align: right;\">109<\/td>\n<\/tr>\n<tr>\n<td>NO\u00cbL (Maurice). Le palais \u00e9piscopal de Toul de la R\u00e9volution \u00e0 nos jours<\/td>\n<td style=\"text-align: right;\">13<\/td>\n<\/tr>\n<tr>\n<td>THIRY (Jean). Les soldats lorrains de la Grande Arm\u00e9e<\/td>\n<td style=\"text-align: right;\">79<\/td>\n<\/tr>\n<tr>\n<td>Une lettre d\u2019un soldat de l\u2019arm\u00e9e de Naples, 1806<\/td>\n<td style=\"text-align: right;\">107<\/td>\n<\/tr>\n<\/tbody>\n<\/table>\n<h2>Vari\u00e9t\u00e9s et chroniques<\/h2>\n<table>\n<tbody>\n<tr>\n<td width=\"500\">La vie de la Soci\u00e9t\u00e9 d\u2019arch\u00e9ologie lorraine et du Mus\u00e9e historique lorrain. Nouvelles lorraines. Arch\u00e9ologie<\/td>\n<td style=\"text-align: right;\" width=\"210\">55 \u00e0 57, 136 \u00e0 141<\/td>\n<\/tr>\n<\/tbody>\n<\/table>\n<h2>Bibliographie<\/h2>\n<table>\n<tbody>\n<tr>\n<td width=\"500\">Livres r\u00e9cents<\/td>\n<td style=\"text-align: right;\" width=\"210\">59 \u00e0 67, 142 \u00e0 148<\/td>\n<\/tr>\n<\/tbody>\n<\/table>\n<h2>Notices n\u00e9crologiques<\/h2>\n<table>\n<tbody>\n<tr>\n<td width=\"650\">BELLARD (Andr\u00e9)<\/td>\n<td style=\"text-align: right;\" width=\"60\">141<\/td>\n<\/tr>\n<tr>\n<td>BLAUDEZ (Fran\u00e7ois)<\/td>\n<td style=\"text-align: right;\">58<\/td>\n<\/tr>\n<tr>\n<td>BOUCHY (Andr\u00e9)<\/td>\n<td style=\"text-align: right;\">141<\/td>\n<\/tr>\n<tr>\n<td>BRACHMANN (lieutenant-colonel Louis)<\/td>\n<td style=\"text-align: right;\">142<\/td>\n<\/tr>\n<tr>\n<td>BRUNEAU (Charles)<\/td>\n<td style=\"text-align: right;\">141<\/td>\n<\/tr>\n<tr>\n<td>DIMOFF (professeur Paul)<\/td>\n<td style=\"text-align: right;\">141<\/td>\n<\/tr>\n<tr>\n<td>GAR\u00c7OT (Maurice)<\/td>\n<td style=\"text-align: right;\">141<\/td>\n<\/tr>\n<tr>\n<td>HUSSON (Robert)<\/td>\n<td style=\"text-align: right;\">58<\/td>\n<\/tr>\n<tr>\n<td>MASS\u00c9 (Henri)<\/td>\n<td style=\"text-align: right;\">142<\/td>\n<\/tr>\n<tr>\n<td>TEITGEN (Henri)<\/td>\n<td style=\"text-align: right;\">141<\/td>\n<\/tr>\n<\/tbody>\n<\/table>\n<p><a href=\"http:\/\/lorrylesmetz-histoire.fr\/?page_id=4996\"><img loading=\"lazy\" decoding=\"async\" class=\"alignnone size-full wp-image-378\" src=\"http:\/\/lorrylesmetz-histoire.fr\/wp-content\/uploads\/2017\/05\/retour.png\" alt=\"\" width=\"89\" height=\"31\" \/><\/a><\/p>\n","protected":false},"excerpt":{"rendered":"<p>Articles CHARPENTIER (Th\u00e9r\u00e8se). Rodin, Claude Gell\u00e9e et Nancy 127 CHOUX (Jacques). Un buste de Nicolas de Lor\u00adraine, comte de Vaud\u00e9mont, duc de Merc\u0153ur (1524-1577) 41 COLLIN (Hubert). L\u2019ancien ch\u00e2teau de Mandresaux-Quatre-Tours 5 DENAIX (Jean) (Chanoine). Un site lorrain \u00e0 sauvegarder&hellip; <\/p>\n","protected":false},"author":1,"featured_media":0,"parent":4996,"menu_order":26,"comment_status":"closed","ping_status":"closed","template":"","meta":{"_mc_calendar":[],"footnotes":""},"class_list":["post-5123","page","type-page","status-publish","hentry"],"_links":{"self":[{"href":"http:\/\/lorrylesmetz-histoire.fr\/index.php?rest_route=\/wp\/v2\/pages\/5123","targetHints":{"allow":["GET"]}}],"collection":[{"href":"http:\/\/lorrylesmetz-histoire.fr\/index.php?rest_route=\/wp\/v2\/pages"}],"about":[{"href":"http:\/\/lorrylesmetz-histoire.fr\/index.php?rest_route=\/wp\/v2\/types\/page"}],"author":[{"embeddable":true,"href":"http:\/\/lorrylesmetz-histoire.fr\/index.php?rest_route=\/wp\/v2\/users\/1"}],"replies":[{"embeddable":true,"href":"http:\/\/lorrylesmetz-histoire.fr\/index.php?rest_route=%2Fwp%2Fv2%2Fcomments&post=5123"}],"version-history":[{"count":4,"href":"http:\/\/lorrylesmetz-histoire.fr\/index.php?rest_route=\/wp\/v2\/pages\/5123\/revisions"}],"predecessor-version":[{"id":5168,"href":"http:\/\/lorrylesmetz-histoire.fr\/index.php?rest_route=\/wp\/v2\/pages\/5123\/revisions\/5168"}],"up":[{"embeddable":true,"href":"http:\/\/lorrylesmetz-histoire.fr\/index.php?rest_route=\/wp\/v2\/pages\/4996"}],"wp:attachment":[{"href":"http:\/\/lorrylesmetz-histoire.fr\/index.php?rest_route=%2Fwp%2Fv2%2Fmedia&parent=5123"}],"curies":[{"name":"wp","href":"https:\/\/api.w.org\/{rel}","templated":true}]}}

<p><a href="http://lorrylesmetz-histoire.fr/?page_id=4996"><img loading="lazy" decoding="async" class="alignnone size-full wp-image-378" src="http://lorrylesmetz-histoire.fr/wp-content/uploads/2017/05/retour.png" alt="" width="89" height="31" /></a></p>
<h2>Articles</h2>
<table>
<tbody>
<tr>
<td width="650">CHARPENTIER (Thérèse). Rodin, Claude Gellée et Nancy</td>
<td style="text-align: right;" width="60">127</td>
</tr>
<tr>
<td>CHOUX (Jacques). Un buste de Nicolas de Lor­raine, comte de Vaudémont, duc de Mercœur (1524-1577)</td>
<td style="text-align: right;">41</td>
</tr>
<tr>
<td>COLLIN (Hubert). L’ancien château de Mandresaux-Quatre-Tours</td>
<td style="text-align: right;">5</td>
</tr>
<tr>
<td>DENAIX (Jean) (Chanoine). Un site lorrain à sauvegarder : Hattonchâtel</td>
<td style="text-align: right;">25</td>
</tr>
<tr>
<td>DENIS (P.) et DUPOUY (A.). Un cavalier de l’Empereur : le capitaine Caillou</td>
<td style="text-align: right;">93</td>
</tr>
<tr>
<td>DU PUY DE CLINCHAMPS (Philippe). Un fer de reliure aux armes des familles du Puy-Ardennes</td>
<td style="text-align: right;">37</td>
</tr>
<tr>
<td>FRANÇOIS (Charles). La guérilla du canal en 1944 à Pont-à-Mousson</td>
<td style="text-align: right;">133</td>
</tr>
<tr>
<td>MARCHAL (Jean). La baronnie et le château de Bolandre</td>
<td style="text-align: right;">47</td>
</tr>
<tr>
<td>MAROT (Pierre). Charles Bruneau et les études lorraines</td>
<td style="text-align: right;">73</td>
</tr>
<tr>
<td>—. À propos du meurtre du graveur Louis Nicole par le sculpteur Louis Stourme dit Saint-Remy (1760). Aperçu sur le milieu de quelques artistes nancéiens au temps de Stanis­las</td>
<td style="text-align: right;">109</td>
</tr>
<tr>
<td>NOËL (Maurice). Le palais épiscopal de Toul de la Révolution à nos jours</td>
<td style="text-align: right;">13</td>
</tr>
<tr>
<td>THIRY (Jean). Les soldats lorrains de la Grande Armée</td>
<td style="text-align: right;">79</td>
</tr>
<tr>
<td>Une lettre d’un soldat de l’armée de Naples, 1806</td>
<td style="text-align: right;">107</td>
</tr>
</tbody>
</table>
<h2>Variétés et chroniques</h2>
<table>
<tbody>
<tr>
<td width="500">La vie de la Société d’archéologie lorraine et du Musée historique lorrain. Nouvelles lorraines. Archéologie</td>
<td style="text-align: right;" width="210">55 à 57, 136 à 141</td>
</tr>
</tbody>
</table>
<h2>Bibliographie</h2>
<table>
<tbody>
<tr>
<td width="500">Livres récents</td>
<td style="text-align: right;" width="210">59 à 67, 142 à 148</td>
</tr>
</tbody>
</table>
<h2>Notices nécrologiques</h2>
<table>
<tbody>
<tr>
<td width="650">BELLARD (André)</td>
<td style="text-align: right;" width="60">141</td>
</tr>
<tr>
<td>BLAUDEZ (François)</td>
<td style="text-align: right;">58</td>
</tr>
<tr>
<td>BOUCHY (André)</td>
<td style="text-align: right;">141</td>
</tr>
<tr>
<td>BRACHMANN (lieutenant-colonel Louis)</td>
<td style="text-align: right;">142</td>
</tr>
<tr>
<td>BRUNEAU (Charles)</td>
<td style="text-align: right;">141</td>
</tr>
<tr>
<td>DIMOFF (professeur Paul)</td>
<td style="text-align: right;">141</td>
</tr>
<tr>
<td>GARÇOT (Maurice)</td>
<td style="text-align: right;">141</td>
</tr>
<tr>
<td>HUSSON (Robert)</td>
<td style="text-align: right;">58</td>
</tr>
<tr>
<td>MASSÉ (Henri)</td>
<td style="text-align: right;">142</td>
</tr>
<tr>
<td>TEITGEN (Henri)</td>
<td style="text-align: right;">141</td>
</tr>
</tbody>
</table>
<p><a href="http://lorrylesmetz-histoire.fr/?page_id=4996"><img loading="lazy" decoding="async" class="alignnone size-full wp-image-378" src="http://lorrylesmetz-histoire.fr/wp-content/uploads/2017/05/retour.png" alt="" width="89" height="31" /></a></p>

<p>Articles CHARPENTIER (Thérèse). Rodin, Claude Gellée et Nancy 127 CHOUX (Jacques). Un buste de Nicolas de Lor­raine, comte de Vaudémont, duc de Mercœur (1524-1577) 41 COLLIN (Hubert). L’ancien château de Mandresaux-Quatre-Tours 5 DENAIX (Jean) (Chanoine). Un site lorrain à sauvegarder&hellip; </p>
