{"id":5133,"date":"2019-12-28T11:46:39","date_gmt":"2019-12-28T10:46:39","guid":{"rendered":"http:\/\/lorrylesmetz-histoire.fr\/?page_id=5133"},"modified":"2019-12-28T11:46:39","modified_gmt":"2019-12-28T10:46:39","slug":"le-pays-lorrain-1973-04","status":"publish","type":"page","link":"http:\/\/lorrylesmetz-histoire.fr\/?page_id=5133","title":{"rendered":"Le Pays lorrain \u2013 1976"},"content":{"rendered":"<p><a href=\"http:\/\/lorrylesmetz-histoire.fr\/?page_id=4996\"><img loading=\"lazy\" decoding=\"async\" class=\"alignnone size-full wp-image-378\" src=\"http:\/\/lorrylesmetz-histoire.fr\/wp-content\/uploads\/2017\/05\/retour.png\" alt=\"\" width=\"89\" height=\"31\" \/><\/a><\/p>\n<h2>Articles<\/h2>\n<table>\n<tbody>\n<tr>\n<td width=\"650\">ALBISER (Chanoine M.). Stalles et boiseries de l\u2019\u00e9glise d\u2019Essegney<\/td>\n<td style=\"text-align: right;\" width=\"60\">125<\/td>\n<\/tr>\n<tr>\n<td>AUBRY (M.-T.) et CHOUX (abb\u00e9 J.). Documents nouveaux sur la vie et l\u2019\u0153uvre de Georges de La Tour<\/td>\n<td style=\"text-align: right;\">155<\/td>\n<\/tr>\n<tr>\n<td>COLLIN (H.). L\u2019\u00e9tude des ch\u00e2teaux m\u00e9di\u00e9vaux et l\u2019observation a\u00e9rienne. Quelques exemples lorrains<\/td>\n<td style=\"text-align: right;\">177<\/td>\n<\/tr>\n<tr>\n<td>DELAHAYE (J.-M.). \u00ab Le Souvenir \u00bb, monument de la place Saint-Jean \u00e0 Nancy<\/td>\n<td style=\"text-align: right;\">195<\/td>\n<\/tr>\n<tr>\n<td>JOLIN (R.) Quelques bornes aux confins du tem\u00adporel de l\u2019\u00e9v\u00each\u00e9 de Toul<\/td>\n<td style=\"text-align: right;\">217<\/td>\n<\/tr>\n<tr>\n<td>LARCAN (A.). \u00c0 propos du tableau de Georges de La Tour du Mus\u00e9e lorrain dit \u00ab La Femme \u00e0 la Puce \u00bb<\/td>\n<td style=\"text-align: right;\">159<\/td>\n<\/tr>\n<tr>\n<td>LAURENT (Chanoine A.). Sculptures du XVe et du XVIe si\u00e8cle \u00e0 Essegney<\/td>\n<td style=\"text-align: right;\">121<\/td>\n<\/tr>\n<tr>\n<td>MAROT (P.). Le Mus\u00e9e historique lorrain, \u0153uvre de patriotisme instrument de culture<\/td>\n<td style=\"text-align: right;\">1<\/td>\n<\/tr>\n<tr>\n<td>\u2014. Les galeries et salles du Mus\u00e9e lorrain, transformations et enrichissements depuis 1937<\/td>\n<td style=\"text-align: right;\">45<\/td>\n<\/tr>\n<tr>\n<td>MOITRIEUX (G.). Fouilles gallo-romaines \u00e0 Deneuvre (Meurthe-et-Moselle)<\/td>\n<td style=\"text-align: right;\">111<\/td>\n<\/tr>\n<tr>\n<td>PARISET (F.-G.). Georges de La Tour. Notes et r\u00e9flexions sur l\u2019artiste et son \u0153uvre<\/td>\n<td style=\"text-align: right;\">137<\/td>\n<\/tr>\n<tr>\n<td>PUPIL (F.). Le d\u00e9vouement du chevalier Desilles et l\u2019affaire de Nancy en 1790 : essai de cata\u00adlogue iconographique<\/td>\n<td style=\"text-align: right;\">73<\/td>\n<\/tr>\n<tr>\n<td>SimomN (P.). La statue de saint Charles Bor\u00adrom\u00e9e provenant du \u00ab V\u0153u de Nancy \u00bb \u00e0 Bonsecours<\/td>\n<td style=\"text-align: right;\">203<\/td>\n<\/tr>\n<tr>\n<td>THIRY (J.). Philippe Barr\u00e8s<\/td>\n<td style=\"text-align: right;\">131<\/td>\n<\/tr>\n<tr>\n<td>TRIBOUT DE MOREMBERT (H.). deux petits-fils de Ligier Richier, sculpteurs \u00e0 Metz au XVIIe si\u00e8cle : Jean Richier et Toussaint Hainzelin<\/td>\n<td style=\"text-align: right;\">209<\/td>\n<\/tr>\n<tr>\n<td>VAZEMMES (F.). Jean-Martin Moye et le noviciat des s\u0153urs de la Providence \u00e0 Essegney (Vosges)<\/td>\n<td style=\"text-align: right;\">117<\/td>\n<\/tr>\n<\/tbody>\n<\/table>\n<h2>Vari\u00e9t\u00e9s et chroniques<\/h2>\n<table>\n<tbody>\n<tr>\n<td width=\"550\">La vie de la Soci\u00e9t\u00e9 d\u2019arch\u00e9ologie lorraine et du Mus\u00e9e historique lorrain. Nouvelles lor\u00adraines. Arch\u00e9ologie<\/td>\n<td style=\"text-align: right;\" width=\"160\">61, 165<\/td>\n<\/tr>\n<tr>\n<td>Livres r\u00e9cnts<\/td>\n<td style=\"text-align: right;\">65, 168<\/td>\n<\/tr>\n<\/tbody>\n<\/table>\n<p><a href=\"http:\/\/lorrylesmetz-histoire.fr\/?page_id=4996\"><img loading=\"lazy\" decoding=\"async\" class=\"alignnone size-full wp-image-378\" src=\"http:\/\/lorrylesmetz-histoire.fr\/wp-content\/uploads\/2017\/05\/retour.png\" alt=\"\" width=\"89\" height=\"31\" \/><\/a><\/p>\n","protected":false},"excerpt":{"rendered":"<p>Articles ALBISER (Chanoine M.). Stalles et boiseries de l\u2019\u00e9glise d\u2019Essegney 125 AUBRY (M.-T.) et CHOUX (abb\u00e9 J.). Documents nouveaux sur la vie et l\u2019\u0153uvre de Georges de La Tour 155 COLLIN (H.). L\u2019\u00e9tude des ch\u00e2teaux m\u00e9di\u00e9vaux et l\u2019observation a\u00e9rienne. Quelques&hellip; <\/p>\n","protected":false},"author":1,"featured_media":0,"parent":4996,"menu_order":33,"comment_status":"closed","ping_status":"closed","template":"","meta":{"_mc_calendar":[],"footnotes":""},"class_list":["post-5133","page","type-page","status-publish","hentry"],"_links":{"self":[{"href":"http:\/\/lorrylesmetz-histoire.fr\/index.php?rest_route=\/wp\/v2\/pages\/5133","targetHints":{"allow":["GET"]}}],"collection":[{"href":"http:\/\/lorrylesmetz-histoire.fr\/index.php?rest_route=\/wp\/v2\/pages"}],"about":[{"href":"http:\/\/lorrylesmetz-histoire.fr\/index.php?rest_route=\/wp\/v2\/types\/page"}],"author":[{"embeddable":true,"href":"http:\/\/lorrylesmetz-histoire.fr\/index.php?rest_route=\/wp\/v2\/users\/1"}],"replies":[{"embeddable":true,"href":"http:\/\/lorrylesmetz-histoire.fr\/index.php?rest_route=%2Fwp%2Fv2%2Fcomments&post=5133"}],"version-history":[{"count":2,"href":"http:\/\/lorrylesmetz-histoire.fr\/index.php?rest_route=\/wp\/v2\/pages\/5133\/revisions"}],"predecessor-version":[{"id":5187,"href":"http:\/\/lorrylesmetz-histoire.fr\/index.php?rest_route=\/wp\/v2\/pages\/5133\/revisions\/5187"}],"up":[{"embeddable":true,"href":"http:\/\/lorrylesmetz-histoire.fr\/index.php?rest_route=\/wp\/v2\/pages\/4996"}],"wp:attachment":[{"href":"http:\/\/lorrylesmetz-histoire.fr\/index.php?rest_route=%2Fwp%2Fv2%2Fmedia&parent=5133"}],"curies":[{"name":"wp","href":"https:\/\/api.w.org\/{rel}","templated":true}]}}