{"id":5385,"date":"2020-02-03T13:29:57","date_gmt":"2020-02-03T12:29:57","guid":{"rendered":"http:\/\/lorrylesmetz-histoire.fr\/?page_id=5385"},"modified":"2020-10-29T14:10:46","modified_gmt":"2020-10-29T13:10:46","slug":"galette-des-rois","status":"publish","type":"page","link":"http:\/\/lorrylesmetz-histoire.fr\/?page_id=5385","title":{"rendered":"Galette des rois"},"content":{"rendered":"<h2><span style=\"font-size: 20pt;\">14 janvier<\/span><\/h2>\n<p>Lorry-l\u00e8s-Metz \u00ab\u00a0au fil du temps\u00a0\u00bb maintient la tradition : tous les membres de l&rsquo;association ont c\u00e9l\u00e9br\u00e9 le temps des Rois en partageant la d\u00e9licieuse galette du boulanger du village.<\/p>\n<div id=\"metaslider-id-5394\" style=\"width: 100%; margin: 0 auto;\" class=\"ml-slider-3-108-0 metaslider metaslider-responsive metaslider-5394 ml-slider has-dots-nav ms-theme-default\" role=\"region\" aria-label=\"galette 2020\" data-height=\"800\" data-width=\"1000\">\n    <div id=\"metaslider_container_5394\">\n        <ul id='metaslider_5394' class='rslides'>\n            <li aria-roledescription='slide' aria-labelledby='slide-0'><a href=\"http:\/\/lorrylesmetz-histoire.fr\/wp-content\/uploads\/2020\/02\/A001.jpg\" target=\"_blank\"><img loading=\"lazy\" decoding=\"async\" src=\"http:\/\/lorrylesmetz-histoire.fr\/wp-content\/uploads\/2020\/02\/A001-1000x800.jpg\" height=\"800\" width=\"1000\" alt=\"\" class=\"slider-5394 slide-5395 msDefaultImage\" title=\"A001\" \/><\/a><\/li>\n            <li style='display: none;' aria-roledescription='slide' aria-labelledby='slide-1'><a href=\"http:\/\/lorrylesmetz-histoire.fr\/wp-content\/uploads\/2020\/02\/A002.jpg\" target=\"_blank\"><img loading=\"lazy\" decoding=\"async\" src=\"http:\/\/lorrylesmetz-histoire.fr\/wp-content\/uploads\/2020\/02\/A002-1000x800.jpg\" height=\"800\" width=\"1000\" alt=\"\" class=\"slider-5394 slide-5396 msDefaultImage\" title=\"A002\" \/><\/a><\/li>\n            <li style='display: none;' aria-roledescription='slide' aria-labelledby='slide-2'><a href=\"http:\/\/lorrylesmetz-histoire.fr\/wp-content\/uploads\/2020\/02\/A003.jpg\" target=\"_blank\"><img loading=\"lazy\" decoding=\"async\" src=\"http:\/\/lorrylesmetz-histoire.fr\/wp-content\/uploads\/2020\/02\/A003-1000x800.jpg\" height=\"800\" width=\"1000\" alt=\"\" class=\"slider-5394 slide-5397 msDefaultImage\" title=\"A003\" \/><\/a><\/li>\n            <li style='display: none;' aria-roledescription='slide' aria-labelledby='slide-3'><a href=\"http:\/\/lorrylesmetz-histoire.fr\/wp-content\/uploads\/2020\/02\/A004.jpg\" target=\"_blank\"><img loading=\"lazy\" decoding=\"async\" src=\"http:\/\/lorrylesmetz-histoire.fr\/wp-content\/uploads\/2020\/02\/A004-1000x800.jpg\" height=\"800\" width=\"1000\" alt=\"\" class=\"slider-5394 slide-5398 msDefaultImage\" title=\"A004\" \/><\/a><\/li>\n            <li style='display: none;' aria-roledescription='slide' aria-labelledby='slide-4'><a href=\"http:\/\/lorrylesmetz-histoire.fr\/wp-content\/uploads\/2020\/02\/A005.jpg\" target=\"_blank\"><img loading=\"lazy\" decoding=\"async\" src=\"http:\/\/lorrylesmetz-histoire.fr\/wp-content\/uploads\/2020\/02\/A005-1000x800.jpg\" height=\"800\" width=\"1000\" alt=\"\" class=\"slider-5394 slide-5399 msDefaultImage\" title=\"A005\" \/><\/a><\/li>\n            <li style='display: none;' aria-roledescription='slide' aria-labelledby='slide-5'><a href=\"http:\/\/lorrylesmetz-histoire.fr\/wp-content\/uploads\/2020\/02\/A006jpg\" target=\"_blank\"><img loading=\"lazy\" decoding=\"async\" src=\"http:\/\/lorrylesmetz-histoire.fr\/wp-content\/uploads\/2020\/02\/A006-1000x800.jpg\" height=\"800\" width=\"1000\" alt=\"\" class=\"slider-5394 slide-5400 msDefaultImage\" title=\"A006\" \/><\/a><\/li>\n            <li style='display: none;' aria-roledescription='slide' aria-labelledby='slide-6'><a href=\"http:\/\/lorrylesmetz-histoire.fr\/wp-content\/uploads\/2020\/02\/A007.jpg\" target=\"_blank\"><img loading=\"lazy\" decoding=\"async\" src=\"http:\/\/lorrylesmetz-histoire.fr\/wp-content\/uploads\/2020\/02\/A007-1000x800.jpg\" height=\"800\" width=\"1000\" alt=\"\" class=\"slider-5394 slide-5401 msDefaultImage\" title=\"A007\" \/><\/a><\/li>\n            <li style='display: none;' aria-roledescription='slide' aria-labelledby='slide-7'><a href=\"http:\/\/lorrylesmetz-histoire.fr\/wp-content\/uploads\/2020\/02\/A008.jpg\" target=\"_blank\"><img loading=\"lazy\" decoding=\"async\" src=\"http:\/\/lorrylesmetz-histoire.fr\/wp-content\/uploads\/2020\/02\/A008-1000x800.jpg\" height=\"800\" width=\"1000\" alt=\"\" class=\"slider-5394 slide-5402 msDefaultImage\" title=\"A008\" \/><\/a><\/li>\n            <li style='display: none;' aria-roledescription='slide' aria-labelledby='slide-8'><a href=\"http:\/\/lorrylesmetz-histoire.fr\/wp-content\/uploads\/2020\/02\/A009.jpg\" target=\"_blank\"><img loading=\"lazy\" decoding=\"async\" src=\"http:\/\/lorrylesmetz-histoire.fr\/wp-content\/uploads\/2020\/02\/A009-1000x800.jpg\" height=\"800\" width=\"1000\" alt=\"\" class=\"slider-5394 slide-5403 msDefaultImage\" title=\"A009\" \/><\/a><\/li>\n            <li style='display: none;' aria-roledescription='slide' aria-labelledby='slide-9'><a href=\"http:\/\/lorrylesmetz-histoire.fr\/wp-content\/uploads\/2020\/02\/A010.jpg\" target=\"_blank\"><img loading=\"lazy\" decoding=\"async\" src=\"http:\/\/lorrylesmetz-histoire.fr\/wp-content\/uploads\/2020\/02\/A010-1000x800.jpg\" height=\"800\" width=\"1000\" alt=\"\" class=\"slider-5394 slide-5404 msDefaultImage\" title=\"A010\" \/><\/a><\/li>\n            <li style='display: none;' aria-roledescription='slide' aria-labelledby='slide-10'><a href=\"http:\/\/lorrylesmetz-histoire.fr\/wp-content\/uploads\/2020\/02\/A011.jpg\" target=\"_blank\"><img loading=\"lazy\" decoding=\"async\" src=\"http:\/\/lorrylesmetz-histoire.fr\/wp-content\/uploads\/2020\/02\/A011-1000x800.jpg\" height=\"800\" width=\"1000\" alt=\"\" class=\"slider-5394 slide-5405 msDefaultImage\" title=\"A011\" \/><\/a><\/li>\n            <li style='display: none;' aria-roledescription='slide' aria-labelledby='slide-11'><a href=\"http:\/\/lorrylesmetz-histoire.fr\/wp-content\/uploads\/2020\/02\/A012.jpg\" target=\"_blank\"><img loading=\"lazy\" decoding=\"async\" src=\"http:\/\/lorrylesmetz-histoire.fr\/wp-content\/uploads\/2020\/02\/A012-1000x800.jpg\" height=\"800\" width=\"1000\" alt=\"\" class=\"slider-5394 slide-5406 msDefaultImage\" title=\"A012\" \/><\/a><\/li>\n            <li style='display: none;' aria-roledescription='slide' aria-labelledby='slide-12'><a href=\"http:\/\/lorrylesmetz-histoire.fr\/wp-content\/uploads\/2020\/02\/A013.jpg\" target=\"_blank\"><img loading=\"lazy\" decoding=\"async\" src=\"http:\/\/lorrylesmetz-histoire.fr\/wp-content\/uploads\/2020\/02\/A013-1000x800.jpg\" height=\"800\" width=\"1000\" alt=\"\" class=\"slider-5394 slide-5407 msDefaultImage\" title=\"A013\" \/><\/a><\/li>\n        <\/ul>\n        \n    <\/div>\n<\/div>\n<p>Photos Claudine Kester et Roger Mariotte<\/p>\n<p><a href=\"http:\/\/lorrylesmetz-histoire.fr\/?page_id=5279\"><img loading=\"lazy\" decoding=\"async\" class=\"alignnone size-full wp-image-378\" src=\"http:\/\/lorrylesmetz-histoire.fr\/wp-content\/uploads\/2017\/05\/retour.png\" alt=\"\" width=\"89\" height=\"31\" \/><\/a><\/p>\n","protected":false},"excerpt":{"rendered":"<p>14 janvier Lorry-l\u00e8s-Metz \u00ab\u00a0au fil du temps\u00a0\u00bb maintient la tradition : tous les membres de l&rsquo;association ont c\u00e9l\u00e9br\u00e9 le temps des Rois en partageant la d\u00e9licieuse galette du boulanger du village. Photos Claudine Kester et Roger Mariotte<\/p>\n","protected":false},"author":1,"featured_media":0,"parent":5279,"menu_order":0,"comment_status":"closed","ping_status":"closed","template":"","meta":{"_mc_calendar":[],"footnotes":""},"class_list":["post-5385","page","type-page","status-publish","hentry"],"_links":{"self":[{"href":"http:\/\/lorrylesmetz-histoire.fr\/index.php?rest_route=\/wp\/v2\/pages\/5385","targetHints":{"allow":["GET"]}}],"collection":[{"href":"http:\/\/lorrylesmetz-histoire.fr\/index.php?rest_route=\/wp\/v2\/pages"}],"about":[{"href":"http:\/\/lorrylesmetz-histoire.fr\/index.php?rest_route=\/wp\/v2\/types\/page"}],"author":[{"embeddable":true,"href":"http:\/\/lorrylesmetz-histoire.fr\/index.php?rest_route=\/wp\/v2\/users\/1"}],"replies":[{"embeddable":true,"href":"http:\/\/lorrylesmetz-histoire.fr\/index.php?rest_route=%2Fwp%2Fv2%2Fcomments&post=5385"}],"version-history":[{"count":8,"href":"http:\/\/lorrylesmetz-histoire.fr\/index.php?rest_route=\/wp\/v2\/pages\/5385\/revisions"}],"predecessor-version":[{"id":5412,"href":"http:\/\/lorrylesmetz-histoire.fr\/index.php?rest_route=\/wp\/v2\/pages\/5385\/revisions\/5412"}],"up":[{"embeddable":true,"href":"http:\/\/lorrylesmetz-histoire.fr\/index.php?rest_route=\/wp\/v2\/pages\/5279"}],"wp:attachment":[{"href":"http:\/\/lorrylesmetz-histoire.fr\/index.php?rest_route=%2Fwp%2Fv2%2Fmedia&parent=5385"}],"curies":[{"name":"wp","href":"https:\/\/api.w.org\/{rel}","templated":true}]}}