{"id":5629,"date":"2020-10-29T14:16:40","date_gmt":"2020-10-29T13:16:40","guid":{"rendered":"http:\/\/lorrylesmetz-histoire.fr\/?page_id=5629"},"modified":"2020-10-29T14:24:25","modified_gmt":"2020-10-29T13:24:25","slug":"r2union-septembre","status":"publish","type":"page","link":"http:\/\/lorrylesmetz-histoire.fr\/?page_id=5629","title":{"rendered":"R\u00e9union de septembre"},"content":{"rendered":"<p>8\u00a0septembre\u00a02020<\/p>\n<p>&nbsp;<\/p>\n<p>Lorry-l\u00e8s-Metz \u00ab\u00a0au fil du temps\u00a0\u00bb s\u2019est r\u00e9uni en petit comit\u00e9 pour faire le point des 5\u00a0mois \u00e9coul\u00e9s et essayer de se projeter dans un avenir inf\u00e9od\u00e9 \u00e0 la situation sanitaire.<\/p>\n<p>Le <em>Bulletin<\/em> n<sup>o<\/sup> 37 para\u00eetra comme pr\u00e9vu pour la fin de l\u2019ann\u00e9e.<\/p>\n<p>Le Salon du livre d\u2019listoire de la ville de Woippy est annul\u00e9.<\/p>\n<p>Si notre pr\u00e9sence culturelle ne s\u2019affiche plus sur le terrain, nos travaux se poursuivent en t\u00e9l\u00e9travail.<\/p>\n<p>Nous n\u2019avons qu\u2019un seul souhait, pouvoir vous pr\u00e9senter de nouveau nos conf\u00e9rences et expositions sans risques.<\/p>\n<p>&nbsp;<\/p>\n<p><a href=\"http:\/\/lorrylesmetz-histoire.fr\/wp-content\/uploads\/2020\/10\/IMG_2043.jpg\" target=\"_blank\" rel=\"http:\/\/lorrylesmetz-histoire.fr\/wp-content\/uploads\/2020\/10\/IMG_2043.jpg noopener noreferrer\"><img loading=\"lazy\" decoding=\"async\" class=\"aligncenter wp-image-5627 size-full\" src=\"http:\/\/lorrylesmetz-histoire.fr\/wp-content\/uploads\/2020\/10\/IMG_2043.jpg\" alt=\"\" width=\"1000\" height=\"750\" srcset=\"http:\/\/lorrylesmetz-histoire.fr\/wp-content\/uploads\/2020\/10\/IMG_2043.jpg 1000w, http:\/\/lorrylesmetz-histoire.fr\/wp-content\/uploads\/2020\/10\/IMG_2043-300x225.jpg 300w, http:\/\/lorrylesmetz-histoire.fr\/wp-content\/uploads\/2020\/10\/IMG_2043-768x576.jpg 768w\" sizes=\"auto, (max-width: 1000px) 100vw, 1000px\" \/><\/a><\/p>\n<p><a href=\"http:\/\/lorrylesmetz-histoire.fr\/wp-content\/uploads\/2020\/10\/IMG_2046.jpg\" target=\"_blank\" rel=\"noopener noreferrer\"><img loading=\"lazy\" decoding=\"async\" class=\"aligncenter wp-image-5628 size-full\" src=\"http:\/\/lorrylesmetz-histoire.fr\/wp-content\/uploads\/2020\/10\/IMG_2046.jpg?_t=1603977462\" alt=\"\" width=\"1000\" height=\"750\" srcset=\"http:\/\/lorrylesmetz-histoire.fr\/wp-content\/uploads\/2020\/10\/IMG_2046.jpg 1000w, http:\/\/lorrylesmetz-histoire.fr\/wp-content\/uploads\/2020\/10\/IMG_2046-300x225.jpg 300w, http:\/\/lorrylesmetz-histoire.fr\/wp-content\/uploads\/2020\/10\/IMG_2046-768x576.jpg 768w\" sizes=\"auto, (max-width: 1000px) 100vw, 1000px\" \/><\/a><\/p>\n<p><a href=\"http:\/\/lorrylesmetz-histoire.fr\/?page_id=5279\"><img loading=\"lazy\" decoding=\"async\" class=\"alignnone size-full wp-image-378\" src=\"http:\/\/lorrylesmetz-histoire.fr\/wp-content\/uploads\/2017\/05\/retour.png\" alt=\"\" width=\"89\" height=\"31\" \/><\/a><\/p>\n","protected":false},"excerpt":{"rendered":"<p>8\u00a0septembre\u00a02020 &nbsp; Lorry-l\u00e8s-Metz \u00ab\u00a0au fil du temps\u00a0\u00bb s\u2019est r\u00e9uni en petit comit\u00e9 pour faire le point des 5\u00a0mois \u00e9coul\u00e9s et essayer de se projeter dans un avenir inf\u00e9od\u00e9 \u00e0 la situation sanitaire. Le Bulletin no 37 para\u00eetra comme pr\u00e9vu pour&hellip; <\/p>\n","protected":false},"author":1,"featured_media":0,"parent":5279,"menu_order":2,"comment_status":"closed","ping_status":"closed","template":"","meta":{"_mc_calendar":[],"footnotes":""},"class_list":["post-5629","page","type-page","status-publish","hentry"],"_links":{"self":[{"href":"http:\/\/lorrylesmetz-histoire.fr\/index.php?rest_route=\/wp\/v2\/pages\/5629","targetHints":{"allow":["GET"]}}],"collection":[{"href":"http:\/\/lorrylesmetz-histoire.fr\/index.php?rest_route=\/wp\/v2\/pages"}],"about":[{"href":"http:\/\/lorrylesmetz-histoire.fr\/index.php?rest_route=\/wp\/v2\/types\/page"}],"author":[{"embeddable":true,"href":"http:\/\/lorrylesmetz-histoire.fr\/index.php?rest_route=\/wp\/v2\/users\/1"}],"replies":[{"embeddable":true,"href":"http:\/\/lorrylesmetz-histoire.fr\/index.php?rest_route=%2Fwp%2Fv2%2Fcomments&post=5629"}],"version-history":[{"count":6,"href":"http:\/\/lorrylesmetz-histoire.fr\/index.php?rest_route=\/wp\/v2\/pages\/5629\/revisions"}],"predecessor-version":[{"id":5638,"href":"http:\/\/lorrylesmetz-histoire.fr\/index.php?rest_route=\/wp\/v2\/pages\/5629\/revisions\/5638"}],"up":[{"embeddable":true,"href":"http:\/\/lorrylesmetz-histoire.fr\/index.php?rest_route=\/wp\/v2\/pages\/5279"}],"wp:attachment":[{"href":"http:\/\/lorrylesmetz-histoire.fr\/index.php?rest_route=%2Fwp%2Fv2%2Fmedia&parent=5629"}],"curies":[{"name":"wp","href":"https:\/\/api.w.org\/{rel}","templated":true}]}}