{"id":5743,"date":"2020-10-29T15:10:56","date_gmt":"2020-10-29T14:10:56","guid":{"rendered":"http:\/\/lorrylesmetz-histoire.fr\/?page_id=5743"},"modified":"2020-10-29T15:13:48","modified_gmt":"2020-10-29T14:13:48","slug":"fim-moselle-deracinee","status":"publish","type":"page","link":"http:\/\/lorrylesmetz-histoire.fr\/?page_id=5743","title":{"rendered":"FIM Moselle d\u00e9racin\u00e9e"},"content":{"rendered":"<h2>1<sup>er<\/sup>\u00a0octobre\u00a02020<\/h2>\n<p>&nbsp;<\/p>\n<p>LA MOSELLE D\u00c9RACIN\u00c9E<\/p>\n<p>&nbsp;<\/p>\n<p>Le 1<sup>er<\/sup>\u00a0octobre\u00a02020, un groupe d\u2019enfants de l\u2019\u00e9cole de Lorry-l\u00e8s-Metz ont \u00e9t\u00e9 invit\u00e9s par le Souvenir fran\u00e7ais visiter l\u2019exposition <em>La Moselle d\u00e9racin\u00e9e<\/em> organis\u00e9e par le d\u00e9partement \u00e0 la FIM.<\/p>\n<p>Ils \u00e9taient accompagn\u00e9s par deux enseignants et un parent d\u2019\u00e9l\u00e8ves. Le Comit\u00e9 d\u2019accueil du Souvenir fran\u00e7ais \u00e9tait compos\u00e9 de Christian\u00a0Evesque (secr\u00e9taire d\u00e9partemental et pr\u00e9sident de la section de Lorry-l\u00e8s-Metz), Marie-Jeanne\u00a0Bottcher, Anne-Marie\u00a0Cholley et Patricia\u00a0Lallier. Lorry-l\u00e8s-Metz \u00ab\u00a0au fil du temps\u00a0\u00bb \u00e9tait repr\u00e9sent\u00e9 par G\u00e9rard\u00a0Kester, la pr\u00e9sidente n\u2019\u00e9tant pas sur la r\u00e9gion \u00e0 ce moment-l\u00e0.<\/p>\n<p>Les enfants ont \u00e9t\u00e9 accueillis par Christian\u00a0Evesque qui leur a offert des madeleines avant la visite du stand du Souvenir fran\u00e7ais. Les explications ont commenc\u00e9 par les panneaux de Lorry-l\u00e8s-Metz \u00ab\u00a0au fil du temps\u00a0\u00bb comment\u00e9s par les membres de la section de Lorry-l\u00e8s-Metz, certains ont pu y retrouver des anc\u00eatres. Puis ce fut le tour des autres visuels concernant les trois derni\u00e8res guerres franco-allemandes et particuli\u00e8rement les monuments \u00e9lev\u00e9s en m\u00e9moire des victimes. Un historique du Souvenir fran\u00e7ais cl\u00f4turait ce stand.<\/p>\n<p>La visite s\u2019est poursuivie par l\u2019exposition <em>La Moselle d\u00e9racin\u00e9e<\/em> guid\u00e9e par des sp\u00e9cialistes des Archives d\u00e9partementales de la Moselle principalement ax\u00e9e sur le dernier conflit (1939-1945). Un groupe d\u2019enfants a eu le privil\u00e8ge que ce soit Jean-\u00c9ric\u00a0Iung (conservateur g\u00e9n\u00e9ral du patrimoine, directeur des archives, de la m\u00e9moire et du patrimoine du d\u00e9partement de la Moselle) qui assure les commentaires et r\u00e9ponde aux nombreuses questions du public.<\/p>\n<p>Sur le stand du Souvenir fran\u00e7ais, les visiteurs pouvaient voir le drapeau de la section de Lorry-l\u00e8s-Metz, parti bien cach\u00e9 dans des jupons jusqu\u2019\u00e0 Carcassonne en 1940. Il eut l\u2019honneur insigne d\u2019\u00eatre le seul drapeau fran\u00e7ais en t\u00eate des nombreux d\u00e9fil\u00e9s patriotiques audois jusqu\u2019\u00e0 la lib\u00e9ration de la ville en 1944. Ce drapeau, revenu \u00e0 Lorry-l\u00e8s-Metz, fut offert par Marcel\u00a0Ulrich, maire, \u00e0 Carcassonne en signe d\u2019ind\u00e9fectible amiti\u00e9 aux gens qui avaient si g\u00e9n\u00e9reusement accueilli les Mosellans en d\u00e9tresse. Le temps de la FIM, il a retrouv\u00e9 sa terre d\u2019origine.<\/p>\n<p>Photos G\u00e9rard Kester.<\/p>\n<div id=\"metaslider-id-5711\" style=\"width: 100%; margin: 0 auto;\" class=\"ml-slider-3-108-0 metaslider metaslider-responsive metaslider-5711 ml-slider has-dots-nav ms-theme-default\" role=\"region\" aria-label=\"Foire expo Moselle d\u00e9racin\u00e9e\" data-height=\"600\" data-width=\"600\">\n    <div id=\"metaslider_container_5711\">\n        <ul id='metaslider_5711' class='rslides'>\n            <li aria-roledescription='slide' aria-labelledby='slide-0'><a href=\"http:\/\/lorrylesmetz-histoire.fr\/wp-content\/uploads\/2020\/10\/A001.jpg\" target=\"_blank\"><img loading=\"lazy\" decoding=\"async\" src=\"http:\/\/lorrylesmetz-histoire.fr\/wp-content\/uploads\/2020\/10\/A001-600x600.jpg\" height=\"600\" width=\"600\" alt=\"\" class=\"slider-5711 slide-5712 msDefaultImage\" title=\"A001\" \/><\/a><\/li>\n            <li style='display: none;' aria-roledescription='slide' aria-labelledby='slide-1'><a href=\"http:\/\/lorrylesmetz-histoire.fr\/wp-content\/uploads\/2020\/10\/A002.jpg\" target=\"_blank\"><img loading=\"lazy\" decoding=\"async\" src=\"http:\/\/lorrylesmetz-histoire.fr\/wp-content\/uploads\/2020\/10\/A002-600x600.jpg\" height=\"600\" width=\"600\" alt=\"\" class=\"slider-5711 slide-5713 msDefaultImage\" title=\"A002\" \/><\/a><\/li>\n            <li style='display: none;' aria-roledescription='slide' aria-labelledby='slide-2'><a href=\"http:\/\/lorrylesmetz-histoire.fr\/wp-content\/uploads\/2020\/10\/A003.jpg\" target=\"_blank\"><img loading=\"lazy\" decoding=\"async\" src=\"http:\/\/lorrylesmetz-histoire.fr\/wp-content\/uploads\/2020\/10\/A003-600x600.jpg\" height=\"600\" width=\"600\" alt=\"\" class=\"slider-5711 slide-5714 msDefaultImage\" title=\"A003\" \/><\/a><\/li>\n            <li style='display: none;' aria-roledescription='slide' aria-labelledby='slide-3'><a href=\"http:\/\/lorrylesmetz-histoire.fr\/wp-content\/uploads\/2020\/10\/A004.jpg\" target=\"_blank\"><img loading=\"lazy\" decoding=\"async\" src=\"http:\/\/lorrylesmetz-histoire.fr\/wp-content\/uploads\/2020\/10\/A004-600x600.jpg\" height=\"600\" width=\"600\" alt=\"\" class=\"slider-5711 slide-5715 msDefaultImage\" title=\"A004\" \/><\/a><\/li>\n            <li style='display: none;' aria-roledescription='slide' aria-labelledby='slide-4'><a href=\"http:\/\/lorrylesmetz-histoire.fr\/wp-content\/uploads\/2020\/10\/A005.jpg\" target=\"_blank\"><img loading=\"lazy\" decoding=\"async\" src=\"http:\/\/lorrylesmetz-histoire.fr\/wp-content\/uploads\/2020\/10\/A005-600x600.jpg\" height=\"600\" width=\"600\" alt=\"\" class=\"slider-5711 slide-5716 msDefaultImage\" title=\"A005\" \/><\/a><\/li>\n            <li style='display: none;' aria-roledescription='slide' aria-labelledby='slide-5'><a href=\"http:\/\/lorrylesmetz-histoire.fr\/wp-content\/uploads\/2020\/10\/A006.jpg\" target=\"_blank\"><img loading=\"lazy\" decoding=\"async\" src=\"http:\/\/lorrylesmetz-histoire.fr\/wp-content\/uploads\/2020\/10\/A006-600x600.jpg\" height=\"600\" width=\"600\" alt=\"\" class=\"slider-5711 slide-5717 msDefaultImage\" title=\"A006\" \/><\/a><\/li>\n            <li style='display: none;' aria-roledescription='slide' aria-labelledby='slide-6'><a href=\"http:\/\/lorrylesmetz-histoire.fr\/wp-content\/uploads\/2020\/10\/A007.jpg\" target=\"_blank\"><img loading=\"lazy\" decoding=\"async\" src=\"http:\/\/lorrylesmetz-histoire.fr\/wp-content\/uploads\/2020\/10\/A007-600x600.jpg\" height=\"600\" width=\"600\" alt=\"\" class=\"slider-5711 slide-5718 msDefaultImage\" title=\"A007\" \/><\/a><\/li>\n            <li style='display: none;' aria-roledescription='slide' aria-labelledby='slide-7'><a href=\"http:\/\/lorrylesmetz-histoire.fr\/wp-content\/uploads\/2020\/10\/A008.jpg\" target=\"_blank\"><img loading=\"lazy\" decoding=\"async\" src=\"http:\/\/lorrylesmetz-histoire.fr\/wp-content\/uploads\/2020\/10\/A008-600x600.jpg\" height=\"600\" width=\"600\" alt=\"\" class=\"slider-5711 slide-5719 msDefaultImage\" title=\"A008\" \/><\/a><\/li>\n            <li style='display: none;' aria-roledescription='slide' aria-labelledby='slide-8'><a href=\"http:\/\/lorrylesmetz-histoire.fr\/wp-content\/uploads\/2020\/10\/A009.jpg\" target=\"_blank\"><img loading=\"lazy\" decoding=\"async\" src=\"http:\/\/lorrylesmetz-histoire.fr\/wp-content\/uploads\/2020\/10\/A009-600x600.jpg\" height=\"600\" width=\"600\" alt=\"\" class=\"slider-5711 slide-5720 msDefaultImage\" title=\"A009\" \/><\/a><\/li>\n            <li style='display: none;' aria-roledescription='slide' aria-labelledby='slide-9'><a href=\"http:\/\/lorrylesmetz-histoire.fr\/wp-content\/uploads\/2020\/10\/A010.jpg\" target=\"_blank\"><img loading=\"lazy\" decoding=\"async\" src=\"http:\/\/lorrylesmetz-histoire.fr\/wp-content\/uploads\/2020\/10\/A010-600x600.jpg\" height=\"600\" width=\"600\" alt=\"\" class=\"slider-5711 slide-5721 msDefaultImage\" title=\"A010\" \/><\/a><\/li>\n            <li style='display: none;' aria-roledescription='slide' aria-labelledby='slide-10'><a href=\"http:\/\/lorrylesmetz-histoire.fr\/wp-content\/uploads\/2020\/10\/A011.jpg\" target=\"_blank\"><img loading=\"lazy\" decoding=\"async\" src=\"http:\/\/lorrylesmetz-histoire.fr\/wp-content\/uploads\/2020\/10\/A011-600x600.jpg\" height=\"600\" width=\"600\" alt=\"\" class=\"slider-5711 slide-5722 msDefaultImage\" title=\"A011\" \/><\/a><\/li>\n            <li style='display: none;' aria-roledescription='slide' aria-labelledby='slide-11'><a href=\"http:\/\/lorrylesmetz-histoire.fr\/wp-content\/uploads\/2020\/10\/A012.jpg\" target=\"_blank\"><img loading=\"lazy\" decoding=\"async\" src=\"http:\/\/lorrylesmetz-histoire.fr\/wp-content\/uploads\/2020\/10\/A012-600x600.jpg\" height=\"600\" width=\"600\" alt=\"\" class=\"slider-5711 slide-5723 msDefaultImage\" title=\"A012\" \/><\/a><\/li>\n            <li style='display: none;' aria-roledescription='slide' aria-labelledby='slide-12'><a href=\"http:\/\/lorrylesmetz-histoire.fr\/wp-content\/uploads\/2020\/10\/A013.jpg\" target=\"_blank\"><img loading=\"lazy\" decoding=\"async\" src=\"http:\/\/lorrylesmetz-histoire.fr\/wp-content\/uploads\/2020\/10\/A013-600x600.jpg\" height=\"600\" width=\"600\" alt=\"\" class=\"slider-5711 slide-5724 msDefaultImage\" title=\"A013\" \/><\/a><\/li>\n            <li style='display: none;' aria-roledescription='slide' aria-labelledby='slide-13'><a href=\"http:\/\/lorrylesmetz-histoire.fr\/wp-content\/uploads\/2020\/10\/A014.jpg\" target=\"_blank\"><img loading=\"lazy\" decoding=\"async\" src=\"http:\/\/lorrylesmetz-histoire.fr\/wp-content\/uploads\/2020\/10\/A014-600x600.jpg\" height=\"600\" width=\"600\" alt=\"\" class=\"slider-5711 slide-5725 msDefaultImage\" title=\"A014\" \/><\/a><\/li>\n            <li style='display: none;' aria-roledescription='slide' aria-labelledby='slide-14'><a href=\"http:\/\/lorrylesmetz-histoire.fr\/wp-content\/uploads\/2020\/10\/A015.jpg\" target=\"_blank\"><img loading=\"lazy\" decoding=\"async\" src=\"http:\/\/lorrylesmetz-histoire.fr\/wp-content\/uploads\/2020\/10\/A015-600x600.jpg\" height=\"600\" width=\"600\" alt=\"\" class=\"slider-5711 slide-5726 msDefaultImage\" title=\"A015\" \/><\/a><\/li>\n            <li style='display: none;' aria-roledescription='slide' aria-labelledby='slide-15'><a href=\"http:\/\/lorrylesmetz-histoire.fr\/wp-content\/uploads\/2020\/10\/A016.jpg\" target=\"_blank\"><img loading=\"lazy\" decoding=\"async\" src=\"http:\/\/lorrylesmetz-histoire.fr\/wp-content\/uploads\/2020\/10\/A016-600x600.jpg\" height=\"600\" width=\"600\" alt=\"\" class=\"slider-5711 slide-5727 msDefaultImage\" title=\"A016\" \/><\/a><\/li>\n            <li style='display: none;' aria-roledescription='slide' aria-labelledby='slide-16'><a href=\"http:\/\/lorrylesmetz-histoire.fr\/wp-content\/uploads\/2020\/10\/A017.jpg\" target=\"_blank\"><img loading=\"lazy\" decoding=\"async\" src=\"http:\/\/lorrylesmetz-histoire.fr\/wp-content\/uploads\/2020\/10\/A017-600x600.jpg\" height=\"600\" width=\"600\" alt=\"\" class=\"slider-5711 slide-5728 msDefaultImage\" title=\"A017\" \/><\/a><\/li>\n            <li style='display: none;' aria-roledescription='slide' aria-labelledby='slide-17'><a href=\"http:\/\/lorrylesmetz-histoire.fr\/wp-content\/uploads\/2020\/10\/A018.jpg\" target=\"_blank\"><img loading=\"lazy\" decoding=\"async\" src=\"http:\/\/lorrylesmetz-histoire.fr\/wp-content\/uploads\/2020\/10\/A018-600x600.jpg\" height=\"600\" width=\"600\" alt=\"\" class=\"slider-5711 slide-5729 msDefaultImage\" title=\"A018\" \/><\/a><\/li>\n            <li style='display: none;' aria-roledescription='slide' aria-labelledby='slide-18'><a href=\"http:\/\/lorrylesmetz-histoire.fr\/wp-content\/uploads\/2020\/10\/A019.jpg\" target=\"_blank\"><img loading=\"lazy\" decoding=\"async\" src=\"http:\/\/lorrylesmetz-histoire.fr\/wp-content\/uploads\/2020\/10\/A019-600x600.jpg\" height=\"600\" width=\"600\" alt=\"\" class=\"slider-5711 slide-5730 msDefaultImage\" title=\"A019\" \/><\/a><\/li>\n            <li style='display: none;' aria-roledescription='slide' aria-labelledby='slide-19'><a href=\"http:\/\/lorrylesmetz-histoire.fr\/wp-content\/uploads\/2020\/10\/A020.jpg\" target=\"_blank\"><img loading=\"lazy\" decoding=\"async\" src=\"http:\/\/lorrylesmetz-histoire.fr\/wp-content\/uploads\/2020\/10\/A020-600x600.jpg\" height=\"600\" width=\"600\" alt=\"\" class=\"slider-5711 slide-5731 msDefaultImage\" title=\"A020\" \/><\/a><\/li>\n            <li style='display: none;' aria-roledescription='slide' aria-labelledby='slide-20'><a href=\"http:\/\/lorrylesmetz-histoire.fr\/wp-content\/uploads\/2020\/10\/A021.jpg\" target=\"_blank\"><img loading=\"lazy\" decoding=\"async\" src=\"http:\/\/lorrylesmetz-histoire.fr\/wp-content\/uploads\/2020\/10\/A021-600x600.jpg\" height=\"600\" width=\"600\" alt=\"\" class=\"slider-5711 slide-5732 msDefaultImage\" title=\"A021\" \/><\/a><\/li>\n            <li style='display: none;' aria-roledescription='slide' aria-labelledby='slide-21'><a href=\"http:\/\/lorrylesmetz-histoire.fr\/wp-content\/uploads\/2020\/10\/A022.jpg\" target=\"_blank\"><img loading=\"lazy\" decoding=\"async\" src=\"http:\/\/lorrylesmetz-histoire.fr\/wp-content\/uploads\/2020\/10\/A022-600x600.jpg\" height=\"600\" width=\"600\" alt=\"\" class=\"slider-5711 slide-5733 msDefaultImage\" title=\"A022\" \/><\/a><\/li>\n            <li style='display: none;' aria-roledescription='slide' aria-labelledby='slide-22'><a href=\"http:\/\/lorrylesmetz-histoire.fr\/wp-content\/uploads\/2020\/10\/A023.jpg\" target=\"_blank\"><img loading=\"lazy\" decoding=\"async\" src=\"http:\/\/lorrylesmetz-histoire.fr\/wp-content\/uploads\/2020\/10\/A023-600x600.jpg\" height=\"600\" width=\"600\" alt=\"\" class=\"slider-5711 slide-5734 msDefaultImage\" title=\"A023\" \/><\/a><\/li>\n            <li style='display: none;' aria-roledescription='slide' aria-labelledby='slide-23'><a href=\"http:\/\/lorrylesmetz-histoire.fr\/wp-content\/uploads\/2020\/10\/A024.jpg\" target=\"_blank\"><img loading=\"lazy\" decoding=\"async\" src=\"http:\/\/lorrylesmetz-histoire.fr\/wp-content\/uploads\/2020\/10\/A024-600x600.jpg\" height=\"600\" width=\"600\" alt=\"\" class=\"slider-5711 slide-5735 msDefaultImage\" title=\"A024\" \/><\/a><\/li>\n            <li style='display: none;' aria-roledescription='slide' aria-labelledby='slide-24'><a href=\"http:\/\/lorrylesmetz-histoire.fr\/wp-content\/uploads\/2020\/10\/A025.jpg\" target=\"_blank\"><img loading=\"lazy\" decoding=\"async\" src=\"http:\/\/lorrylesmetz-histoire.fr\/wp-content\/uploads\/2020\/10\/A025-600x600.jpg\" height=\"600\" width=\"600\" alt=\"\" class=\"slider-5711 slide-5736 msDefaultImage\" title=\"A025\" \/><\/a><\/li>\n            <li style='display: none;' aria-roledescription='slide' aria-labelledby='slide-25'><a href=\"http:\/\/lorrylesmetz-histoire.fr\/wp-content\/uploads\/2020\/10\/A026.jpg\" target=\"_blank\"><img loading=\"lazy\" decoding=\"async\" src=\"http:\/\/lorrylesmetz-histoire.fr\/wp-content\/uploads\/2020\/10\/A026-600x600.jpg\" height=\"600\" width=\"600\" alt=\"\" class=\"slider-5711 slide-5737 msDefaultImage\" title=\"A026\" \/><\/a><\/li>\n            <li style='display: none;' aria-roledescription='slide' aria-labelledby='slide-26'><a href=\"http:\/\/lorrylesmetz-histoire.fr\/wp-content\/uploads\/2020\/10\/A027.jpg\" target=\"_blank\"><img loading=\"lazy\" decoding=\"async\" src=\"http:\/\/lorrylesmetz-histoire.fr\/wp-content\/uploads\/2020\/10\/A027-600x600.jpg\" height=\"600\" width=\"600\" alt=\"\" class=\"slider-5711 slide-5738 msDefaultImage\" title=\"A027\" \/><\/a><\/li>\n            <li style='display: none;' aria-roledescription='slide' aria-labelledby='slide-27'><a href=\"http:\/\/lorrylesmetz-histoire.fr\/wp-content\/uploads\/2020\/10\/A028.jpg\" target=\"_blank\"><img loading=\"lazy\" decoding=\"async\" src=\"http:\/\/lorrylesmetz-histoire.fr\/wp-content\/uploads\/2020\/10\/A028-600x600.jpg\" height=\"600\" width=\"600\" alt=\"\" class=\"slider-5711 slide-5739 msDefaultImage\" title=\"A028\" \/><\/a><\/li>\n            <li style='display: none;' aria-roledescription='slide' aria-labelledby='slide-28'><a href=\"http:\/\/lorrylesmetz-histoire.fr\/wp-content\/uploads\/2020\/10\/A029.jpg\" target=\"_blank\"><img loading=\"lazy\" decoding=\"async\" src=\"http:\/\/lorrylesmetz-histoire.fr\/wp-content\/uploads\/2020\/10\/A029-600x600.jpg\" height=\"600\" width=\"600\" alt=\"\" class=\"slider-5711 slide-5740 msDefaultImage\" title=\"A029\" \/><\/a><\/li>\n            <li style='display: none;' aria-roledescription='slide' aria-labelledby='slide-29'><a href=\"http:\/\/lorrylesmetz-histoire.fr\/wp-content\/uploads\/2020\/10\/A030.jpg\" target=\"_blank\"><img loading=\"lazy\" decoding=\"async\" src=\"http:\/\/lorrylesmetz-histoire.fr\/wp-content\/uploads\/2020\/10\/A030-600x600.jpg\" height=\"600\" width=\"600\" alt=\"\" class=\"slider-5711 slide-5741 msDefaultImage\" title=\"A030\" \/><\/a><\/li>\n            <li style='display: none;' aria-roledescription='slide' aria-labelledby='slide-30'><a href=\"http:\/\/lorrylesmetz-histoire.fr\/wp-content\/uploads\/2020\/10\/A031.jpg\" target=\"_blank\"><img loading=\"lazy\" decoding=\"async\" src=\"http:\/\/lorrylesmetz-histoire.fr\/wp-content\/uploads\/2020\/10\/A031-600x600.jpg\" height=\"600\" width=\"600\" alt=\"\" class=\"slider-5711 slide-5742 msDefaultImage\" title=\"A031\" \/><\/a><\/li>\n        <\/ul>\n        \n    <\/div>\n<\/div>\n<p><a href=\"http:\/\/lorrylesmetz-histoire.fr\/?page_id=5282\"><img loading=\"lazy\" decoding=\"async\" class=\"alignnone size-full wp-image-378\" src=\"http:\/\/lorrylesmetz-histoire.fr\/wp-content\/uploads\/2017\/05\/retour.png\" alt=\"\" width=\"89\" height=\"31\" \/><\/a><\/p>\n","protected":false},"excerpt":{"rendered":"<p>1er\u00a0octobre\u00a02020 &nbsp; LA MOSELLE D\u00c9RACIN\u00c9E &nbsp; Le 1er\u00a0octobre\u00a02020, un groupe d\u2019enfants de l\u2019\u00e9cole de Lorry-l\u00e8s-Metz ont \u00e9t\u00e9 invit\u00e9s par le Souvenir fran\u00e7ais visiter l\u2019exposition La Moselle d\u00e9racin\u00e9e organis\u00e9e par le d\u00e9partement \u00e0 la FIM. Ils \u00e9taient accompagn\u00e9s par deux enseignants&hellip; <\/p>\n","protected":false},"author":1,"featured_media":0,"parent":5282,"menu_order":2,"comment_status":"closed","ping_status":"closed","template":"","meta":{"_mc_calendar":[],"footnotes":""},"class_list":["post-5743","page","type-page","status-publish","hentry"],"_links":{"self":[{"href":"http:\/\/lorrylesmetz-histoire.fr\/index.php?rest_route=\/wp\/v2\/pages\/5743","targetHints":{"allow":["GET"]}}],"collection":[{"href":"http:\/\/lorrylesmetz-histoire.fr\/index.php?rest_route=\/wp\/v2\/pages"}],"about":[{"href":"http:\/\/lorrylesmetz-histoire.fr\/index.php?rest_route=\/wp\/v2\/types\/page"}],"author":[{"embeddable":true,"href":"http:\/\/lorrylesmetz-histoire.fr\/index.php?rest_route=\/wp\/v2\/users\/1"}],"replies":[{"embeddable":true,"href":"http:\/\/lorrylesmetz-histoire.fr\/index.php?rest_route=%2Fwp%2Fv2%2Fcomments&post=5743"}],"version-history":[{"count":2,"href":"http:\/\/lorrylesmetz-histoire.fr\/index.php?rest_route=\/wp\/v2\/pages\/5743\/revisions"}],"predecessor-version":[{"id":5747,"href":"http:\/\/lorrylesmetz-histoire.fr\/index.php?rest_route=\/wp\/v2\/pages\/5743\/revisions\/5747"}],"up":[{"embeddable":true,"href":"http:\/\/lorrylesmetz-histoire.fr\/index.php?rest_route=\/wp\/v2\/pages\/5282"}],"wp:attachment":[{"href":"http:\/\/lorrylesmetz-histoire.fr\/index.php?rest_route=%2Fwp%2Fv2%2Fmedia&parent=5743"}],"curies":[{"name":"wp","href":"https:\/\/api.w.org\/{rel}","templated":true}]}}