{"id":5871,"date":"2021-07-04T11:22:40","date_gmt":"2021-07-04T09:22:40","guid":{"rendered":"http:\/\/lorrylesmetz-histoire.fr\/?page_id=5871"},"modified":"2021-11-26T15:49:31","modified_gmt":"2021-11-26T14:49:31","slug":"2021-02","status":"publish","type":"page","link":"http:\/\/lorrylesmetz-histoire.fr\/?page_id=5871","title":{"rendered":"2021"},"content":{"rendered":"<table style=\"width: 100%; border-collapse: collapse;\">\n<tbody>\n<tr>\n<td style=\"width: 33.33%; text-align: left; vertical-align: middle;\">20 novembre<\/td>\n<td style=\"width: 33.33%; text-align: left; vertical-align: middle;\">Salon du livre de Woippy<\/td>\n<td style=\"width: 33.33%; text-align: center; vertical-align: middle;\"><a href=\"http:\/\/lorrylesmetz-histoire.fr\/?page_id=6125\"><img loading=\"lazy\" decoding=\"async\" class=\"alignnone size-full wp-image-683\" src=\"http:\/\/lorrylesmetz-histoire.fr\/wp-content\/uploads\/2017\/05\/voir.png\" alt=\"\" width=\"89\" height=\"31\" \/><\/a><\/td>\n<\/tr>\n<tr>\n<td style=\"width: 33.33%; text-align: left; vertical-align: middle;\">11 novembre<\/td>\n<td style=\"width: 33.33%; text-align: left; vertical-align: middle;\">Exposition Moselle d\u00e9racin\u00e9e \u00e0 Vaux<\/td>\n<td style=\"width: 33.33%; text-align: center; vertical-align: middle;\"><a href=\"http:\/\/lorrylesmetz-histoire.fr\/?page_id=6087\"><img loading=\"lazy\" decoding=\"async\" class=\"alignnone size-full wp-image-683\" src=\"http:\/\/lorrylesmetz-histoire.fr\/wp-content\/uploads\/2017\/05\/voir.png\" alt=\"\" width=\"89\" height=\"31\" \/><\/a><\/td>\n<\/tr>\n<tr>\n<td style=\"width: 33.33%; text-align: left; vertical-align: middle;\">30 octobre<\/td>\n<td style=\"width: 33.33%; text-align: left; vertical-align: middle;\">Moselle d\u00e9racin\u00e9e<\/td>\n<td style=\"width: 33.33%; text-align: center; vertical-align: middle;\"><a href=\"http:\/\/lorrylesmetz-histoire.fr\/?page_id=6045\"><img loading=\"lazy\" decoding=\"async\" class=\"alignnone wp-image-683 size-full\" src=\"http:\/\/lorrylesmetz-histoire.fr\/wp-content\/uploads\/2017\/05\/voir.png\" alt=\"\" width=\"89\" height=\"31\" \/><\/a><\/td>\n<\/tr>\n<tr>\n<td style=\"width: 33.33%; text-align: left; vertical-align: middle;\">19 juillet<\/td>\n<td style=\"width: 33.33%; text-align: left; vertical-align: middle;\">Visite d&rsquo;un repr\u00e9sentant d&rsquo;Inspire Metz<\/td>\n<td style=\"width: 33.33%; text-align: center; vertical-align: middle;\"><a href=\"http:\/\/lorrylesmetz-histoire.fr\/?page_id=5936\"><img loading=\"lazy\" decoding=\"async\" class=\"alignnone size-full wp-image-683\" src=\"http:\/\/lorrylesmetz-histoire.fr\/wp-content\/uploads\/2017\/05\/voir.png\" alt=\"\" width=\"89\" height=\"31\" \/><\/a><\/td>\n<\/tr>\n<tr>\n<td style=\"width: 33.33%; text-align: left; vertical-align: middle;\">3 juillet<\/td>\n<td style=\"width: 33.33%; text-align: left; vertical-align: middle;\">Exposition des roll&rsquo;up<\/td>\n<td style=\"width: 33.33%; text-align: center; vertical-align: middle;\"><a href=\"http:\/\/lorrylesmetz-histoire.fr\/?page_id=5870\"><img loading=\"lazy\" decoding=\"async\" class=\"alignnone size-full wp-image-683\" src=\"http:\/\/lorrylesmetz-histoire.fr\/wp-content\/uploads\/2017\/05\/voir.png\" alt=\"\" width=\"89\" height=\"31\" \/><\/a><\/td>\n<\/tr>\n<\/tbody>\n<\/table>\n<p>&nbsp;<\/p>\n<p><a href=\"http:\/\/lorrylesmetz-histoire.fr\/?page_id=171\"><img loading=\"lazy\" decoding=\"async\" class=\"alignnone size-full wp-image-378\" src=\"http:\/\/lorrylesmetz-histoire.fr\/wp-content\/uploads\/2017\/05\/retour.png\" alt=\"\" width=\"89\" height=\"31\" \/><\/a><\/p>\n","protected":false},"excerpt":{"rendered":"<p>20 novembre Salon du livre de Woippy 11 novembre Exposition Moselle d\u00e9racin\u00e9e \u00e0 Vaux 30 octobre Moselle d\u00e9racin\u00e9e 19 juillet Visite d&rsquo;un repr\u00e9sentant d&rsquo;Inspire Metz 3 juillet Exposition des roll&rsquo;up &nbsp;<\/p>\n","protected":false},"author":1,"featured_media":0,"parent":171,"menu_order":5,"comment_status":"closed","ping_status":"closed","template":"","meta":{"_mc_calendar":[],"footnotes":""},"class_list":["post-5871","page","type-page","status-publish","hentry"],"_links":{"self":[{"href":"http:\/\/lorrylesmetz-histoire.fr\/index.php?rest_route=\/wp\/v2\/pages\/5871","targetHints":{"allow":["GET"]}}],"collection":[{"href":"http:\/\/lorrylesmetz-histoire.fr\/index.php?rest_route=\/wp\/v2\/pages"}],"about":[{"href":"http:\/\/lorrylesmetz-histoire.fr\/index.php?rest_route=\/wp\/v2\/types\/page"}],"author":[{"embeddable":true,"href":"http:\/\/lorrylesmetz-histoire.fr\/index.php?rest_route=\/wp\/v2\/users\/1"}],"replies":[{"embeddable":true,"href":"http:\/\/lorrylesmetz-histoire.fr\/index.php?rest_route=%2Fwp%2Fv2%2Fcomments&post=5871"}],"version-history":[{"count":10,"href":"http:\/\/lorrylesmetz-histoire.fr\/index.php?rest_route=\/wp\/v2\/pages\/5871\/revisions"}],"predecessor-version":[{"id":6164,"href":"http:\/\/lorrylesmetz-histoire.fr\/index.php?rest_route=\/wp\/v2\/pages\/5871\/revisions\/6164"}],"up":[{"embeddable":true,"href":"http:\/\/lorrylesmetz-histoire.fr\/index.php?rest_route=\/wp\/v2\/pages\/171"}],"wp:attachment":[{"href":"http:\/\/lorrylesmetz-histoire.fr\/index.php?rest_route=%2Fwp%2Fv2%2Fmedia&parent=5871"}],"curies":[{"name":"wp","href":"https:\/\/api.w.org\/{rel}","templated":true}]}}