{"id":6200,"date":"2022-03-02T17:44:44","date_gmt":"2022-03-02T16:44:44","guid":{"rendered":"http:\/\/lorrylesmetz-histoire.fr\/?page_id=6200"},"modified":"2022-03-02T18:04:50","modified_gmt":"2022-03-02T17:04:50","slug":"publications-sur-le-village","status":"publish","type":"page","link":"http:\/\/lorrylesmetz-histoire.fr\/?page_id=6200","title":{"rendered":"Publications sur le village"},"content":{"rendered":"<p><span style=\"font-size: 14pt;\"><strong>Lorry-l\u00e8s-Metz \u2013 Bulletin municipal<\/strong><\/span><\/p>\n<table style=\"border-collapse: collapse; width: 46.6003%; height: 48px;\">\n<tbody>\n<tr style=\"height: 24px;\">\n<td style=\"width: 25.6219%; height: 24px;\">Ann\u00e9e<\/td>\n<td style=\"width: 20.9784%; height: 24px;\">Mois<\/td>\n<\/tr>\n<tr style=\"height: 24px;\">\n<td style=\"width: 25.6219%; height: 24px;\">1978<\/td>\n<td style=\"width: 20.9784%; height: 24px;\">1<\/td>\n<\/tr>\n<tr>\n<td style=\"width: 25.6219%;\">1983<\/td>\n<td style=\"width: 20.9784%;\">? &#8211; 6 &#8211; 12<\/td>\n<\/tr>\n<tr>\n<td style=\"width: 25.6219%;\">1984<\/td>\n<td style=\"width: 20.9784%;\">4 &#8211; 5 &#8211; 12<\/td>\n<\/tr>\n<tr>\n<td style=\"width: 25.6219%;\">1985<\/td>\n<td style=\"width: 20.9784%;\">6<\/td>\n<\/tr>\n<tr>\n<td style=\"width: 25.6219%;\">1986<\/td>\n<td style=\"width: 20.9784%;\">6<\/td>\n<\/tr>\n<tr>\n<td style=\"width: 25.6219%;\">1987<\/td>\n<td style=\"width: 20.9784%;\">12<\/td>\n<\/tr>\n<tr>\n<td style=\"width: 25.6219%;\">1988<\/td>\n<td style=\"width: 20.9784%;\">12<\/td>\n<\/tr>\n<\/tbody>\n<\/table>\n<p><span style=\"font-size: 14pt;\"><strong>Vivre \u00e0 Lorry-l\u00e8s-Metz<\/strong><\/span><\/p>\n<p>Ann\u00e9es 1986, 1987 et 1989<\/p>\n<p><span style=\"font-size: 14pt;\"><strong>Flash info Lorry \u2013 Bulletin communal<\/strong><\/span><\/p>\n<table style=\"border-collapse: collapse; width: 46.6003%; height: 48px;\">\n<tbody>\n<tr style=\"height: 24px;\">\n<td style=\"width: 25.6219%; height: 24px;\">Ann\u00e9e<\/td>\n<td style=\"width: 20.9784%; height: 24px;\">Mois<\/td>\n<\/tr>\n<tr style=\"height: 24px;\">\n<td style=\"width: 25.6219%; height: 24px;\">1989<\/td>\n<td style=\"width: 20.9784%; height: 24px;\">6 &#8211; 12<\/td>\n<\/tr>\n<tr>\n<td style=\"width: 25.6219%;\">1990<\/td>\n<td style=\"width: 20.9784%;\">6 &#8211; 12<\/td>\n<\/tr>\n<tr>\n<td style=\"width: 25.6219%;\">1991<\/td>\n<td style=\"width: 20.9784%;\">6<\/td>\n<\/tr>\n<tr>\n<td style=\"width: 25.6219%;\">1992<\/td>\n<td style=\"width: 20.9784%;\">6 &#8211; 12<\/td>\n<\/tr>\n<tr>\n<td style=\"width: 25.6219%;\">1994<\/td>\n<td style=\"width: 20.9784%;\">1 &#8211; 7 &#8211; 12<\/td>\n<\/tr>\n<\/tbody>\n<\/table>\n<p><span style=\"font-size: 14pt;\"><strong>Lorry-l\u00e8s-Metz \u2013 Magazine d\u2019informations municipales<\/strong><\/span><\/p>\n<table style=\"border-collapse: collapse; width: 46.6003%; height: 48px;\">\n<tbody>\n<tr style=\"height: 24px;\">\n<td style=\"width: 25.6219%; height: 24px;\">Ann\u00e9e<\/td>\n<td style=\"width: 20.9784%; height: 24px;\">Mois<\/td>\n<\/tr>\n<tr style=\"height: 24px;\">\n<td style=\"width: 25.6219%; height: 24px;\">1995<\/td>\n<td style=\"width: 20.9784%; height: 24px;\">12 (2 ex)<\/td>\n<\/tr>\n<tr>\n<td style=\"width: 25.6219%;\">1996<\/td>\n<td style=\"width: 20.9784%;\">7 &#8211; 12<\/td>\n<\/tr>\n<tr>\n<td style=\"width: 25.6219%;\">1997<\/td>\n<td style=\"width: 20.9784%;\">12<\/td>\n<\/tr>\n<tr>\n<td style=\"width: 25.6219%;\">1998<\/td>\n<td style=\"width: 20.9784%;\">6<\/td>\n<\/tr>\n<tr>\n<td style=\"width: 25.6219%;\">1999<\/td>\n<td style=\"width: 20.9784%;\">12<\/td>\n<\/tr>\n<tr>\n<td style=\"width: 25.6219%;\">2000<\/td>\n<td style=\"width: 20.9784%;\">8<\/td>\n<\/tr>\n<tr>\n<td style=\"width: 25.6219%;\">2001<\/td>\n<td style=\"width: 20.9784%;\">12<\/td>\n<\/tr>\n<tr>\n<td style=\"width: 25.6219%;\">2006<\/td>\n<td style=\"width: 20.9784%;\">12<\/td>\n<\/tr>\n<tr>\n<td style=\"width: 25.6219%;\">2008<\/td>\n<td style=\"width: 20.9784%;\">12<\/td>\n<\/tr>\n<\/tbody>\n<\/table>\n<p><span style=\"font-size: 14pt;\"><strong>Bulletin municipal<\/strong><\/span><\/p>\n<p>Ann\u00e9es : 2016, 2017, 2018<\/p>\n<p><span style=\"font-size: 14pt;\"><strong>L\u2019orgue de Lorry-l\u00e8s-Metz 1885-1995<\/strong><\/span><\/p>\n<p>Publi\u00e9 en 1995<\/p>\n<p><span style=\"font-size: 14pt;\"><strong>Le Mont Saint-Quentin et ses \u00e9glises<\/strong><\/span><\/p>\n<p>Publi\u00e9 en 1997<\/p>\n<p>&nbsp;<\/p>\n","protected":false},"excerpt":{"rendered":"<p>Lorry-l\u00e8s-Metz \u2013 Bulletin municipal Ann\u00e9e Mois 1978 1 1983 ? &#8211; 6 &#8211; 12 1984 4 &#8211; 5 &#8211; 12 1985 6 1986 6 1987 12 1988 12 Vivre \u00e0 Lorry-l\u00e8s-Metz Ann\u00e9es 1986, 1987 et 1989 Flash info Lorry \u2013&hellip; <\/p>\n","protected":false},"author":1,"featured_media":0,"parent":174,"menu_order":6,"comment_status":"closed","ping_status":"closed","template":"","meta":{"_mc_calendar":[],"footnotes":""},"class_list":["post-6200","page","type-page","status-publish","hentry"],"_links":{"self":[{"href":"http:\/\/lorrylesmetz-histoire.fr\/index.php?rest_route=\/wp\/v2\/pages\/6200","targetHints":{"allow":["GET"]}}],"collection":[{"href":"http:\/\/lorrylesmetz-histoire.fr\/index.php?rest_route=\/wp\/v2\/pages"}],"about":[{"href":"http:\/\/lorrylesmetz-histoire.fr\/index.php?rest_route=\/wp\/v2\/types\/page"}],"author":[{"embeddable":true,"href":"http:\/\/lorrylesmetz-histoire.fr\/index.php?rest_route=\/wp\/v2\/users\/1"}],"replies":[{"embeddable":true,"href":"http:\/\/lorrylesmetz-histoire.fr\/index.php?rest_route=%2Fwp%2Fv2%2Fcomments&post=6200"}],"version-history":[{"count":10,"href":"http:\/\/lorrylesmetz-histoire.fr\/index.php?rest_route=\/wp\/v2\/pages\/6200\/revisions"}],"predecessor-version":[{"id":6217,"href":"http:\/\/lorrylesmetz-histoire.fr\/index.php?rest_route=\/wp\/v2\/pages\/6200\/revisions\/6217"}],"up":[{"embeddable":true,"href":"http:\/\/lorrylesmetz-histoire.fr\/index.php?rest_route=\/wp\/v2\/pages\/174"}],"wp:attachment":[{"href":"http:\/\/lorrylesmetz-histoire.fr\/index.php?rest_route=%2Fwp%2Fv2%2Fmedia&parent=6200"}],"curies":[{"name":"wp","href":"https:\/\/api.w.org\/{rel}","templated":true}]}}