{"id":6313,"date":"2022-03-23T07:33:45","date_gmt":"2022-03-23T06:33:45","guid":{"rendered":"http:\/\/lorrylesmetz-histoire.fr\/?page_id=6313"},"modified":"2022-03-23T07:46:15","modified_gmt":"2022-03-23T06:46:15","slug":"ag-2022","status":"publish","type":"page","link":"http:\/\/lorrylesmetz-histoire.fr\/?page_id=6313","title":{"rendered":"AG 2022"},"content":{"rendered":"<h2>18\u00a0mars\u00a02022<\/h2>\n<p>L\u2019assembl\u00e9e g\u00e9n\u00e9rale de Lorry-l\u00e8s-Metz \u00ab\u00a0au fil du temps\u00a0\u00bb s\u2019est d\u00e9roul\u00e9e devant une belle salle remplie d\u2019amis et de Lorriots, toujours passionn\u00e9s par leur patrimoine.<\/p>\n<p>La pr\u00e9sidente a soulign\u00e9 la chance d\u2019avoir pu passer la p\u00e9riode Covid sans trop d\u2019impact, tant sur les 120\u00a0adh\u00e9rents que sur les publications. Elle a chaudement remerci\u00e9 tous les soutiens qui permettent le fonctionnement de l\u2019association\u00a0: adh\u00e9rents, D\u00e9partement et municipalit\u00e9 lorriote.<\/p>\n<p>En parall\u00e8le se f\u00eataient les 20\u00a0ann\u00e9es d\u2019existence de Lorry-l\u00e8s-Metz \u00ab\u00a0au fil du temps\u00a0\u00bb. Claudine\u00a0Kester a rappel\u00e9 la cr\u00e9ation de l\u2019association en 2002 par Fran\u00e7ois\u00a0Courtade et a pr\u00e9sent\u00e9 la liste des manifestations effectu\u00e9es\u00a0: 148 \u00e9v\u00e9nements, ce qui donne une moyenne de sept\u00a0manifestations par an, entre publications, conf\u00e9rences et autres activit\u00e9s. Elle a sensibilis\u00e9 le public sur l\u2019\u00e9norme masse de travail que cela repr\u00e9sente\u00a0: recherches, r\u00e9daction, iconographie, etc. Elle a remerci\u00e9 le groupe fid\u00e8le qui travaille au rayonnement culturel du village et de ses alentours. Elle a \u00e9galement rappel\u00e9 que les colonnes du Bulletin sont ouvertes \u00e0 qui veut \u00e9crire, \u00e0 condition que le sujet soit en relation directe avec Lorry-l\u00e8s-Metz.<\/p>\n<p>Une conf\u00e9rence passionnante donn\u00e9e par Marc\u00a0Griette, arch\u00e9ologue, a suivi l\u2019assembl\u00e9e g\u00e9n\u00e9rale\u00a0: le M\u00e9solithique sur la commune, car il y a un campement de chasseur-cueilleur (8\u2009000 \u00e0 6000 av. J.-C.) sur le plateau. Le conf\u00e9rencier avait amen\u00e9 des outils de cette \u00e9poque\u00a0: pointes de fl\u00e8ches, nucleus, et morceau de hache, un fascinant t\u00e9moignage de nos anc\u00eatres lorriots\u2009!<\/p>\n<p>N\u2019ayant pas pu pr\u00e9voir le verre de l\u2019amiti\u00e9 en raison des conditions sanitaires, chacun en partant a re\u00e7u un petit sachet de drag\u00e9e pour marquer l\u2019\u00e9v\u00e9nement.<\/p>\n<div id=\"metaslider-id-6283\" style=\"width: 100%; margin: 0 auto;\" class=\"ml-slider-3-108-0 metaslider metaslider-responsive metaslider-6283 ml-slider has-dots-nav ms-theme-default\" role=\"region\" aria-label=\"AG 2022\" data-height=\"800\" data-width=\"800\">\n    <div id=\"metaslider_container_6283\">\n        <ul id='metaslider_6283' class='rslides'>\n            <li aria-roledescription='slide' aria-labelledby='slide-0'><a href=\"http:\/\/lorrylesmetz-histoire.fr\/wp-content\/uploads\/2022\/03\/AG01.jpg\" target=\"_blank\"><img loading=\"lazy\" decoding=\"async\" src=\"http:\/\/lorrylesmetz-histoire.fr\/wp-content\/uploads\/2022\/03\/AG01-800x800.jpg\" height=\"800\" width=\"800\" alt=\"\" class=\"slider-6283 slide-6284 msDefaultImage\" title=\"AG01\" \/><\/a><\/li>\n            <li style='display: none;' aria-roledescription='slide' aria-labelledby='slide-1'><a href=\"http:\/\/lorrylesmetz-histoire.fr\/wp-content\/uploads\/2022\/03\/AG02.jpg\" target=\"_blank\"><img loading=\"lazy\" decoding=\"async\" src=\"http:\/\/lorrylesmetz-histoire.fr\/wp-content\/uploads\/2022\/03\/AG02-800x800.jpg\" height=\"800\" width=\"800\" alt=\"\" class=\"slider-6283 slide-6285 msDefaultImage\" title=\"AG02\" \/><\/a><\/li>\n            <li style='display: none;' aria-roledescription='slide' aria-labelledby='slide-2'><a href=\"http:\/\/lorrylesmetz-histoire.fr\/wp-content\/uploads\/2022\/03\/AG03.jpg\" target=\"_blank\"><img loading=\"lazy\" decoding=\"async\" src=\"http:\/\/lorrylesmetz-histoire.fr\/wp-content\/uploads\/2022\/03\/AG03-800x800.jpg\" height=\"800\" width=\"800\" alt=\"\" class=\"slider-6283 slide-6286 msDefaultImage\" title=\"AG03\" \/><\/a><\/li>\n            <li style='display: none;' aria-roledescription='slide' aria-labelledby='slide-3'><a href=\"http:\/\/lorrylesmetz-histoire.fr\/wp-content\/uploads\/2022\/03\/AG04.jpg\" target=\"_blank\"><img loading=\"lazy\" decoding=\"async\" src=\"http:\/\/lorrylesmetz-histoire.fr\/wp-content\/uploads\/2022\/03\/AG04-800x800.jpg\" height=\"800\" width=\"800\" alt=\"\" class=\"slider-6283 slide-6287 msDefaultImage\" title=\"AG04\" \/><\/a><\/li>\n            <li style='display: none;' aria-roledescription='slide' aria-labelledby='slide-4'><a href=\"http:\/\/lorrylesmetz-histoire.fr\/wp-content\/uploads\/2022\/03\/AG05.jpg\" target=\"_blank\"><img loading=\"lazy\" decoding=\"async\" src=\"http:\/\/lorrylesmetz-histoire.fr\/wp-content\/uploads\/2022\/03\/AG05-800x800.jpg\" height=\"800\" width=\"800\" alt=\"\" class=\"slider-6283 slide-6288 msDefaultImage\" title=\"AG05\" \/><\/a><\/li>\n            <li style='display: none;' aria-roledescription='slide' aria-labelledby='slide-5'><a href=\"http:\/\/lorrylesmetz-histoire.fr\/wp-content\/uploads\/2022\/03\/AG06.jpg\" target=\"_blank\"><img loading=\"lazy\" decoding=\"async\" src=\"http:\/\/lorrylesmetz-histoire.fr\/wp-content\/uploads\/2022\/03\/AG06-800x800.jpg\" height=\"800\" width=\"800\" alt=\"\" class=\"slider-6283 slide-6289 msDefaultImage\" title=\"AG06\" \/><\/a><\/li>\n            <li style='display: none;' aria-roledescription='slide' aria-labelledby='slide-6'><a href=\"http:\/\/lorrylesmetz-histoire.fr\/wp-content\/uploads\/2022\/03\/AG07.jpg\" target=\"_blank\"><img loading=\"lazy\" decoding=\"async\" src=\"http:\/\/lorrylesmetz-histoire.fr\/wp-content\/uploads\/2022\/03\/AG07-800x800.jpg\" height=\"800\" width=\"800\" alt=\"\" class=\"slider-6283 slide-6290 msDefaultImage\" title=\"AG07\" \/><\/a><\/li>\n            <li style='display: none;' aria-roledescription='slide' aria-labelledby='slide-7'><a href=\"http:\/\/lorrylesmetz-histoire.fr\/wp-content\/uploads\/2022\/03\/AG08.jpg\" target=\"_blank\"><img loading=\"lazy\" decoding=\"async\" src=\"http:\/\/lorrylesmetz-histoire.fr\/wp-content\/uploads\/2022\/03\/AG08-800x800.jpg\" height=\"800\" width=\"800\" alt=\"\" class=\"slider-6283 slide-6291 msDefaultImage\" title=\"AG08\" \/><\/a><\/li>\n            <li style='display: none;' aria-roledescription='slide' aria-labelledby='slide-8'><a href=\"http:\/\/lorrylesmetz-histoire.fr\/wp-content\/uploads\/2022\/03\/AG09.jpg\" target=\"_blank\"><img loading=\"lazy\" decoding=\"async\" src=\"http:\/\/lorrylesmetz-histoire.fr\/wp-content\/uploads\/2022\/03\/AG09-800x800.jpg\" height=\"800\" width=\"800\" alt=\"\" class=\"slider-6283 slide-6292 msDefaultImage\" title=\"AG09\" \/><\/a><\/li>\n            <li style='display: none;' aria-roledescription='slide' aria-labelledby='slide-9'><a href=\"http:\/\/lorrylesmetz-histoire.fr\/wp-content\/uploads\/2022\/03\/AG10.jpg\" target=\"_blank\"><img loading=\"lazy\" decoding=\"async\" src=\"http:\/\/lorrylesmetz-histoire.fr\/wp-content\/uploads\/2022\/03\/AG10-800x800.jpg\" height=\"800\" width=\"800\" alt=\"\" class=\"slider-6283 slide-6293 msDefaultImage\" title=\"AG10\" \/><\/a><\/li>\n            <li style='display: none;' aria-roledescription='slide' aria-labelledby='slide-10'><a href=\"http:\/\/lorrylesmetz-histoire.fr\/wp-content\/uploads\/2022\/03\/AG11.jpg\" target=\"_blank\"><img loading=\"lazy\" decoding=\"async\" src=\"http:\/\/lorrylesmetz-histoire.fr\/wp-content\/uploads\/2022\/03\/AG11-800x800.jpg\" height=\"800\" width=\"800\" alt=\"\" class=\"slider-6283 slide-6294 msDefaultImage\" title=\"AG11\" \/><\/a><\/li>\n            <li style='display: none;' aria-roledescription='slide' aria-labelledby='slide-11'><a href=\"http:\/\/lorrylesmetz-histoire.fr\/wp-content\/uploads\/2022\/03\/AG12.jpg\" target=\"_blank\"><img loading=\"lazy\" decoding=\"async\" src=\"http:\/\/lorrylesmetz-histoire.fr\/wp-content\/uploads\/2022\/03\/AG12-800x800.jpg\" height=\"800\" width=\"800\" alt=\"\" class=\"slider-6283 slide-6295 msDefaultImage\" title=\"AG12\" \/><\/a><\/li>\n            <li style='display: none;' aria-roledescription='slide' aria-labelledby='slide-12'><a href=\"http:\/\/lorrylesmetz-histoire.fr\/wp-content\/uploads\/2022\/03\/AG13.jpg\" target=\"_blank\"><img loading=\"lazy\" decoding=\"async\" src=\"http:\/\/lorrylesmetz-histoire.fr\/wp-content\/uploads\/2022\/03\/AG13-800x800.jpg\" height=\"800\" width=\"800\" alt=\"\" class=\"slider-6283 slide-6296 msDefaultImage\" title=\"AG13\" \/><\/a><\/li>\n            <li style='display: none;' aria-roledescription='slide' aria-labelledby='slide-13'><a href=\"http:\/\/lorrylesmetz-histoire.fr\/wp-content\/uploads\/2022\/03\/AG14.jpg\" target=\"_blank\"><img loading=\"lazy\" decoding=\"async\" src=\"http:\/\/lorrylesmetz-histoire.fr\/wp-content\/uploads\/2022\/03\/AG14-800x800.jpg\" height=\"800\" width=\"800\" alt=\"\" class=\"slider-6283 slide-6297 msDefaultImage\" title=\"AG14\" \/><\/a><\/li>\n            <li style='display: none;' aria-roledescription='slide' aria-labelledby='slide-14'><a href=\"http:\/\/lorrylesmetz-histoire.fr\/wp-content\/uploads\/2022\/03\/AG15.jpg\" target=\"_blank\"><img loading=\"lazy\" decoding=\"async\" src=\"http:\/\/lorrylesmetz-histoire.fr\/wp-content\/uploads\/2022\/03\/AG15-800x800.jpg\" height=\"800\" width=\"800\" alt=\"\" class=\"slider-6283 slide-6298 msDefaultImage\" title=\"AG15\" \/><\/a><\/li>\n            <li style='display: none;' aria-roledescription='slide' aria-labelledby='slide-15'><a href=\"http:\/\/lorrylesmetz-histoire.fr\/wp-content\/uploads\/2022\/03\/AG16.jpg\" target=\"_blank\"><img loading=\"lazy\" decoding=\"async\" src=\"http:\/\/lorrylesmetz-histoire.fr\/wp-content\/uploads\/2022\/03\/AG16-800x800.jpg\" height=\"800\" width=\"800\" alt=\"\" class=\"slider-6283 slide-6299 msDefaultImage\" title=\"AG16\" \/><\/a><\/li>\n            <li style='display: none;' aria-roledescription='slide' aria-labelledby='slide-16'><a href=\"http:\/\/lorrylesmetz-histoire.fr\/wp-content\/uploads\/2022\/03\/AG17.jpg\" target=\"_blank\"><img loading=\"lazy\" decoding=\"async\" src=\"http:\/\/lorrylesmetz-histoire.fr\/wp-content\/uploads\/2022\/03\/AG17-800x800.jpg\" height=\"800\" width=\"800\" alt=\"\" class=\"slider-6283 slide-6300 msDefaultImage\" title=\"AG17\" \/><\/a><\/li>\n            <li style='display: none;' aria-roledescription='slide' aria-labelledby='slide-17'><a href=\"http:\/\/lorrylesmetz-histoire.fr\/wp-content\/uploads\/2022\/03\/AG18.jpg\" target=\"_blank\"><img loading=\"lazy\" decoding=\"async\" src=\"http:\/\/lorrylesmetz-histoire.fr\/wp-content\/uploads\/2022\/03\/AG18-800x800.jpg\" height=\"800\" width=\"800\" alt=\"\" class=\"slider-6283 slide-6301 msDefaultImage\" title=\"AG18\" \/><\/a><\/li>\n            <li style='display: none;' aria-roledescription='slide' aria-labelledby='slide-18'><a href=\"http:\/\/lorrylesmetz-histoire.fr\/wp-content\/uploads\/2022\/03\/AG19.jpg\" target=\"_blank\"><img loading=\"lazy\" decoding=\"async\" src=\"http:\/\/lorrylesmetz-histoire.fr\/wp-content\/uploads\/2022\/03\/AG19-800x800.jpg\" height=\"800\" width=\"800\" alt=\"\" class=\"slider-6283 slide-6302 msDefaultImage\" title=\"AG19\" \/><\/a><\/li>\n            <li style='display: none;' aria-roledescription='slide' aria-labelledby='slide-19'><a href=\"http:\/\/lorrylesmetz-histoire.fr\/wp-content\/uploads\/2022\/03\/AG20.jpg\" target=\"_blank\"><img loading=\"lazy\" decoding=\"async\" src=\"http:\/\/lorrylesmetz-histoire.fr\/wp-content\/uploads\/2022\/03\/AG20-800x800.jpg\" height=\"800\" width=\"800\" alt=\"\" class=\"slider-6283 slide-6303 msDefaultImage\" title=\"AG20\" \/><\/a><\/li>\n            <li style='display: none;' aria-roledescription='slide' aria-labelledby='slide-20'><a href=\"http:\/\/lorrylesmetz-histoire.fr\/wp-content\/uploads\/2022\/03\/AG21.jpg\" target=\"_blank\"><img loading=\"lazy\" decoding=\"async\" src=\"http:\/\/lorrylesmetz-histoire.fr\/wp-content\/uploads\/2022\/03\/AG21-800x800.jpg\" height=\"800\" width=\"800\" alt=\"\" class=\"slider-6283 slide-6304 msDefaultImage\" title=\"AG21\" \/><\/a><\/li>\n            <li style='display: none;' aria-roledescription='slide' aria-labelledby='slide-21'><a href=\"http:\/\/lorrylesmetz-histoire.fr\/wp-content\/uploads\/2022\/03\/AG22.jpg\" target=\"_blank\"><img loading=\"lazy\" decoding=\"async\" src=\"http:\/\/lorrylesmetz-histoire.fr\/wp-content\/uploads\/2022\/03\/AG22-800x800.jpg\" height=\"800\" width=\"800\" alt=\"\" class=\"slider-6283 slide-6305 msDefaultImage\" title=\"AG22\" \/><\/a><\/li>\n            <li style='display: none;' aria-roledescription='slide' aria-labelledby='slide-22'><a href=\"http:\/\/lorrylesmetz-histoire.fr\/wp-content\/uploads\/2022\/03\/AG23.jpg\" target=\"_blank\"><img loading=\"lazy\" decoding=\"async\" src=\"http:\/\/lorrylesmetz-histoire.fr\/wp-content\/uploads\/2022\/03\/AG23-800x800.jpg\" height=\"800\" width=\"800\" alt=\"\" class=\"slider-6283 slide-6306 msDefaultImage\" title=\"AG23\" \/><\/a><\/li>\n            <li style='display: none;' aria-roledescription='slide' aria-labelledby='slide-23'><a href=\"http:\/\/lorrylesmetz-histoire.fr\/wp-content\/uploads\/2022\/03\/AG24.jpg\" target=\"_blank\"><img loading=\"lazy\" decoding=\"async\" src=\"http:\/\/lorrylesmetz-histoire.fr\/wp-content\/uploads\/2022\/03\/AG24-800x800.jpg\" height=\"800\" width=\"800\" alt=\"\" class=\"slider-6283 slide-6307 msDefaultImage\" title=\"AG24\" \/><\/a><\/li>\n            <li style='display: none;' aria-roledescription='slide' aria-labelledby='slide-24'><a href=\"http:\/\/lorrylesmetz-histoire.fr\/wp-content\/uploads\/2022\/03\/AG25.jpg\" target=\"_blank\"><img loading=\"lazy\" decoding=\"async\" src=\"http:\/\/lorrylesmetz-histoire.fr\/wp-content\/uploads\/2022\/03\/AG25-800x800.jpg\" height=\"800\" width=\"800\" alt=\"\" class=\"slider-6283 slide-6308 msDefaultImage\" title=\"AG25\" \/><\/a><\/li>\n            <li style='display: none;' aria-roledescription='slide' aria-labelledby='slide-25'><a href=\"http:\/\/lorrylesmetz-histoire.fr\/wp-content\/uploads\/2022\/03\/AG26.jpg\" target=\"_blank\"><img loading=\"lazy\" decoding=\"async\" src=\"http:\/\/lorrylesmetz-histoire.fr\/wp-content\/uploads\/2022\/03\/AG26-800x800.jpg\" height=\"800\" width=\"800\" alt=\"\" class=\"slider-6283 slide-6309 msDefaultImage\" title=\"AG26\" \/><\/a><\/li>\n            <li style='display: none;' aria-roledescription='slide' aria-labelledby='slide-26'><a href=\"http:\/\/lorrylesmetz-histoire.fr\/wp-content\/uploads\/2022\/03\/AG27.jpg\" target=\"_blank\"><img loading=\"lazy\" decoding=\"async\" src=\"http:\/\/lorrylesmetz-histoire.fr\/wp-content\/uploads\/2022\/03\/AG27-800x800.jpg\" height=\"800\" width=\"800\" alt=\"\" class=\"slider-6283 slide-6310 msDefaultImage\" title=\"AG27\" \/><\/a><\/li>\n            <li style='display: none;' aria-roledescription='slide' aria-labelledby='slide-27'><a href=\"http:\/\/lorrylesmetz-histoire.fr\/wp-content\/uploads\/2022\/03\/AG28.jpg\" target=\"_blank\"><img loading=\"lazy\" decoding=\"async\" src=\"http:\/\/lorrylesmetz-histoire.fr\/wp-content\/uploads\/2022\/03\/AG28-800x800.jpg\" height=\"800\" width=\"800\" alt=\"\" class=\"slider-6283 slide-6311 msDefaultImage\" title=\"AG28\" \/><\/a><\/li>\n            <li style='display: none;' aria-roledescription='slide' aria-labelledby='slide-28'><a href=\"http:\/\/lorrylesmetz-histoire.fr\/wp-content\/uploads\/2022\/03\/AG29.jpg\" target=\"_blank\"><img loading=\"lazy\" decoding=\"async\" src=\"http:\/\/lorrylesmetz-histoire.fr\/wp-content\/uploads\/2022\/03\/AG29-800x800.jpg\" height=\"800\" width=\"800\" alt=\"\" class=\"slider-6283 slide-6312 msDefaultImage\" title=\"AG29\" \/><\/a><\/li>\n        <\/ul>\n        \n    <\/div>\n<\/div>\n<p>Photos Claudine Kester et Roger Mariotte<\/p>\n<p><a href=\"http:\/\/lorrylesmetz-histoire.fr\/?page_id=6317\"><img loading=\"lazy\" decoding=\"async\" class=\"alignnone wp-image-378 size-full\" src=\"http:\/\/lorrylesmetz-histoire.fr\/wp-content\/uploads\/2017\/05\/retour.png?_t=1648017966\" alt=\"\" width=\"89\" height=\"31\" \/><\/a><\/p>\n<p>&nbsp;<\/p>\n","protected":false},"excerpt":{"rendered":"<p>18\u00a0mars\u00a02022 L\u2019assembl\u00e9e g\u00e9n\u00e9rale de Lorry-l\u00e8s-Metz \u00ab\u00a0au fil du temps\u00a0\u00bb s\u2019est d\u00e9roul\u00e9e devant une belle salle remplie d\u2019amis et de Lorriots, toujours passionn\u00e9s par leur patrimoine. La pr\u00e9sidente a soulign\u00e9 la chance d\u2019avoir pu passer la p\u00e9riode Covid sans trop d\u2019impact,&hellip; <\/p>\n","protected":false},"author":1,"featured_media":0,"parent":6317,"menu_order":1,"comment_status":"closed","ping_status":"closed","template":"","meta":{"_mc_calendar":[],"footnotes":""},"class_list":["post-6313","page","type-page","status-publish","hentry"],"_links":{"self":[{"href":"http:\/\/lorrylesmetz-histoire.fr\/index.php?rest_route=\/wp\/v2\/pages\/6313","targetHints":{"allow":["GET"]}}],"collection":[{"href":"http:\/\/lorrylesmetz-histoire.fr\/index.php?rest_route=\/wp\/v2\/pages"}],"about":[{"href":"http:\/\/lorrylesmetz-histoire.fr\/index.php?rest_route=\/wp\/v2\/types\/page"}],"author":[{"embeddable":true,"href":"http:\/\/lorrylesmetz-histoire.fr\/index.php?rest_route=\/wp\/v2\/users\/1"}],"replies":[{"embeddable":true,"href":"http:\/\/lorrylesmetz-histoire.fr\/index.php?rest_route=%2Fwp%2Fv2%2Fcomments&post=6313"}],"version-history":[{"count":2,"href":"http:\/\/lorrylesmetz-histoire.fr\/index.php?rest_route=\/wp\/v2\/pages\/6313\/revisions"}],"predecessor-version":[{"id":6323,"href":"http:\/\/lorrylesmetz-histoire.fr\/index.php?rest_route=\/wp\/v2\/pages\/6313\/revisions\/6323"}],"up":[{"embeddable":true,"href":"http:\/\/lorrylesmetz-histoire.fr\/index.php?rest_route=\/wp\/v2\/pages\/6317"}],"wp:attachment":[{"href":"http:\/\/lorrylesmetz-histoire.fr\/index.php?rest_route=%2Fwp%2Fv2%2Fmedia&parent=6313"}],"curies":[{"name":"wp","href":"https:\/\/api.w.org\/{rel}","templated":true}]}}