{"id":651,"date":"2017-05-29T11:33:14","date_gmt":"2017-05-29T09:33:14","guid":{"rendered":"http:\/\/lorrylesmetz-histoire.fr\/?page_id=651"},"modified":"2017-05-30T10:35:34","modified_gmt":"2017-05-30T08:35:34","slug":"articles-de-journaux-01","status":"publish","type":"page","link":"http:\/\/lorrylesmetz-histoire.fr\/?page_id=651","title":{"rendered":"Journaux de 1845 \u00e0 1857"},"content":{"rendered":"<h3>Mardi 22 juillet 1845<\/h3>\n<p>Immeubles d\u00e9pendant de la succession d\u2019\u00c9tienne Blanchebarbe.<br \/>\nBan de Lorry-l\u00e8s-Metz.<br \/>\n1\u00b0 Une pi\u00e8ce de vigne, au champ Bodot, entre les sieurs Poincignon et Louis Ruzi\u00e9,<br \/>\ncontenant 7 ares 14 centiares ; mise \u00e0 prix, 100 fr.<br \/>\n2\u00b0 Une autre, au champ de Naville, entre le chemin et Jean Calm\u00e9, contenant 3 ares 36 centiares ; mise \u00e0 prix, 100 fr.<br \/>\n3\u00b0 Une autre, en Pire, contenant 4 ares 34 centiares, avec une croue \u00e0 la suite, de 2 ares 87 centiares, entre les sieurs Poincignon et Jean-Louis Genot ; mise \u00e0 prix, 200 fr.<br \/>\n4\u00b0 Une autre, \u00e0 la Haute-Penotte, entre Louis Flose et Guillaume Bern\u00e9, contenant 2 ares 85 centiares ; mise \u00e0 prix, 50fr.<br \/>\n5\u00b0 Une autre, en Haudrivigne, entre Nicolas Ravenel et Nicolas Marchal, contenant 3 ares 18 \u00a0centiares ; mise \u00e0 prix, 100 fr.<br \/>\n6\u00b0 Une pi\u00e8ce de terre, \u00e0 la Panone-Basse, entre les sieurs Poncignon et Nicolas Ravenel,contenant 16 ares 80 centiares ; mise \u00e0 prix, 400 fr.<br \/>\n7\u00b0 Une autre, \u00e0 la Fosse-au-Sablon, entre Nicolas Marchal et Fran\u00e7ois-Nicolas Gu\u00e9not, contenant 12\u00a0ares 16\u00a0centiares ; mise \u00e0 prix, 200 fr.<br \/>\n8\u00b0 Une autre, \u00e0 la Crri\u00e8re, entre le sieur Poincignon et autres, contenant 12 ares 20 centiares\u00a0 mise \u00e0 prix, 250 fr.<br \/>\n9\u00b0 Une croue, en Fossavigne, entre les sieurs Lalance et Fran\u00e7ois Willaume, contenant 3 ares 44 centiares ; mise \u00e0 prix, 100 fr.<br \/>\n10\u00b0 Une autre, \u00e0 la Panoue-Haute, entre plusieurs aboutissants et la pi\u00e8ce ci-dessous, n\u00b0 28, contenant 9 ares 20 centiares ; mise \u00e0 prix, 200 fr.<br \/>\n11\u00b0 Une autre, au pr\u00e9 Dame-Belle, entre Louis Ruzi\u00e9 et plusieurs aboutissants, contenant 15 ares 32 centiares ; mise \u00e0 prix, 250 fr.<br \/>\n12\u00b0 Une autre, au Rh\u00f4ne, entre le sieur Poincignon et les h\u00e9ritiers, contenant 19 ares 66 centiares ; mise \u00e0 prix, 200 fr.<br \/>\n13\u00b0 Une autre, \u00e0 la Corv\u00e9e-de-Vigneulle, entre le chemin communal et Henri Bonhomme, contenant 5 ares 29 centiares ; mise \u00e0 prix, 200 fr.<br \/>\n14\u00b0 Une autre, au Jet-de-Naurue, entre le sieur Poincignon et la pi\u00e8ce ci-dessous, n\u00b0 29, contenant 4 ares 66 centiares ; mise \u00e0 prix, 200 fr.<br \/>\n15\u00b0 Une autre, m\u00eame lieu, entre le chemin communal et Fran\u00e7ois Hulo, contenant 5 ares 70 centiares ; mise \u00e0 prix, 200 fr.<br \/>\n16\u00b0 Une autre, au Patural, entre le sieur Poincignon et la veuve Vagner, contenant 12 ares 60 centiares ; mise \u00e0 prix, 300 fr.<br \/>\n17\u00b0 Un petit bois, au Bois-de-la-C\u00f4te, entre les sieurs Poincignon et Michel, contenant 13 ares 25 centiares ; mise \u00e0 prix, 100 fr.<\/p>\n<p>3\u00b0 Un jardin situ\u00e9 \u00e0 Lorry-l\u00e8s-Metz, d&rsquo;environ 9 ares, lieu-dit au Charry, derri\u00e8re la maison de la dame Bertrand, m\u00e8re, la ruelle d&rsquo;autre part ; mise \u00e0 prix 350 fr.<br \/>\n4\u00b0 Un bois situ\u00e9 ban dudit Lorry, lieu-dit \u00e0 la Chenevi\u00e8re, contenant environ 2 ares, entre le sieur Fran\u00e7ois Genot et les bois communaux de Lorry ; mise \u00e0 prix 60 fr.<\/p>\n<h3>Mardi 27 juillet 1847<\/h3>\n<p>L&rsquo;ancienne horloge publique de Lorry-l\u00e8s-Metz est \u00e0 vendre, avec tous ses accessoires. Elle sonne les heures et la r\u00e9p\u00e9tition. S&rsquo;adresser au maire de ladite commune. (CdMo)<\/p>\n<h3>Mardi 22 ao\u00fbt 1848<\/h3>\n<h4>&#8211; VIGNES.<\/h4>\n<p>2. Une pi\u00e8ce de vigne \u00e0 la Moitange ou en Pir\u00e9, entre les fr\u00e8res Ruzi\u00e9 et Marie Bertrand d&rsquo;une part, et Jean Pierre Louis G\u00e9not d&rsquo;autre, port\u00e9e \u00e0 la matrice cadastrale n<sup>o<\/sup> 686 section D, contenant 51 ares 68 centiares, mise \u00e0 prix 2 000 fr.<br \/>\n3. Une autre pi\u00e8ce de vigne, lieu-dit en Clave-Bas, m\u00eame ban de Lorry, entre plusieurs \u00a0aboutissants d&rsquo;une part et M. Delorme d&rsquo;autre, contenant 11 ares 40 centiares, port\u00e9e \u00e0 la matrice cadastrale sous le n\u00b0 1023, section A mise \u00e0 prix 400 fr.<br \/>\n4. Une vigne en trois pi\u00e8ces, lieu-dit \u00e0 la Plante, m\u00eame ban, port\u00e9e \u00e0 la matrice cadastrale sous le n\u00b0 99 de la section C. Des trois pi\u00e8ces formant cette vigne, deux sont longues et celle\u00a0 qui est au centre se raccourcit sur celle du sieur Dominique Calm\u00e9, entre Nicolas Laval et Jean Perrin, au bout de cette pi\u00e8ce est un petit pr\u00e9 d\u00e9sign\u00e9 sous le n<sup>o<\/sup> 103, contenant 2 ares 5 centiares, qui est r\u00e9uni \u00e0 la vigne qui contient 32 ares 88 centiares, mise \u00e0 prix 1 200 fr.<br \/>\n5. Une autre vigne, lieu-dit au Ch\u00eane, d\u00e9sign\u00e9 sous le n<sup>o<\/sup> 297, section C de la matrice cadastrale, entre M<sup>me\u00a0<\/sup>Delatte d&rsquo;une part et M.\u00a0Lalance, g\u00e9om\u00e8tre, d&rsquo;autre, contenant 15\u00a0ares 55\u00a0centiares, mise \u00e0 prix 500 fr.<br \/>\n6. Une autre vigne, lieu-dit en Clos\u00e9, m\u00eame ban, indiqu\u00e9e \u00e0 la matrice cadastrale sous le n\u00b0 258 de la section C entre le chemin d&rsquo;une part, M. Paquet et plusieurs aboutissants d&rsquo;autre, contenant 14 ares 77 centiares, mise \u00e0 prix 400 fr.<\/p>\n<h4>&#8211; JARDINS ET CROUES. &#8211; Ban de Lorry-Vigneulles.<\/h4>\n<p>7. Un jardin dit \u00e0 la Moitange, port\u00e9 \u00e0 la matrice cadastrale section D sous le n\u00b0 685, le chemin au nord, la vigne n\u00b0 686, d\u00e9sign\u00e9e au n\u00b0 2 au midi, la veuve \u00a0Aliz\u00e9\u00a0au\u00a0couchant, et les fr\u00e8res Ruzi\u00e9 au levant, contenant 28 ares 34 centiares, mise \u00e0 prix 1500 fr.<br \/>\n8. Un autre jardin au canton Pir\u00e9e, n\u00b0 687 de la matrice cadastrale, section D, la vigne n\u00b0 686 ci-dessus d\u00e9sign\u00e9e au nord, les jardins de Jean Roquelaure et de Marie Bertrand au levant, le chemin communal au midi, et Jean Pierre Louis G\u00e9not au couchant, contenant 17 ares 34 centiares, mise \u00e0 prix 800 fr.<br \/>\n9. Un autre jardin dit le Grand-Jardin, derri\u00e8re le jardin potager, d\u00e9pendant de la maison, port\u00e9 \u00e0 la matrice cadastrale sous le n\u00b0 367 de la section E, contenant 37 ares 10 centiares, des chemins au nord, Nicolas Watrinet et Mangeot au levant, un chemin au midi, Louis Blanchebarbe et Jean Bertrand au couchant, mise \u00e0 prix 2 500 fr.<\/p>\n<h4>&#8211; VIGNES. &#8211; Ban de Lorry-Vigneulles.<\/h4>\n<p>3\u00b0 LOT. 12. Une vigne, lieu-dit au Haut-Jardin, port\u00e9e \u00e0 la matrice cadastrale sous le n\u00b0 460, section A, entre Louis Hulo d&rsquo;une part et Nicolas Marchal d&rsquo;autre, contenant 15 ares 88 centiares ; mise \u00e0 prix, 500 fr.<br \/>\n4\u00b0 LOT. 15. Une autre vigne, lieu-dit au Ch\u00eane, port\u00e9e \u00e0 la matrice cadastrale, n\u00b0 505, section C, contenant 12 ares 64 centiares , entre Lalance, g\u00e9om\u00e8tre, et Louis Floze d&rsquo;une part, et M.\u00a0Cerf\u00a0Samuel d&rsquo;autre ; mise \u00e0 prix, 450 fr.<br \/>\n5\u00b0 LOT. 14. Une autre vigne, lieu-dit en Fri\u00e8re , port\u00e9e \u00e0 la matrice cadastrale sous le n\u00b0 336, section C, contenant 7 ares 64 centiares, entre Jean Roussel et la dame Geisler d&rsquo;une part, et le sieur B\u00e9er d&rsquo;autre ; mise \u00e0 prix. 500\u00a0fr.<br \/>\n6\u00b0 LOT. 15. Une autre vigne, au canton de Cloz\u00e9, n\u00b0 444 de la section C de la matrice cadastrale, contenant 10 ares 79 centiares, entre la pi\u00e8ce d\u00e9sign\u00e9e au premier lot, sous le n\u00b0 438 d&rsquo;une part et plusieurs aboutissants d&rsquo;autre ; mise \u00e0 prix, 250\u00a0 fr.<br \/>\n7\u00b0 LOT. 16. Une autre vigne, au canton de Nauvigne, port\u00e9e \u00e0 la matrice cadastrale, n\u00b0 495, section C, contenant l2 ares 7 centiares, entre Louis Blanchebarbe d&rsquo;une part et un foss\u00e9 d&rsquo;autre ; mise \u00e0 prix, 500 fr.<br \/>\n8\u00b0 LOT. 17. Une autre vigne, au m\u00eame canton de Nauvigne, port\u00e9e \u00e0 la matrice cadastrale sous le n\u00b0 498 de la section C, contenant 10 ares 52 centiares, entre Jean Gourmaux d&rsquo;une part et Jean Wuillaume d&rsquo;autre ; mise \u00e0 prix, 400 fr.<br \/>\n9\u00b0 LOT. 18. Une autre vigne, au m\u00eame canton, d\u00e9sign\u00e9e \u00e0 la matrice cadastrale sous le n\u00b0 501 section C, entre le sieur Paquet d&rsquo;une part et Louis Beurthe d?autre, contenant 10 ares 2 centiares ; mise \u00e0 prix, 400 fr.<br \/>\n10\u00b0 LOT. 19. Une autre vigne lieu dit au Chet-de-la-Vigne, d\u00e9sign\u00e9e sous le n\u00b0 978, section C, contenant 4 ares 20 centiares, et un petit pr\u00e9 n\u00b0 949, contenant 1 are 95 centiares, le tout entre Fran\u00e7ois Barbier d&rsquo;une part, et Louis Blanchebarbe d&rsquo;autre ; mise \u00e0 prix, ?fr.<br \/>\n11\u00b0 Lot. 20. Une autre vigne, lieu-dit \u00e0 la Noue, port\u00e9e \u00e0 la matrice cadastrale sous le n\u00b0 495, section D, contenant 21 ares 42 centiares, entre le sentier communal d&rsquo;une part, et le terrain plant\u00e9 d&rsquo;arbres d\u00e9sign\u00e9 ci-apr\u00e8s sous le n\u00b0 494 d&rsquo;autre; mise \u00e0 prix, 750 fr.<br \/>\n12\u00b0 LOT. 21. Une autre vigne, lieu-dit au Froid-Clou, d\u00e9sign\u00e9e sous le n\u00b0 536, section D, de la matrice cadastrale, contenant 9 ares 35 centiares, entre Jean Gourmaux d&rsquo;une part, et Jean Hulo d&rsquo;autre ; mise \u00e0 prix, 400 fr.<br \/>\n15\u00b0 Lot. 22. Une autre vigne, lieu-dit en Pir\u00e9, d\u00e9sign\u00e9e \u00e0 la matrice cadastrale sous le n\u00b0 655, de la section D, de la contenance de 8 ares 95 centiares, avec une croue au bout qui d\u00e9pend de la vigne, cette croue est d\u00e9sign\u00e9e sous le n\u00b0 656, et contient 4 ares 4 centiares, le tout entre Nicolas Watrinet dune part, et Louis Bertrand d&rsquo;autre, mise \u00e0 pris, 500 fr.<\/p>\n<h4>&#8211; CROUES ET JARDINS. &#8211; Ban de Lorry<\/h4>\n<p>22\u00b0 Lot. 31. Une croue, lieu-dit en Fossa-Vigne, n\u00b0 463, section B, contenant 9 ares 45 centiares, entre Lalance, commandant, et Nicolas Mar\u00e9chal ; mise \u00e0 prix, 300 fr.<br \/>\n23\u00b0 Lot. 32. Une autre croue, lieu-dit \u00e0 la Droite-C\u00f4te, n\u00b0 861, section A, contenant 14 ares 98 centiares, entre Jean Roussel d&rsquo;une part, Nicolas Aliz\u00e9 et plusieurs autres d&rsquo;autre part ; mise \u00e0 prix, 100 fr.<br \/>\n24\u00b0 LOT. 33. Une autre croue au m\u00eame lieu, section A, contenant 8 ares 86 centiares, entre le chemin et Jean\u00a0Mangin ; mise \u00e0 prix, 100 fr.<br \/>\n25\u00b0 LOT. 34. Une autre croue lieu-dit en Nauvigne, n\u00b0 535, section C, contenant 8 ares 22 centiares, entre M.\u00a0Paguet d&rsquo;une part, et Nicolas Hulo et le sieur Petit d&rsquo;autre ; mise \u00e0 prix, 150 fr.<br \/>\n26\u00b0 LOT. 35. Une autre croue, au canton de Longeraie, n\u00b0 715, section C, contenant 8 ares 41 centiares, entre Dominique Calm\u00e9 et Victor Chandelier ; mise \u00e0 prix 200 fr.<br \/>\n27\u00b0 LOT. 36. Une autre croue, lieu-dit au Rh\u00f4ne, n\u00b0 116, section D, de la contenance de 22 ares 83 centiares, entre le chemin et plusieurs propri\u00e9taires ; mise \u00e0 prix, 200 fr.<br \/>\n28\u00b0 LOT. 37. Un terrain partie en terre et partie plant\u00e9e d&rsquo;arbres, lieu-dit au Planty, n\u00b0 345 et 346, section D, contenant 50 ares 87 centiares, entre Louis Mathieu et Nicolas Remiatte d&rsquo;une part, Nicolas Zimmermann et plusieurs autres d&rsquo;autre ; mise \u00e0 prix, 300 fr.<br \/>\n29\u00b0 LOT. 38. Une croue au m\u00eame lieu, n\u00b0 387, section D, contenant 13 ares 6 centiares, entre Nicolas Remiatte et autres d&rsquo;une part, et le sieur Cerf d&rsquo;autre ; mise \u00e0 prix, 300 fr.<br \/>\n30\u00b0 LOT. 59. Une autre croue, au\u00a0canton de la Noue, n\u00b0 494, section D, contenant 9 ares 90 centiares, entre la vigne n\u00b0 495 d\u00e9j\u00e0 d\u00e9sign\u00e9e, et les sieurs Darot et Blanchebarbe mise \u00e0 prix, 250 fr.<br \/>\n31\u00b0 LOT. 40. Une autre croue au m\u00eame lieu, n\u00b0 499, section D, contenant 5 ares 68\u00a0centiares, entre Fran\u00e7ois\u00a0Grosclaude et Louis Bertrand ; mise \u00e0 prix, 40 fr.<br \/>\n32\u00b0 LOT. 41. Un jardin, lieu-dit au Couar\u00e9 ou Pir\u00e9, n\u00b0 697, section D, contenant 11 ares 88 centiares, entre madame Geisler et le chemin ; mise \u00e0 prix 500 fr.<br \/>\n33\u00b0 LOT. 42. Une croue, lieu-dit \u00e0 la Corv\u00e9e-de-Lorry, n\u00b0 370, section E, entre Jean G\u00e9not et Jean L\u00e9onard , contenant 3 ares 39 centiares ; mise \u00e0 prix, 100 fr.<br \/>\n34\u00b0 LOT. 43. Un petit terrain, lieu-dit Derri\u00e8re-la-Forte-Maison, n\u00b0 9, section E, contenant 1 are, plant\u00e9 de peupliers, entre le chemin et le sieur Ravenel, mise \u00e0 prix, 20 fr.<\/p>\n<h4>&#8211; PRES. &#8211; Ban de Lorry.<\/h4>\n<p>35\u00b0 LOT. 44. Un pr\u00e9 plant\u00e9 d&rsquo;arbres, lieu-dit en Nobiclos, n\u00b0 587, section B, contenant 3 ares 88 centiares, entre Jean Hulo et la veuve Vagner ; mise \u00e0 prix, 150 fr.<br \/>\n36\u00b0 LOT. 45. Un autre pr\u00e9 plant\u00e9 d&rsquo;arbres, au m\u00eame canton, n\u00b0 394, section B, de la contenance de 10 ares 94 centiares, entre les h\u00e9ritiers Charles et les fr\u00e8res Ruzi\u00e9 ; mise \u00e0 prix, 400 fr.<br \/>\n37\u00b0 LOT. 46. Un pr\u00e9 lieu-dit \u00e0 la Panone-Basse, n\u00b0 218 et 219, section C, de la contenance \u00a0de 18\u00a0ares 15\u00a0centiares, entre les fr\u00e8res Woirhaye et plusieurs particuliers ; mise \u00e0 prix, 1 000 fr.<br \/>\n38\u00b0 LOT. 47. Un petit, pr\u00e9 en Nauvigne, plant\u00e9 de peupliers, contenant 1 are 78 centiares, n\u00b0 524, section C, entre Collignon d&rsquo;une part, et M. Louis Saulny d&rsquo;autre ; mise \u00e0 prix, 50 fr.<br \/>\n39\u00b0 LOT. 48. Un pr\u00e9 lieu-dit en Longerois, n\u00b0 723, section C, contenant 7 ares 63 centiares, entre Fran\u00e7ois-Nicolas G\u00e9not et Daniel Mayer, mise \u00e0 prix, 300 fr.<\/p>\n<h4>&#8211; BOIS. -Ban de Lorry<\/h4>\n<p>40\u00b0 LOT. 49 Un petit bois, bois, lieu-dit \u00e0 la Ch\u00e9nevi\u00e8re, n\u00b0 1152, section A, contenant 9 ares 20 centiares, entre la commune au nord, le chemin au midi, et Fran\u00e7ois-Nicolas G\u00e9not au levant ; mise \u00e0 prix, 130 fr.<\/p>\n<h3>Mardi 27 f\u00e9vrier 1849<\/h3>\n<p>\u00c9tude de M<sup>e<\/sup> Toussaint, notaire \u00e0 Metz, rue de la Glaci\u00e8re, 7.<br \/>\nLe dimanche 4 mars 1849, \u00e0 deux heures de l&rsquo;apr\u00e8s-midi, au village de Lorry-Vigneulles, en la maison \u00e0 vendre, M<sup>e<\/sup> Toussaint proc\u00e9dera \u00e0 l&rsquo;adjudication, en plusieurs lots, d&rsquo;une maison situ\u00e9e \u00e0 Lorry-Vigneulles, lieu-dit \u00e0 la Croix, compos\u00e9e de deux chambres, cave, cuverie et \u00e9curie, d&rsquo;un beau jardin clos de murs y attenant, de la contenance de 17 ares 75 centiares, d&rsquo;une pi\u00e8ce de vigne et de deux croues ban de Lorry-Vigneulles. (CdMo)<\/p>\n<h3>Mardi 31 juillet 1849<\/h3>\n<p>D\u00e9signation des immeubles \u00e0 vendre.<br \/>\n? 1\u00b0 Une maison avec jardin derri\u00e8re, situ\u00e9e \u00e0 Lorry n\u00b0 97, entre le sieur Didion et la veuve Ruzi\u00e9, mise \u00e0 prix 5 000 fr.<br \/>\n? 2\u00b0 Un jardin au lieu-dit en Fossavigne, contenant environ 15 ares, entre le sieur Millier et Louis G\u00e9not, dit Rousselle, mise \u00e0 prix 200 fr.<br \/>\n? 3\u00b0 Un autre jardin, m\u00eame ban, lieu-dit \u00e0 la Panoue-Basse, contenant environ 17 ares, entre Fran\u00e7ois G\u00e9not et Jean Hulo, mise \u00e0 prix 250 fr.<br \/>\n? 4\u00b0 Une croue, m\u00eame ban, lieu-dit en Qumenel, contenant 5 ares, entre Jean Hulo dit Antoine et Jean Fran\u00e7ois Hulo, mise \u00e0 prix 150 fr.<br \/>\n? 5\u00b0 Une petite saussaie, m\u00eame ban, pr\u00e8s du Ch\u00eane, entre Fran\u00e7ois Bertrand et Jean G\u00e9ny, mise \u00e0 prix 6 fr.<\/p>\n<h3>Mardi 18 f\u00e9vrier 1851<\/h3>\n<p>&#8211; Une croue, contenant environ 3 ares, lieu-dit \u00e0 la Grande-Vigne, au-dessus de Bergnaumont,\u00a0 entre M. Simon, banquier, et Ren\u00e9 Cointin ; mise \u00e0 prix 35 fr.<br \/>\n&#8211; Une autre croue, contenant environ 4 ares 50 ca, au Pr\u00e9-Lauf\u00e9 ou Nobiclos, entre la veuve Ruzier et Nicolas Parizot : mise \u00e0 prix 100 fr.<br \/>\n&#8211; Une autre croue, contenant 7 ares 38 ca, lieu-dit \u00e0 la Baudotte, entre madame veuve Delatte et Louis Hulo ; mise \u00e0 prix 120 fr.<br \/>\n&#8211; Une autre croue contenant 13 ares lieu-dit les Grands-Champs, entre Nicolas Watrinet et Pancr\u00e9, mise \u00e0 prix 250 fr.<br \/>\n&#8211; Une autre croue contenant 4 ares 50 ca, au Champs-Lombard, entre les sieurs Fran\u00e7ois Perrin et Dominique Calm\u00e9 ; mise \u00e0 prix 80 fr.<br \/>\n&#8211; Une autre croue contenant environ 2 ares, lieu-dit la Noue, entre le sieur Fran\u00e7ois\u00a0Grandclaude de part et d&rsquo;autre ; mise \u00e0 prix 20 fr.<br \/>\n&#8211; Une autre croue contenant environ 4 ares, lieu-dit \u00e0 la Corv\u00e9e-de-Vigneulles, entre Jean Premont et Jean Rousselle ; mise \u00e0 prix 120 fr.<\/p>\n<h3>Mardi 30 novembre 1852<\/h3>\n<p>\u00c9tude de M<sup>e<\/sup> Guerquin, notaire \u00e0 Metz, rue des R\u00e9collets, 7.<\/p>\n<p>Les deux tuileries de Saulny, dont les produits jouissent d&rsquo;une pr\u00e9f\u00e9rence m\u00e9rit\u00e9e, 18 hectares de terres labourables et 5 hectares de pr\u00e9s, le tout commune et ban de Saulny et ban deLorry-Vigneulles, \u00e0\u00a0louer\u00a0ensemble,\u00a0\u00a0\u00e0\u00a0l&rsquo;amiable,\u00a0pour 9\u00a0ann\u00e9es, qui\u00a0commenceront le 24 d\u00e9cembre 1853.<br \/>\nS&rsquo;adresser, pour voir les tuileries, \u00e0 M. Thuillier, qui les exploite, et pour conna\u00eetre le prix et les conditions du bail, \u00e0 M<sup>e<\/sup> Guerquin, notaire. (CdMo)<\/p>\n<h3>Jeudi 4 juin 1857<\/h3>\n<p>\u00c9tude de M<sup>e<\/sup> Emile Gilbrin, notaire \u00e0 Metz, rue de la Cath\u00e9drale, n\u00b0 1.<br \/>\nLe lundi 15 juin 1857, une heure apr\u00e8s midi, au village de Lorry-l\u00e8s-Metz, il sera par le minist\u00e8re dudit M<sup>e<\/sup>\u00a0\u00c9mile\u00a0Gilbrin, proc\u00e9d\u00e9 \u00e0 l&rsquo;adjudication en d\u00e9tail d&rsquo;une maison avec jardin, situ\u00e9e sur le Pont-de-Vigneulles, et de terrains plant\u00e9s, vignes, pr\u00e9s et bois, situ\u00e9s bans de Lorry et Plappeville. (CdMo)<\/p>\n<p>Les article de journaux ont \u00e9t\u00e9 num\u00e9ris\u00e9s et mis \u00e0 notre disposition par Pierre\u00a0Brasme, pr\u00e9sident de la soci\u00e9t\u00e9 d&rsquo;histoire de Woippy, nous le remercions.<\/p>\n","protected":false},"excerpt":{"rendered":"<p>Mardi 22 juillet 1845 Immeubles d\u00e9pendant de la succession d\u2019\u00c9tienne Blanchebarbe. Ban de Lorry-l\u00e8s-Metz. 1\u00b0 Une pi\u00e8ce de vigne, au champ Bodot, entre les sieurs Poincignon et Louis Ruzi\u00e9, contenant 7 ares 14 centiares ; mise \u00e0 prix, 100 fr.&hellip; <\/p>\n","protected":false},"author":1,"featured_media":0,"parent":174,"menu_order":4,"comment_status":"closed","ping_status":"closed","template":"","meta":{"_mc_calendar":[],"footnotes":""},"class_list":["post-651","page","type-page","status-publish","hentry"],"_links":{"self":[{"href":"http:\/\/lorrylesmetz-histoire.fr\/index.php?rest_route=\/wp\/v2\/pages\/651","targetHints":{"allow":["GET"]}}],"collection":[{"href":"http:\/\/lorrylesmetz-histoire.fr\/index.php?rest_route=\/wp\/v2\/pages"}],"about":[{"href":"http:\/\/lorrylesmetz-histoire.fr\/index.php?rest_route=\/wp\/v2\/types\/page"}],"author":[{"embeddable":true,"href":"http:\/\/lorrylesmetz-histoire.fr\/index.php?rest_route=\/wp\/v2\/users\/1"}],"replies":[{"embeddable":true,"href":"http:\/\/lorrylesmetz-histoire.fr\/index.php?rest_route=%2Fwp%2Fv2%2Fcomments&post=651"}],"version-history":[{"count":0,"href":"http:\/\/lorrylesmetz-histoire.fr\/index.php?rest_route=\/wp\/v2\/pages\/651\/revisions"}],"up":[{"embeddable":true,"href":"http:\/\/lorrylesmetz-histoire.fr\/index.php?rest_route=\/wp\/v2\/pages\/174"}],"wp:attachment":[{"href":"http:\/\/lorrylesmetz-histoire.fr\/index.php?rest_route=%2Fwp%2Fv2%2Fmedia&parent=651"}],"curies":[{"name":"wp","href":"https:\/\/api.w.org\/{rel}","templated":true}]}}