{"id":6588,"date":"2022-10-16T18:48:49","date_gmt":"2022-10-16T16:48:49","guid":{"rendered":"http:\/\/lorrylesmetz-histoire.fr\/?page_id=6588"},"modified":"2022-10-16T18:49:24","modified_gmt":"2022-10-16T16:49:24","slug":"a-02","status":"publish","type":"page","link":"http:\/\/lorrylesmetz-histoire.fr\/?page_id=6588","title":{"rendered":"Inauguration du march\u00e9"},"content":{"rendered":"<h2>Mercredi 18 mai 2022<\/h2>\n<p>Lorry-l\u00e8s-Metz \u00ab au fil du temps \u00bb \u00e9tait convi\u00e9 \u00e0 l&rsquo;inauguration du \u00ab P&rsquo;tit march\u00e9 de Lorry \u00bb implant\u00e9 place de l&rsquo;\u00c2tre. La pr\u00e9sidente a pu se promener dans les \u00e9tals qui proposaient de belles choses gourmandes.<\/p>\n<div id=\"metaslider-id-6572\" style=\"width: 100%; margin: 0 auto;\" class=\"ml-slider-3-108-0 metaslider metaslider-responsive metaslider-6572 ml-slider has-dots-nav ms-theme-default\" role=\"region\" aria-label=\"Inauguration march\u00e9\" data-height=\"800\" data-width=\"800\">\n    <div id=\"metaslider_container_6572\">\n        <ul id='metaslider_6572' class='rslides'>\n            <li aria-roledescription='slide' aria-labelledby='slide-0'><a href=\"http:\/\/lorrylesmetz-histoire.fr\/wp-content\/uploads\/2022\/10\/B01.jpg\" target=\"_blank\"><img loading=\"lazy\" decoding=\"async\" src=\"http:\/\/lorrylesmetz-histoire.fr\/wp-content\/uploads\/2022\/10\/B01-800x800.jpg\" height=\"800\" width=\"800\" alt=\"\" class=\"slider-6572 slide-6580 msDefaultImage\" title=\"B01\" \/><\/a><\/li>\n            <li style='display: none;' aria-roledescription='slide' aria-labelledby='slide-1'><a href=\"http:\/\/lorrylesmetz-histoire.fr\/wp-content\/uploads\/2022\/10\/B02.jpg\" target=\"_blank\"><img loading=\"lazy\" decoding=\"async\" src=\"http:\/\/lorrylesmetz-histoire.fr\/wp-content\/uploads\/2022\/10\/B02-800x800.jpg\" height=\"800\" width=\"800\" alt=\"\" class=\"slider-6572 slide-6581 msDefaultImage\" title=\"B02\" \/><\/a><\/li>\n            <li style='display: none;' aria-roledescription='slide' aria-labelledby='slide-2'><a href=\"http:\/\/lorrylesmetz-histoire.fr\/wp-content\/uploads\/2022\/10\/B03.jpg\" target=\"_blank\"><img loading=\"lazy\" decoding=\"async\" src=\"http:\/\/lorrylesmetz-histoire.fr\/wp-content\/uploads\/2022\/10\/B03-800x800.jpg\" height=\"800\" width=\"800\" alt=\"\" class=\"slider-6572 slide-6582 msDefaultImage\" title=\"B03\" \/><\/a><\/li>\n            <li style='display: none;' aria-roledescription='slide' aria-labelledby='slide-3'><a href=\"http:\/\/lorrylesmetz-histoire.fr\/wp-content\/uploads\/2022\/10\/B04.jpg\" target=\"_blank\"><img loading=\"lazy\" decoding=\"async\" src=\"http:\/\/lorrylesmetz-histoire.fr\/wp-content\/uploads\/2022\/10\/B04.-800x800.jpg\" height=\"800\" width=\"800\" alt=\"\" class=\"slider-6572 slide-6583 msDefaultImage\" title=\"B04.\" \/><\/a><\/li>\n            <li style='display: none;' aria-roledescription='slide' aria-labelledby='slide-4'><a href=\"http:\/\/lorrylesmetz-histoire.fr\/wp-content\/uploads\/2022\/10\/B05.jpg\" target=\"_blank\"><img loading=\"lazy\" decoding=\"async\" src=\"http:\/\/lorrylesmetz-histoire.fr\/wp-content\/uploads\/2022\/10\/B05-800x800.jpg\" height=\"800\" width=\"800\" alt=\"\" class=\"slider-6572 slide-6584 msDefaultImage\" title=\"B05\" \/><\/a><\/li>\n            <li style='display: none;' aria-roledescription='slide' aria-labelledby='slide-5'><a href=\"http:\/\/lorrylesmetz-histoire.fr\/wp-content\/uploads\/2022\/10\/B06.jpg\" target=\"_blank\"><img loading=\"lazy\" decoding=\"async\" src=\"http:\/\/lorrylesmetz-histoire.fr\/wp-content\/uploads\/2022\/10\/B06-800x800.jpg\" height=\"800\" width=\"800\" alt=\"\" class=\"slider-6572 slide-6585 msDefaultImage\" title=\"B06\" \/><\/a><\/li>\n            <li style='display: none;' aria-roledescription='slide' aria-labelledby='slide-6'><a href=\"http:\/\/lorrylesmetz-histoire.fr\/wp-content\/uploads\/2022\/10\/B07.jpg\" target=\"_blank\"><img loading=\"lazy\" decoding=\"async\" src=\"http:\/\/lorrylesmetz-histoire.fr\/wp-content\/uploads\/2022\/10\/B07-800x800.jpg\" height=\"800\" width=\"800\" alt=\"\" class=\"slider-6572 slide-6586 msDefaultImage\" title=\"B07\" \/><\/a><\/li>\n        <\/ul>\n        \n    <\/div>\n<\/div>\n<p>Photos Mathieu Backes, Claudine Kester, Guy P\u00e9cheur<\/p>\n<p><a href=\"http:\/\/lorrylesmetz-histoire.fr\/?page_id=6222\"><img loading=\"lazy\" decoding=\"async\" class=\"alignnone size-full wp-image-378\" src=\"http:\/\/lorrylesmetz-histoire.fr\/wp-content\/uploads\/2017\/05\/retour.png\" alt=\"\" width=\"89\" height=\"31\" \/><\/a><\/p>\n","protected":false},"excerpt":{"rendered":"<p>Mercredi 18 mai 2022 Lorry-l\u00e8s-Metz \u00ab au fil du temps \u00bb \u00e9tait convi\u00e9 \u00e0 l&rsquo;inauguration du \u00ab P&rsquo;tit march\u00e9 de Lorry \u00bb implant\u00e9 place de l&rsquo;\u00c2tre. La pr\u00e9sidente a pu se promener dans les \u00e9tals qui proposaient de belles choses&hellip; <\/p>\n","protected":false},"author":1,"featured_media":0,"parent":6222,"menu_order":0,"comment_status":"closed","ping_status":"closed","template":"","meta":{"_mc_calendar":[],"footnotes":""},"class_list":["post-6588","page","type-page","status-publish","hentry"],"_links":{"self":[{"href":"http:\/\/lorrylesmetz-histoire.fr\/index.php?rest_route=\/wp\/v2\/pages\/6588","targetHints":{"allow":["GET"]}}],"collection":[{"href":"http:\/\/lorrylesmetz-histoire.fr\/index.php?rest_route=\/wp\/v2\/pages"}],"about":[{"href":"http:\/\/lorrylesmetz-histoire.fr\/index.php?rest_route=\/wp\/v2\/types\/page"}],"author":[{"embeddable":true,"href":"http:\/\/lorrylesmetz-histoire.fr\/index.php?rest_route=\/wp\/v2\/users\/1"}],"replies":[{"embeddable":true,"href":"http:\/\/lorrylesmetz-histoire.fr\/index.php?rest_route=%2Fwp%2Fv2%2Fcomments&post=6588"}],"version-history":[{"count":2,"href":"http:\/\/lorrylesmetz-histoire.fr\/index.php?rest_route=\/wp\/v2\/pages\/6588\/revisions"}],"predecessor-version":[{"id":6590,"href":"http:\/\/lorrylesmetz-histoire.fr\/index.php?rest_route=\/wp\/v2\/pages\/6588\/revisions\/6590"}],"up":[{"embeddable":true,"href":"http:\/\/lorrylesmetz-histoire.fr\/index.php?rest_route=\/wp\/v2\/pages\/6222"}],"wp:attachment":[{"href":"http:\/\/lorrylesmetz-histoire.fr\/index.php?rest_route=%2Fwp%2Fv2%2Fmedia&parent=6588"}],"curies":[{"name":"wp","href":"https:\/\/api.w.org\/{rel}","templated":true}]}}