{"id":7269,"date":"2023-10-22T09:36:03","date_gmt":"2023-10-22T07:36:03","guid":{"rendered":"http:\/\/lorrylesmetz-histoire.fr\/?page_id=7269"},"modified":"2023-10-22T10:02:30","modified_gmt":"2023-10-22T08:02:30","slug":"c-2","status":"publish","type":"page","link":"http:\/\/lorrylesmetz-histoire.fr\/?page_id=7269","title":{"rendered":"Visite du cimeti\u00e8re isra\u00e9lite de Metz-Chambi\u00e8re"},"content":{"rendered":"<h2>18 octobre 2023<\/h2>\n<p>Lorry-l\u00e8s-Metz \u00ab\u00a0au fil du temps\u00a0\u00bb a effectu\u00e9 la visite de l\u2019ancien cimeti\u00e8re isra\u00e9lite de Metz, \u00e0 Chambi\u00e8res, sous la conduite de Bernard\u00a0Michel. Les participants ont pu d\u00e9couvrir les st\u00e8les rapatri\u00e9es d\u2019un tr\u00e8s vieux cimeti\u00e8re anciennement situ\u00e9 du c\u00f4t\u00e9 du Pont des Grilles. Parmi les d\u00e9funts, ils ont eu la surprise de trouver deux tombes d\u2019habitants de Lorry-l\u00e8s-Metz\u00a0: Rose\u00a0Salomon, d\u00e9c\u00e9d\u00e9e le 1<sup>er<\/sup>\u00a0juillet\u00a01885 et Abraham\u00a0Salomon d\u00e9c\u00e9d\u00e9 3\u00a0ao\u00fbt\u00a01885. Pas de fleurs, pas de bougies, les visiteurs d\u00e9posent un petit caillou sur la tombe, t\u00e9moin durable de leur passage et de leurs pens\u00e9es.<\/p>\n<div id=\"metaslider-id-7234\" style=\"width: 100%; margin: 0 auto;\" class=\"ml-slider-3-108-0 metaslider metaslider-responsive metaslider-7234 ml-slider has-dots-nav ms-theme-default\" role=\"region\" aria-label=\"Cimeti\u00e8re isra\u00e9lite\" data-height=\"600\" data-width=\"800\">\n    <div id=\"metaslider_container_7234\">\n        <ul id='metaslider_7234' class='rslides'>\n            <li aria-roledescription='slide' aria-labelledby='slide-0'><a href=\"http:\/\/lorrylesmetz-histoire.fr\/wp-content\/uploads\/2023\/10\/A-01.jpg\" target=\"_blank\"><img loading=\"lazy\" decoding=\"async\" src=\"http:\/\/lorrylesmetz-histoire.fr\/wp-content\/uploads\/2023\/10\/A-01-800x600.jpg\" height=\"600\" width=\"800\" alt=\"\" class=\"slider-7234 slide-7252 msDefaultImage\" title=\"A 01\" \/><\/a><\/li>\n            <li style='display: none;' aria-roledescription='slide' aria-labelledby='slide-1'><a href=\"http:\/\/lorrylesmetz-histoire.fr\/wp-content\/uploads\/2023\/10\/A-02.jpg\" target=\"_blank\"><img loading=\"lazy\" decoding=\"async\" src=\"http:\/\/lorrylesmetz-histoire.fr\/wp-content\/uploads\/2023\/10\/A-02-800x600.jpg\" height=\"600\" width=\"800\" alt=\"\" class=\"slider-7234 slide-7253 msDefaultImage\" title=\"A 02\" \/><\/a><\/li>\n            <li style='display: none;' aria-roledescription='slide' aria-labelledby='slide-2'><a href=\"http:\/\/lorrylesmetz-histoire.fr\/wp-content\/uploads\/2023\/10\/A-03.jpg\" target=\"_blank\"><img loading=\"lazy\" decoding=\"async\" src=\"http:\/\/lorrylesmetz-histoire.fr\/wp-content\/uploads\/2023\/10\/A-03-800x600.jpg\" height=\"600\" width=\"800\" alt=\"\" class=\"slider-7234 slide-7254 msDefaultImage\" title=\"A 03\" \/><\/a><\/li>\n            <li style='display: none;' aria-roledescription='slide' aria-labelledby='slide-3'><a href=\"http:\/\/lorrylesmetz-histoire.fr\/wp-content\/uploads\/2023\/10\/A-04.jpg\" target=\"_blank\"><img loading=\"lazy\" decoding=\"async\" src=\"http:\/\/lorrylesmetz-histoire.fr\/wp-content\/uploads\/2023\/10\/A-04-800x600.jpg\" height=\"600\" width=\"800\" alt=\"\" class=\"slider-7234 slide-7255 msDefaultImage\" title=\"A 04\" \/><\/a><\/li>\n            <li style='display: none;' aria-roledescription='slide' aria-labelledby='slide-4'><a href=\"http:\/\/lorrylesmetz-histoire.fr\/wp-content\/uploads\/2023\/10\/A-05.jpg\" target=\"_blank\"><img loading=\"lazy\" decoding=\"async\" src=\"http:\/\/lorrylesmetz-histoire.fr\/wp-content\/uploads\/2023\/10\/A-05-800x600.jpg\" height=\"600\" width=\"800\" alt=\"\" class=\"slider-7234 slide-7256 msDefaultImage\" title=\"A 05\" \/><\/a><\/li>\n            <li style='display: none;' aria-roledescription='slide' aria-labelledby='slide-5'><a href=\"http:\/\/lorrylesmetz-histoire.fr\/wp-content\/uploads\/2023\/10\/A-06.jpg\" target=\"_blank\"><img loading=\"lazy\" decoding=\"async\" src=\"http:\/\/lorrylesmetz-histoire.fr\/wp-content\/uploads\/2023\/10\/A-06-800x600.jpg\" height=\"600\" width=\"800\" alt=\"\" class=\"slider-7234 slide-7257 msDefaultImage\" title=\"A 06\" \/><\/a><\/li>\n            <li style='display: none;' aria-roledescription='slide' aria-labelledby='slide-6'><a href=\"http:\/\/lorrylesmetz-histoire.fr\/wp-content\/uploads\/2023\/10\/A-07.jpg\" target=\"_blank\"><img loading=\"lazy\" decoding=\"async\" src=\"http:\/\/lorrylesmetz-histoire.fr\/wp-content\/uploads\/2023\/10\/A-07-800x600.jpg\" height=\"600\" width=\"800\" alt=\"\" class=\"slider-7234 slide-7258 msDefaultImage\" title=\"A 07\" \/><\/a><\/li>\n            <li style='display: none;' aria-roledescription='slide' aria-labelledby='slide-7'><a href=\"http:\/\/lorrylesmetz-histoire.fr\/wp-content\/uploads\/2023\/10\/A-08.jpg\" target=\"_blank\"><img loading=\"lazy\" decoding=\"async\" src=\"http:\/\/lorrylesmetz-histoire.fr\/wp-content\/uploads\/2023\/10\/A-08-800x600.jpg\" height=\"600\" width=\"800\" alt=\"\" class=\"slider-7234 slide-7259 msDefaultImage\" title=\"A 08\" \/><\/a><\/li>\n            <li style='display: none;' aria-roledescription='slide' aria-labelledby='slide-8'><a href=\"http:\/\/lorrylesmetz-histoire.fr\/wp-content\/uploads\/2023\/10\/A-09.jpg\" target=\"_blank\"><img loading=\"lazy\" decoding=\"async\" src=\"http:\/\/lorrylesmetz-histoire.fr\/wp-content\/uploads\/2023\/10\/A-09-800x600.jpg\" height=\"600\" width=\"800\" alt=\"\" class=\"slider-7234 slide-7260 msDefaultImage\" title=\"A 09\" \/><\/a><\/li>\n            <li style='display: none;' aria-roledescription='slide' aria-labelledby='slide-9'><a href=\"http:\/\/lorrylesmetz-histoire.fr\/wp-content\/uploads\/2023\/10\/A-10.jpg\" target=\"_blank\"><img loading=\"lazy\" decoding=\"async\" src=\"http:\/\/lorrylesmetz-histoire.fr\/wp-content\/uploads\/2023\/10\/A-10-800x600.jpg\" height=\"600\" width=\"800\" alt=\"\" class=\"slider-7234 slide-7261 msDefaultImage\" title=\"A 10\" \/><\/a><\/li>\n            <li style='display: none;' aria-roledescription='slide' aria-labelledby='slide-10'><a href=\"http:\/\/lorrylesmetz-histoire.fr\/wp-content\/uploads\/2023\/10\/A-11.jpg\" target=\"_blank\"><img loading=\"lazy\" decoding=\"async\" src=\"http:\/\/lorrylesmetz-histoire.fr\/wp-content\/uploads\/2023\/10\/A-11-800x600.jpg\" height=\"600\" width=\"800\" alt=\"\" class=\"slider-7234 slide-7262 msDefaultImage\" title=\"A 11\" \/><\/a><\/li>\n            <li style='display: none;' aria-roledescription='slide' aria-labelledby='slide-11'><a href=\"http:\/\/lorrylesmetz-histoire.fr\/wp-content\/uploads\/2023\/10\/A-12.jpg\" target=\"_blank\"><img loading=\"lazy\" decoding=\"async\" src=\"http:\/\/lorrylesmetz-histoire.fr\/wp-content\/uploads\/2023\/10\/A-12-800x600.jpg\" height=\"600\" width=\"800\" alt=\"\" class=\"slider-7234 slide-7263 msDefaultImage\" title=\"A 12\" \/><\/a><\/li>\n            <li style='display: none;' aria-roledescription='slide' aria-labelledby='slide-12'><a href=\"http:\/\/lorrylesmetz-histoire.fr\/wp-content\/uploads\/2023\/10\/A-13.jpg\" target=\"_blank\"><img loading=\"lazy\" decoding=\"async\" src=\"http:\/\/lorrylesmetz-histoire.fr\/wp-content\/uploads\/2023\/10\/A-13-800x600.jpg\" height=\"600\" width=\"800\" alt=\"\" class=\"slider-7234 slide-7264 msDefaultImage\" title=\"A 13\" \/><\/a><\/li>\n            <li style='display: none;' aria-roledescription='slide' aria-labelledby='slide-13'><a href=\"http:\/\/lorrylesmetz-histoire.fr\/wp-content\/uploads\/2023\/10\/A-14.jpg\" target=\"_blank\"><img loading=\"lazy\" decoding=\"async\" src=\"http:\/\/lorrylesmetz-histoire.fr\/wp-content\/uploads\/2023\/10\/A-14-800x600.jpg\" height=\"600\" width=\"800\" alt=\"\" class=\"slider-7234 slide-7265 msDefaultImage\" title=\"A 14\" \/><\/a><\/li>\n            <li style='display: none;' aria-roledescription='slide' aria-labelledby='slide-14'><a href=\"http:\/\/lorrylesmetz-histoire.fr\/wp-content\/uploads\/2023\/10\/A-15.jpg\" target=\"_blank\"><img loading=\"lazy\" decoding=\"async\" src=\"http:\/\/lorrylesmetz-histoire.fr\/wp-content\/uploads\/2023\/10\/A-15-800x600.jpg\" height=\"600\" width=\"800\" alt=\"\" class=\"slider-7234 slide-7266 msDefaultImage\" title=\"A 15\" \/><\/a><\/li>\n            <li style='display: none;' aria-roledescription='slide' aria-labelledby='slide-15'><a href=\"http:\/\/lorrylesmetz-histoire.fr\/wp-content\/uploads\/2023\/10\/A-16.jpg\" target=\"_blank\"><img loading=\"lazy\" decoding=\"async\" src=\"http:\/\/lorrylesmetz-histoire.fr\/wp-content\/uploads\/2023\/10\/A-16-800x600.jpg\" height=\"600\" width=\"800\" alt=\"\" class=\"slider-7234 slide-7267 msDefaultImage\" title=\"A 16\" \/><\/a><\/li>\n            <li style='display: none;' aria-roledescription='slide' aria-labelledby='slide-16'><a href=\"http:\/\/lorrylesmetz-histoire.fr\/wp-content\/uploads\/2023\/10\/A-17.jpg\" target=\"_blank\"><img loading=\"lazy\" decoding=\"async\" src=\"http:\/\/lorrylesmetz-histoire.fr\/wp-content\/uploads\/2023\/10\/A-17-800x600.jpg\" height=\"600\" width=\"800\" alt=\"\" class=\"slider-7234 slide-7268 msDefaultImage\" title=\"A 17\" \/><\/a><\/li>\n        <\/ul>\n        \n    <\/div>\n<\/div>\n<p>Photos G\u00e9rard KESTER<\/p>\n<p><a href=\"http:\/\/lorrylesmetz-histoire.fr\/?page_id=6688\"><img loading=\"lazy\" decoding=\"async\" class=\"alignnone size-full wp-image-378\" src=\"http:\/\/lorrylesmetz-histoire.fr\/wp-content\/uploads\/2017\/05\/retour.png\" alt=\"\" width=\"89\" height=\"31\" \/><\/a><\/p>\n","protected":false},"excerpt":{"rendered":"<p>18 octobre 2023 Lorry-l\u00e8s-Metz \u00ab\u00a0au fil du temps\u00a0\u00bb a effectu\u00e9 la visite de l\u2019ancien cimeti\u00e8re isra\u00e9lite de Metz, \u00e0 Chambi\u00e8res, sous la conduite de Bernard\u00a0Michel. Les participants ont pu d\u00e9couvrir les st\u00e8les rapatri\u00e9es d\u2019un tr\u00e8s vieux cimeti\u00e8re anciennement situ\u00e9 du&hellip; <\/p>\n","protected":false},"author":1,"featured_media":0,"parent":6688,"menu_order":0,"comment_status":"closed","ping_status":"closed","template":"","meta":{"_mc_calendar":[],"footnotes":""},"class_list":["post-7269","page","type-page","status-publish","hentry"],"_links":{"self":[{"href":"http:\/\/lorrylesmetz-histoire.fr\/index.php?rest_route=\/wp\/v2\/pages\/7269","targetHints":{"allow":["GET"]}}],"collection":[{"href":"http:\/\/lorrylesmetz-histoire.fr\/index.php?rest_route=\/wp\/v2\/pages"}],"about":[{"href":"http:\/\/lorrylesmetz-histoire.fr\/index.php?rest_route=\/wp\/v2\/types\/page"}],"author":[{"embeddable":true,"href":"http:\/\/lorrylesmetz-histoire.fr\/index.php?rest_route=\/wp\/v2\/users\/1"}],"replies":[{"embeddable":true,"href":"http:\/\/lorrylesmetz-histoire.fr\/index.php?rest_route=%2Fwp%2Fv2%2Fcomments&post=7269"}],"version-history":[{"count":4,"href":"http:\/\/lorrylesmetz-histoire.fr\/index.php?rest_route=\/wp\/v2\/pages\/7269\/revisions"}],"predecessor-version":[{"id":7274,"href":"http:\/\/lorrylesmetz-histoire.fr\/index.php?rest_route=\/wp\/v2\/pages\/7269\/revisions\/7274"}],"up":[{"embeddable":true,"href":"http:\/\/lorrylesmetz-histoire.fr\/index.php?rest_route=\/wp\/v2\/pages\/6688"}],"wp:attachment":[{"href":"http:\/\/lorrylesmetz-histoire.fr\/index.php?rest_route=%2Fwp%2Fv2%2Fmedia&parent=7269"}],"curies":[{"name":"wp","href":"https:\/\/api.w.org\/{rel}","templated":true}]}}