{"id":7276,"date":"2023-10-22T10:02:58","date_gmt":"2023-10-22T08:02:58","guid":{"rendered":"http:\/\/lorrylesmetz-histoire.fr\/?page_id=7276"},"modified":"2023-10-22T10:40:12","modified_gmt":"2023-10-22T08:40:12","slug":"a","status":"publish","type":"page","link":"http:\/\/lorrylesmetz-histoire.fr\/?page_id=7276","title":{"rendered":"Vernissage de l&rsquo;exposition Cocteau"},"content":{"rendered":"<h2>11 octobre 2023<\/h2>\n<p>Claudine\u00a0Kester-ElGhozi, pr\u00e9sidente de Lorry-l\u00e8s-Metz \u00ab\u00a0au fil du temps\u00a0\u00bb, \u00e9tait invit\u00e9e par Christian\u00a0Schmitt au vernissage de l\u2019exposition \u00abJean\u00a0Cocteau et son lieu d\u2019\u00e9ternit\u00e9 \u00bb \u00e0 la porte des Allemands.<\/p>\n<p>Au milieu de magnifiques et \u00e9mouvants souvenirs de l\u2019artiste, on pouvait voir des \u0153uvres color\u00e9es d\u2019\u00c9douard\u00a0Dermit. Dans le jardinet, la douceur du temps pr\u00eatait \u00e0 la r\u00eaverie sous l\u2019ancestral platane.<\/p>\n<p>Il \u00e9tait possible de visiter l&rsquo;\u00e9glise Saint-Maximin, \u00e0 deux pas de l\u00e0, dans le d\u00e9dale des vieilles rues messines, cela permettait d\u2019admirer une fois encore la symbolique et la luxuriance de ces vitraux si particuliers.<\/p>\n<p>Une belle r\u00e9ussite.<\/p>\n<div id=\"metaslider-id-7309\" style=\"width: 100%; margin: 0 auto;\" class=\"ml-slider-3-108-0 metaslider metaslider-responsive metaslider-7309 ml-slider has-dots-nav ms-theme-default\" role=\"region\" aria-label=\"Expo Cocteau\" data-height=\"600\" data-width=\"800\">\n    <div id=\"metaslider_container_7309\">\n        <ul id='metaslider_7309' class='rslides'>\n            <li aria-roledescription='slide' aria-labelledby='slide-0'><a href=\"http:\/\/lorrylesmetz-histoire.fr\/wp-content\/uploads\/2023\/10\/B-01.jpg\" target=\"_blank\"><img loading=\"lazy\" decoding=\"async\" src=\"http:\/\/lorrylesmetz-histoire.fr\/wp-content\/uploads\/2023\/10\/B-01-800x600.jpg\" height=\"600\" width=\"800\" alt=\"\" class=\"slider-7309 slide-7310 msDefaultImage\" title=\"B 01\" \/><\/a><\/li>\n            <li style='display: none;' aria-roledescription='slide' aria-labelledby='slide-1'><a href=\"http:\/\/lorrylesmetz-histoire.fr\/wp-content\/uploads\/2023\/10\/B-02.jpg\" target=\"_blank\"><img loading=\"lazy\" decoding=\"async\" src=\"http:\/\/lorrylesmetz-histoire.fr\/wp-content\/uploads\/2023\/10\/B-02-800x600.jpg\" height=\"600\" width=\"800\" alt=\"\" class=\"slider-7309 slide-7311 msDefaultImage\" title=\"B 02\" \/><\/a><\/li>\n            <li style='display: none;' aria-roledescription='slide' aria-labelledby='slide-2'><a href=\"http:\/\/lorrylesmetz-histoire.fr\/wp-content\/uploads\/2023\/10\/B-03.jpg\" target=\"_blank\"><img loading=\"lazy\" decoding=\"async\" src=\"http:\/\/lorrylesmetz-histoire.fr\/wp-content\/uploads\/2023\/10\/B-03-800x600.jpg\" height=\"600\" width=\"800\" alt=\"\" class=\"slider-7309 slide-7312 msDefaultImage\" title=\"B 03\" \/><\/a><\/li>\n            <li style='display: none;' aria-roledescription='slide' aria-labelledby='slide-3'><a href=\"http:\/\/lorrylesmetz-histoire.fr\/wp-content\/uploads\/2023\/10\/B-04.jpg\" target=\"_blank\"><img loading=\"lazy\" decoding=\"async\" src=\"http:\/\/lorrylesmetz-histoire.fr\/wp-content\/uploads\/2023\/10\/B-04-800x600.jpg\" height=\"600\" width=\"800\" alt=\"\" class=\"slider-7309 slide-7313 msDefaultImage\" title=\"B 04\" \/><\/a><\/li>\n            <li style='display: none;' aria-roledescription='slide' aria-labelledby='slide-4'><a href=\"http:\/\/lorrylesmetz-histoire.fr\/wp-content\/uploads\/2023\/10\/B-05.jpg\" target=\"_blank\"><img loading=\"lazy\" decoding=\"async\" src=\"http:\/\/lorrylesmetz-histoire.fr\/wp-content\/uploads\/2023\/10\/B-05-800x600.jpg\" height=\"600\" width=\"800\" alt=\"\" class=\"slider-7309 slide-7314 msDefaultImage\" title=\"B 05\" \/><\/a><\/li>\n            <li style='display: none;' aria-roledescription='slide' aria-labelledby='slide-5'><a href=\"http:\/\/lorrylesmetz-histoire.fr\/wp-content\/uploads\/2023\/10\/B-06.jpg\" target=\"_blank\"><img loading=\"lazy\" decoding=\"async\" src=\"http:\/\/lorrylesmetz-histoire.fr\/wp-content\/uploads\/2023\/10\/B-06-800x600.jpg\" height=\"600\" width=\"800\" alt=\"\" class=\"slider-7309 slide-7315 msDefaultImage\" title=\"B 06\" \/><\/a><\/li>\n            <li style='display: none;' aria-roledescription='slide' aria-labelledby='slide-6'><a href=\"http:\/\/lorrylesmetz-histoire.fr\/wp-content\/uploads\/2023\/10\/B-07.jpg\" target=\"_blank\"><img loading=\"lazy\" decoding=\"async\" src=\"http:\/\/lorrylesmetz-histoire.fr\/wp-content\/uploads\/2023\/10\/B-07-800x600.jpg\" height=\"600\" width=\"800\" alt=\"\" class=\"slider-7309 slide-7316 msDefaultImage\" title=\"B 07\" \/><\/a><\/li>\n            <li style='display: none;' aria-roledescription='slide' aria-labelledby='slide-7'><a href=\"http:\/\/lorrylesmetz-histoire.fr\/wp-content\/uploads\/2023\/10\/B-08.jpg\" target=\"_blank\"><img loading=\"lazy\" decoding=\"async\" src=\"http:\/\/lorrylesmetz-histoire.fr\/wp-content\/uploads\/2023\/10\/B-08-800x600.jpg\" height=\"600\" width=\"800\" alt=\"\" class=\"slider-7309 slide-7317 msDefaultImage\" title=\"B 08\" \/><\/a><\/li>\n            <li style='display: none;' aria-roledescription='slide' aria-labelledby='slide-8'><a href=\"http:\/\/lorrylesmetz-histoire.fr\/wp-content\/uploads\/2023\/10\/B-09.jpg\" target=\"_blank\"><img loading=\"lazy\" decoding=\"async\" src=\"http:\/\/lorrylesmetz-histoire.fr\/wp-content\/uploads\/2023\/10\/B-09-800x600.jpg\" height=\"600\" width=\"800\" alt=\"\" class=\"slider-7309 slide-7318 msDefaultImage\" title=\"B 09\" \/><\/a><\/li>\n            <li style='display: none;' aria-roledescription='slide' aria-labelledby='slide-9'><a href=\"http:\/\/lorrylesmetz-histoire.fr\/wp-content\/uploads\/2023\/10\/B-10.jpg\" target=\"_blank\"><img loading=\"lazy\" decoding=\"async\" src=\"http:\/\/lorrylesmetz-histoire.fr\/wp-content\/uploads\/2023\/10\/B-10-800x600.jpg\" height=\"600\" width=\"800\" alt=\"\" class=\"slider-7309 slide-7319 msDefaultImage\" title=\"B 10\" \/><\/a><\/li>\n            <li style='display: none;' aria-roledescription='slide' aria-labelledby='slide-10'><a href=\"http:\/\/lorrylesmetz-histoire.fr\/wp-content\/uploads\/2023\/10\/B-11.jpg\" target=\"_blank\"><img loading=\"lazy\" decoding=\"async\" src=\"http:\/\/lorrylesmetz-histoire.fr\/wp-content\/uploads\/2023\/10\/B-11-800x600.jpg\" height=\"600\" width=\"800\" alt=\"\" class=\"slider-7309 slide-7320 msDefaultImage\" title=\"B 11\" \/><\/a><\/li>\n            <li style='display: none;' aria-roledescription='slide' aria-labelledby='slide-11'><a href=\"http:\/\/lorrylesmetz-histoire.fr\/wp-content\/uploads\/2023\/10\/B-12.jpg\" target=\"_blank\"><img loading=\"lazy\" decoding=\"async\" src=\"http:\/\/lorrylesmetz-histoire.fr\/wp-content\/uploads\/2023\/10\/B-12-800x600.jpg\" height=\"600\" width=\"800\" alt=\"\" class=\"slider-7309 slide-7321 msDefaultImage\" title=\"B 12\" \/><\/a><\/li>\n            <li style='display: none;' aria-roledescription='slide' aria-labelledby='slide-12'><a href=\"http:\/\/lorrylesmetz-histoire.fr\/wp-content\/uploads\/2023\/10\/B-13.jpg\" target=\"_blank\"><img loading=\"lazy\" decoding=\"async\" src=\"http:\/\/lorrylesmetz-histoire.fr\/wp-content\/uploads\/2023\/10\/B-13-800x600.jpg\" height=\"600\" width=\"800\" alt=\"\" class=\"slider-7309 slide-7322 msDefaultImage\" title=\"B 13\" \/><\/a><\/li>\n            <li style='display: none;' aria-roledescription='slide' aria-labelledby='slide-13'><a href=\"http:\/\/lorrylesmetz-histoire.fr\/wp-content\/uploads\/2023\/10\/B-14.jpg\" target=\"_blank\"><img loading=\"lazy\" decoding=\"async\" src=\"http:\/\/lorrylesmetz-histoire.fr\/wp-content\/uploads\/2023\/10\/B-14-800x600.jpg\" height=\"600\" width=\"800\" alt=\"\" class=\"slider-7309 slide-7323 msDefaultImage\" title=\"B 14\" \/><\/a><\/li>\n            <li style='display: none;' aria-roledescription='slide' aria-labelledby='slide-14'><a href=\"http:\/\/lorrylesmetz-histoire.fr\/wp-content\/uploads\/2023\/10\/B-15.jpg\" target=\"_blank\"><img loading=\"lazy\" decoding=\"async\" src=\"http:\/\/lorrylesmetz-histoire.fr\/wp-content\/uploads\/2023\/10\/B-15-800x600.jpg\" height=\"600\" width=\"800\" alt=\"\" class=\"slider-7309 slide-7324 msDefaultImage\" title=\"B 15\" \/><\/a><\/li>\n            <li style='display: none;' aria-roledescription='slide' aria-labelledby='slide-15'><a href=\"http:\/\/lorrylesmetz-histoire.fr\/wp-content\/uploads\/2023\/10\/B-16.jpg\" target=\"_blank\"><img loading=\"lazy\" decoding=\"async\" src=\"http:\/\/lorrylesmetz-histoire.fr\/wp-content\/uploads\/2023\/10\/B-16-800x600.jpg\" height=\"600\" width=\"800\" alt=\"\" class=\"slider-7309 slide-7325 msDefaultImage\" title=\"B 16\" \/><\/a><\/li>\n            <li style='display: none;' aria-roledescription='slide' aria-labelledby='slide-16'><a href=\"http:\/\/lorrylesmetz-histoire.fr\/wp-content\/uploads\/2023\/10\/B-17.jpg\" target=\"_blank\"><img loading=\"lazy\" decoding=\"async\" src=\"http:\/\/lorrylesmetz-histoire.fr\/wp-content\/uploads\/2023\/10\/B-17-800x600.jpg\" height=\"600\" width=\"800\" alt=\"\" class=\"slider-7309 slide-7326 msDefaultImage\" title=\"B 17\" \/><\/a><\/li>\n            <li style='display: none;' aria-roledescription='slide' aria-labelledby='slide-17'><a href=\"http:\/\/lorrylesmetz-histoire.fr\/wp-content\/uploads\/2023\/10\/B-18.jpg\" target=\"_blank\"><img loading=\"lazy\" decoding=\"async\" src=\"http:\/\/lorrylesmetz-histoire.fr\/wp-content\/uploads\/2023\/10\/B-18-800x600.jpg\" height=\"600\" width=\"800\" alt=\"\" class=\"slider-7309 slide-7327 msDefaultImage\" title=\"B 18\" \/><\/a><\/li>\n            <li style='display: none;' aria-roledescription='slide' aria-labelledby='slide-18'><a href=\"http:\/\/lorrylesmetz-histoire.fr\/wp-content\/uploads\/2023\/10\/B-19.jpg\" target=\"_blank\"><img loading=\"lazy\" decoding=\"async\" src=\"http:\/\/lorrylesmetz-histoire.fr\/wp-content\/uploads\/2023\/10\/B-19-800x600.jpg\" height=\"600\" width=\"800\" alt=\"\" class=\"slider-7309 slide-7328 msDefaultImage\" title=\"B 19\" \/><\/a><\/li>\n            <li style='display: none;' aria-roledescription='slide' aria-labelledby='slide-19'><a href=\"http:\/\/lorrylesmetz-histoire.fr\/wp-content\/uploads\/2023\/10\/B-20.jpg\" target=\"_blank\"><img loading=\"lazy\" decoding=\"async\" src=\"http:\/\/lorrylesmetz-histoire.fr\/wp-content\/uploads\/2023\/10\/B-20-800x600.jpg\" height=\"600\" width=\"800\" alt=\"\" class=\"slider-7309 slide-7329 msDefaultImage\" title=\"B 20\" \/><\/a><\/li>\n            <li style='display: none;' aria-roledescription='slide' aria-labelledby='slide-20'><a href=\"http:\/\/lorrylesmetz-histoire.fr\/wp-content\/uploads\/2023\/10\/B-21.jpg\" target=\"_blank\"><img loading=\"lazy\" decoding=\"async\" src=\"http:\/\/lorrylesmetz-histoire.fr\/wp-content\/uploads\/2023\/10\/B-21-800x600.jpg\" height=\"600\" width=\"800\" alt=\"\" class=\"slider-7309 slide-7330 msDefaultImage\" title=\"B 21\" \/><\/a><\/li>\n        <\/ul>\n        \n    <\/div>\n<\/div>\n<p>Photos G\u00e9rard KESTER\u00a0&#8211; Claudine KESTER-ELGHOZI<\/p>\n<p><a href=\"http:\/\/lorrylesmetz-histoire.fr\/?page_id=7005\"><img loading=\"lazy\" decoding=\"async\" class=\"alignnone size-full wp-image-378\" src=\"http:\/\/lorrylesmetz-histoire.fr\/wp-content\/uploads\/2017\/05\/retour.png\" alt=\"\" width=\"89\" height=\"31\" \/><\/a><\/p>\n","protected":false},"excerpt":{"rendered":"<p>11 octobre 2023 Claudine\u00a0Kester-ElGhozi, pr\u00e9sidente de Lorry-l\u00e8s-Metz \u00ab\u00a0au fil du temps\u00a0\u00bb, \u00e9tait invit\u00e9e par Christian\u00a0Schmitt au vernissage de l\u2019exposition \u00abJean\u00a0Cocteau et son lieu d\u2019\u00e9ternit\u00e9 \u00bb \u00e0 la porte des Allemands. Au milieu de magnifiques et \u00e9mouvants souvenirs de l\u2019artiste, on&hellip; <\/p>\n","protected":false},"author":1,"featured_media":0,"parent":7005,"menu_order":0,"comment_status":"closed","ping_status":"closed","template":"","meta":{"_mc_calendar":[],"footnotes":""},"class_list":["post-7276","page","type-page","status-publish","hentry"],"_links":{"self":[{"href":"http:\/\/lorrylesmetz-histoire.fr\/index.php?rest_route=\/wp\/v2\/pages\/7276","targetHints":{"allow":["GET"]}}],"collection":[{"href":"http:\/\/lorrylesmetz-histoire.fr\/index.php?rest_route=\/wp\/v2\/pages"}],"about":[{"href":"http:\/\/lorrylesmetz-histoire.fr\/index.php?rest_route=\/wp\/v2\/types\/page"}],"author":[{"embeddable":true,"href":"http:\/\/lorrylesmetz-histoire.fr\/index.php?rest_route=\/wp\/v2\/users\/1"}],"replies":[{"embeddable":true,"href":"http:\/\/lorrylesmetz-histoire.fr\/index.php?rest_route=%2Fwp%2Fv2%2Fcomments&post=7276"}],"version-history":[{"count":3,"href":"http:\/\/lorrylesmetz-histoire.fr\/index.php?rest_route=\/wp\/v2\/pages\/7276\/revisions"}],"predecessor-version":[{"id":7332,"href":"http:\/\/lorrylesmetz-histoire.fr\/index.php?rest_route=\/wp\/v2\/pages\/7276\/revisions\/7332"}],"up":[{"embeddable":true,"href":"http:\/\/lorrylesmetz-histoire.fr\/index.php?rest_route=\/wp\/v2\/pages\/7005"}],"wp:attachment":[{"href":"http:\/\/lorrylesmetz-histoire.fr\/index.php?rest_route=%2Fwp%2Fv2%2Fmedia&parent=7276"}],"curies":[{"name":"wp","href":"https:\/\/api.w.org\/{rel}","templated":true}]}}