{"id":740,"date":"2017-05-31T19:26:11","date_gmt":"2017-05-31T17:26:11","guid":{"rendered":"http:\/\/lorrylesmetz-histoire.fr\/?page_id=740"},"modified":"2018-01-02T07:49:56","modified_gmt":"2018-01-02T06:49:56","slug":"2017-01-04","status":"publish","type":"page","link":"http:\/\/lorrylesmetz-histoire.fr\/?page_id=740","title":{"rendered":"Visite de la synagogue consistoriale de Metz"},"content":{"rendered":"<h3>8\u00a0mars\u00a02017<\/h3>\n<p>Lorry-l\u00e8s-Metz \u00ab\u00a0au fil du temps\u00a0\u00bb visite la synagogue de Metz.<\/p>\n<p>Un accueil particuli\u00e8rement chaleureux fut r\u00e9serv\u00e9 \u00e0 notre association au grand complet. L\u2019offre de visite a eu tellement de succ\u00e8s aupr\u00e8s de nos membres qu\u2019il a fallu pr\u00e9voir deux groupes et deux guides, Bernard\u00a0Michel et Bertin Ditesheim.<\/p>\n<p>Apr\u00e8s un pr\u00e9ambule historique sur la communaut\u00e9 juive \u00e0 Metz dans la salle d\u2019accueil de la synagogue, les hommes se coiff\u00e8rent de la kippa et nous entr\u00e2mes dans la synagogue. L\u00e0, notre guide, un passionn\u00e9 et un \u00e9rudit, nous expliqua pas \u00e0 pas de la naissance \u00e0 la mort les moments importants et les rites de la religion juive, non sans, de temps en temps, une pointe d\u2019humour.<\/p>\n<p>Beaucoup de questions furent pos\u00e9es, il y fut r\u00e9pondu en d\u00e9tail.<\/p>\n<p>Merci \u00e0 ces b\u00e9n\u00e9voles passionn\u00e9s de nous avoir consacr\u00e9 trois heures de leur temps.<\/p>\n<p>Compte-rendu complet (10 pages) : <a href=\"http:\/\/lorrylesmetz-histoire.fr\/wp-content\/uploads\/2017\/05\/CR-SYNAGOGUE.pdf\" target=\"_blank\" rel=\"noopener\"><img loading=\"lazy\" decoding=\"async\" class=\"alignnone wp-image-683 size-full\" src=\"http:\/\/lorrylesmetz-histoire.fr\/wp-content\/uploads\/2017\/05\/voir.png?_t=1496251890\" alt=\"\" width=\"89\" height=\"31\" \/><\/a> <a href=\"http:\/\/lorrylesmetz-histoire.fr\/?media_dl=794\"><img decoding=\"async\" src=\"http:\/\/lorrylesmetz-histoire.fr\/wp-content\/uploads\/2017\/05\/telecharger_pdf.png\" \/><\/a><\/p>\n<div id=\"metaslider-id-1396\" style=\"width: 100%; margin: 0 auto;\" class=\"ml-slider-3-108-0 metaslider metaslider-responsive metaslider-1396 ml-slider has-dots-nav ms-theme-default\" role=\"region\" aria-label=\"Synagogue\" data-height=\"400\" data-width=\"400\">\n    <div id=\"metaslider_container_1396\">\n        <ul id='metaslider_1396' class='rslides'>\n            <li aria-roledescription='slide' aria-labelledby='slide-0'><a href=\"http:\/\/localhost\/lfdt2\/wp-content\/uploads\/2017\/07\/1.jpg\" target=\"_blank\"><img loading=\"lazy\" decoding=\"async\" src=\"http:\/\/lorrylesmetz-histoire.fr\/wp-content\/uploads\/2017\/07\/1-400x400.jpg\" height=\"400\" width=\"400\" alt=\"\" class=\"slider-1396 slide-1397 msDefaultImage\" \/><\/a><\/li>\n            <li style='display: none;' aria-roledescription='slide' aria-labelledby='slide-1'><a href=\"http:\/\/localhost\/lfdt2\/wp-content\/uploads\/2017\/07\/2.jpg\" target=\"_blank\"><img loading=\"lazy\" decoding=\"async\" src=\"http:\/\/lorrylesmetz-histoire.fr\/wp-content\/uploads\/2017\/07\/2-400x400.jpg\" height=\"400\" width=\"400\" alt=\"\" class=\"slider-1396 slide-1399 msDefaultImage\" \/><\/a><\/li>\n            <li style='display: none;' aria-roledescription='slide' aria-labelledby='slide-2'><a href=\"http:\/\/localhost\/lfdt2\/wp-content\/uploads\/2017\/07\/3.jpg\" target=\"_blank\"><img loading=\"lazy\" decoding=\"async\" src=\"http:\/\/lorrylesmetz-histoire.fr\/wp-content\/uploads\/2017\/07\/3-400x400.jpg\" height=\"400\" width=\"400\" alt=\"\" class=\"slider-1396 slide-1409 msDefaultImage\" \/><\/a><\/li>\n            <li style='display: none;' aria-roledescription='slide' aria-labelledby='slide-3'><a href=\"http:\/\/localhost\/lfdt2\/wp-content\/uploads\/2017\/07\/4.jpg\" target=\"_blank\"><img loading=\"lazy\" decoding=\"async\" src=\"http:\/\/lorrylesmetz-histoire.fr\/wp-content\/uploads\/2017\/07\/4-400x400.jpg\" height=\"400\" width=\"400\" alt=\"\" class=\"slider-1396 slide-1411 msDefaultImage\" \/><\/a><\/li>\n            <li style='display: none;' aria-roledescription='slide' aria-labelledby='slide-4'><a href=\"http:\/\/localhost\/lfdt2\/wp-content\/uploads\/2017\/07\/5.jpg\" target=\"_blank\"><img loading=\"lazy\" decoding=\"async\" src=\"http:\/\/lorrylesmetz-histoire.fr\/wp-content\/uploads\/2017\/07\/5-400x400.jpg\" height=\"400\" width=\"400\" alt=\"\" class=\"slider-1396 slide-1412 msDefaultImage\" \/><\/a><\/li>\n            <li style='display: none;' aria-roledescription='slide' aria-labelledby='slide-5'><a href=\"http:\/\/localhost\/lfdt2\/wp-content\/uploads\/2017\/07\/6.jpg\" target=\"_blank\"><img loading=\"lazy\" decoding=\"async\" src=\"http:\/\/lorrylesmetz-histoire.fr\/wp-content\/uploads\/2017\/07\/6-400x400.jpg\" height=\"400\" width=\"400\" alt=\"\" class=\"slider-1396 slide-1413 msDefaultImage\" \/><\/a><\/li>\n            <li style='display: none;' aria-roledescription='slide' aria-labelledby='slide-6'><a href=\"http:\/\/localhost\/lfdt2\/wp-content\/uploads\/2017\/07\/7.jpg\" target=\"_blank\"><img loading=\"lazy\" decoding=\"async\" src=\"http:\/\/lorrylesmetz-histoire.fr\/wp-content\/uploads\/2017\/07\/7-400x400.jpg\" height=\"400\" width=\"400\" alt=\"\" class=\"slider-1396 slide-1414 msDefaultImage\" \/><\/a><\/li>\n            <li style='display: none;' aria-roledescription='slide' aria-labelledby='slide-7'><a href=\"http:\/\/localhost\/lfdt2\/wp-content\/uploads\/2017\/07\/8.jpg\" target=\"_blank\"><img loading=\"lazy\" decoding=\"async\" src=\"http:\/\/lorrylesmetz-histoire.fr\/wp-content\/uploads\/2017\/07\/8-400x400.jpg\" height=\"400\" width=\"400\" alt=\"\" class=\"slider-1396 slide-1415 msDefaultImage\" \/><\/a><\/li>\n            <li style='display: none;' aria-roledescription='slide' aria-labelledby='slide-8'><a href=\"http:\/\/localhost\/lfdt2\/wp-content\/uploads\/2017\/07\/9.jpg\" target=\"_blank\"><img loading=\"lazy\" decoding=\"async\" src=\"http:\/\/lorrylesmetz-histoire.fr\/wp-content\/uploads\/2017\/07\/9-400x400.jpg\" height=\"400\" width=\"400\" alt=\"\" class=\"slider-1396 slide-1416 msDefaultImage\" \/><\/a><\/li>\n            <li style='display: none;' aria-roledescription='slide' aria-labelledby='slide-9'><a href=\"http:\/\/localhost\/lfdt2\/wp-content\/uploads\/2017\/07\/10.jpg\" target=\"_blank\"><img loading=\"lazy\" decoding=\"async\" src=\"http:\/\/lorrylesmetz-histoire.fr\/wp-content\/uploads\/2017\/07\/10-400x400.jpg\" height=\"400\" width=\"400\" alt=\"\" class=\"slider-1396 slide-1398 msDefaultImage\" \/><\/a><\/li>\n            <li style='display: none;' aria-roledescription='slide' aria-labelledby='slide-10'><a href=\"http:\/\/localhost\/lfdt2\/wp-content\/uploads\/2017\/07\/21.jpg\" target=\"_blank\"><img loading=\"lazy\" decoding=\"async\" src=\"http:\/\/lorrylesmetz-histoire.fr\/wp-content\/uploads\/2017\/07\/21-400x400.jpg\" height=\"400\" width=\"400\" alt=\"\" class=\"slider-1396 slide-1400 msDefaultImage\" \/><\/a><\/li>\n            <li style='display: none;' aria-roledescription='slide' aria-labelledby='slide-11'><a href=\"http:\/\/localhost\/lfdt2\/wp-content\/uploads\/2017\/07\/22.jpg\" target=\"_blank\"><img loading=\"lazy\" decoding=\"async\" src=\"http:\/\/lorrylesmetz-histoire.fr\/wp-content\/uploads\/2017\/07\/22-400x400.jpg\" height=\"400\" width=\"400\" alt=\"\" class=\"slider-1396 slide-1401 msDefaultImage\" \/><\/a><\/li>\n            <li style='display: none;' aria-roledescription='slide' aria-labelledby='slide-12'><a href=\"http:\/\/localhost\/lfdt2\/wp-content\/uploads\/2017\/07\/23.jpg\" target=\"_blank\"><img loading=\"lazy\" decoding=\"async\" src=\"http:\/\/lorrylesmetz-histoire.fr\/wp-content\/uploads\/2017\/07\/23-400x400.jpg\" height=\"400\" width=\"400\" alt=\"\" class=\"slider-1396 slide-1402 msDefaultImage\" \/><\/a><\/li>\n            <li style='display: none;' aria-roledescription='slide' aria-labelledby='slide-13'><a href=\"http:\/\/localhost\/lfdt2\/wp-content\/uploads\/2017\/07\/24.jpg\" target=\"_blank\"><img loading=\"lazy\" decoding=\"async\" src=\"http:\/\/lorrylesmetz-histoire.fr\/wp-content\/uploads\/2017\/07\/24-400x400.jpg\" height=\"400\" width=\"400\" alt=\"\" class=\"slider-1396 slide-1403 msDefaultImage\" \/><\/a><\/li>\n            <li style='display: none;' aria-roledescription='slide' aria-labelledby='slide-14'><a href=\"http:\/\/localhost\/lfdt2\/wp-content\/uploads\/2017\/07\/25.jpg\" target=\"_blank\"><img loading=\"lazy\" decoding=\"async\" src=\"http:\/\/lorrylesmetz-histoire.fr\/wp-content\/uploads\/2017\/07\/25-400x400.jpg\" height=\"400\" width=\"400\" alt=\"\" class=\"slider-1396 slide-1404 msDefaultImage\" \/><\/a><\/li>\n            <li style='display: none;' aria-roledescription='slide' aria-labelledby='slide-15'><a href=\"http:\/\/localhost\/lfdt2\/wp-content\/uploads\/2017\/07\/26.jpg\" target=\"_blank\"><img loading=\"lazy\" decoding=\"async\" src=\"http:\/\/lorrylesmetz-histoire.fr\/wp-content\/uploads\/2017\/07\/26-400x400.jpg\" height=\"400\" width=\"400\" alt=\"\" class=\"slider-1396 slide-1405 msDefaultImage\" \/><\/a><\/li>\n            <li style='display: none;' aria-roledescription='slide' aria-labelledby='slide-16'><a href=\"http:\/\/localhost\/lfdt2\/wp-content\/uploads\/2017\/07\/27.jpg\" target=\"_self\"><img loading=\"lazy\" decoding=\"async\" src=\"http:\/\/lorrylesmetz-histoire.fr\/wp-content\/uploads\/2017\/07\/27-400x400.jpg\" height=\"400\" width=\"400\" alt=\"\" class=\"slider-1396 slide-1406 msDefaultImage\" \/><\/a><\/li>\n            <li style='display: none;' aria-roledescription='slide' aria-labelledby='slide-17'><a href=\"http:\/\/localhost\/lfdt2\/wp-content\/uploads\/2017\/07\/28.jpg\" target=\"_blank\"><img loading=\"lazy\" decoding=\"async\" src=\"http:\/\/lorrylesmetz-histoire.fr\/wp-content\/uploads\/2017\/07\/28-400x400.jpg\" height=\"400\" width=\"400\" alt=\"\" class=\"slider-1396 slide-1407 msDefaultImage\" \/><\/a><\/li>\n            <li style='display: none;' aria-roledescription='slide' aria-labelledby='slide-18'><a href=\"http:\/\/localhost\/lfdt2\/wp-content\/uploads\/2017\/07\/29.jpg\" target=\"_blank\"><img loading=\"lazy\" decoding=\"async\" src=\"http:\/\/lorrylesmetz-histoire.fr\/wp-content\/uploads\/2017\/07\/29-400x400.jpg\" height=\"400\" width=\"400\" alt=\"\" class=\"slider-1396 slide-1408 msDefaultImage\" \/><\/a><\/li>\n            <li style='display: none;' aria-roledescription='slide' aria-labelledby='slide-19'><a href=\"http:\/\/localhost\/lfdt2\/wp-content\/uploads\/2017\/07\/30.jpg\" target=\"_blank\"><img loading=\"lazy\" decoding=\"async\" src=\"http:\/\/lorrylesmetz-histoire.fr\/wp-content\/uploads\/2017\/07\/30-400x400.jpg\" height=\"400\" width=\"400\" alt=\"\" class=\"slider-1396 slide-1410 msDefaultImage\" \/><\/a><\/li>\n        <\/ul>\n        \n    <\/div>\n<\/div>\n<p>Groupe\u00a01\u00a0: photos Claudine\u00a0Kester-Elghozi<\/p>\n<p>Groupe\u00a02\u00a0: photos Roger\u00a0Mariotte<\/p>\n<p><a href=\"http:\/\/lorrylesmetz-histoire.fr\/?page_id=738\"><img loading=\"lazy\" decoding=\"async\" class=\"alignnone wp-image-378 size-full\" src=\"http:\/\/lorrylesmetz-histoire.fr\/wp-content\/uploads\/2017\/05\/retour.png?_t=1496249913\" alt=\"\" width=\"89\" height=\"31\" \/><\/a><\/p>\n<p>&nbsp;<\/p>\n","protected":false},"excerpt":{"rendered":"<p>8\u00a0mars\u00a02017 Lorry-l\u00e8s-Metz \u00ab\u00a0au fil du temps\u00a0\u00bb visite la synagogue de Metz. Un accueil particuli\u00e8rement chaleureux fut r\u00e9serv\u00e9 \u00e0 notre association au grand complet. L\u2019offre de visite a eu tellement de succ\u00e8s aupr\u00e8s de nos membres qu\u2019il a fallu pr\u00e9voir deux&hellip; <\/p>\n","protected":false},"author":1,"featured_media":0,"parent":738,"menu_order":2,"comment_status":"closed","ping_status":"closed","template":"","meta":{"_mc_calendar":[],"footnotes":""},"class_list":["post-740","page","type-page","status-publish","hentry"],"_links":{"self":[{"href":"http:\/\/lorrylesmetz-histoire.fr\/index.php?rest_route=\/wp\/v2\/pages\/740","targetHints":{"allow":["GET"]}}],"collection":[{"href":"http:\/\/lorrylesmetz-histoire.fr\/index.php?rest_route=\/wp\/v2\/pages"}],"about":[{"href":"http:\/\/lorrylesmetz-histoire.fr\/index.php?rest_route=\/wp\/v2\/types\/page"}],"author":[{"embeddable":true,"href":"http:\/\/lorrylesmetz-histoire.fr\/index.php?rest_route=\/wp\/v2\/users\/1"}],"replies":[{"embeddable":true,"href":"http:\/\/lorrylesmetz-histoire.fr\/index.php?rest_route=%2Fwp%2Fv2%2Fcomments&post=740"}],"version-history":[{"count":2,"href":"http:\/\/lorrylesmetz-histoire.fr\/index.php?rest_route=\/wp\/v2\/pages\/740\/revisions"}],"predecessor-version":[{"id":2987,"href":"http:\/\/lorrylesmetz-histoire.fr\/index.php?rest_route=\/wp\/v2\/pages\/740\/revisions\/2987"}],"up":[{"embeddable":true,"href":"http:\/\/lorrylesmetz-histoire.fr\/index.php?rest_route=\/wp\/v2\/pages\/738"}],"wp:attachment":[{"href":"http:\/\/lorrylesmetz-histoire.fr\/index.php?rest_route=%2Fwp%2Fv2%2Fmedia&parent=740"}],"curies":[{"name":"wp","href":"https:\/\/api.w.org\/{rel}","templated":true}]}}