{"id":741,"date":"2017-06-02T18:41:02","date_gmt":"2017-06-02T16:41:02","guid":{"rendered":"http:\/\/lorrylesmetz-histoire.fr\/?page_id=741"},"modified":"2018-01-02T07:49:07","modified_gmt":"2018-01-02T06:49:07","slug":"2017-01-05","status":"publish","type":"page","link":"http:\/\/lorrylesmetz-histoire.fr\/?page_id=741","title":{"rendered":"1870, la chute d\u2019un empire"},"content":{"rendered":"<p>30\u00a0mars\u00a02017<\/p>\n<p style=\"text-align: justify;\">Lorry-l\u00e8s-Metz \u00ab\u00a0au fil du temps\u00a0\u00bb pr\u00e9sentait un documentaire de Patrick\u00a0Basso en partenariat avec le Conseil G\u00e9n\u00e9ral de la Moselle et la participation du regrett\u00e9 Fran\u00e7ois\u00a0Roth\u00a0: \u00ab\u00a0<em>1870, la chute d\u2019un Empire<\/em>\u00a0\u00bb. C\u2019est une page d\u2019Histoire sur les batailles mosellanes, les troupes \u00e9tant sous le commandement du g\u00e9n\u00e9ral Bazaine.<\/p>\n<p style=\"text-align: justify;\">Apr\u00e8s la projection Andr\u00e9 de Pizzol, historien amateur, a expliqu\u00e9 les causes et les cons\u00e9quences de la reddition de Metz, si tragiques pour l\u2019Alsace et la Moselle. Un d\u00e9bat bien men\u00e9 termina cette int\u00e9ressante projection.<\/p>\n<div id=\"metaslider-id-945\" style=\"width: 100%; margin: 0 auto;\" class=\"ml-slider-3-108-0 metaslider metaslider-responsive metaslider-945 ml-slider has-dots-nav ms-theme-default\" role=\"region\" aria-label=\"1870\" data-height=\"400\" data-width=\"400\">\n    <div id=\"metaslider_container_945\">\n        <ul id='metaslider_945' class='rslides'>\n            <li aria-roledescription='slide' aria-labelledby='slide-0'><a href=\"http:\/\/localhost\/lfdt2\/wp-content\/uploads\/2017\/06\/01.jpg\" target=\"_blank\"><img loading=\"lazy\" decoding=\"async\" width=\"1024\" height=\"768\" src=\"http:\/\/lorrylesmetz-histoire.fr\/wp-content\/uploads\/2017\/06\/01.jpg\" class=\"slider-945 slide-946 msDefaultImage\" alt=\"\" rel=\"\" title=\"\" srcset=\"http:\/\/lorrylesmetz-histoire.fr\/wp-content\/uploads\/2017\/06\/01.jpg 1024w, http:\/\/lorrylesmetz-histoire.fr\/wp-content\/uploads\/2017\/06\/01-300x225.jpg 300w, http:\/\/lorrylesmetz-histoire.fr\/wp-content\/uploads\/2017\/06\/01-768x576.jpg 768w\" sizes=\"auto, (max-width: 1024px) 100vw, 1024px\" \/><\/a><\/li>\n            <li style='display: none;' aria-roledescription='slide' aria-labelledby='slide-1'><a href=\"http:\/\/localhost\/lfdt2\/wp-content\/uploads\/2017\/06\/02.jpg\" target=\"_blank\"><img loading=\"lazy\" decoding=\"async\" width=\"1024\" height=\"768\" src=\"http:\/\/lorrylesmetz-histoire.fr\/wp-content\/uploads\/2017\/06\/02.jpg\" class=\"slider-945 slide-947 msDefaultImage\" alt=\"\" rel=\"\" title=\"\" srcset=\"http:\/\/lorrylesmetz-histoire.fr\/wp-content\/uploads\/2017\/06\/02.jpg 1024w, http:\/\/lorrylesmetz-histoire.fr\/wp-content\/uploads\/2017\/06\/02-300x225.jpg 300w, http:\/\/lorrylesmetz-histoire.fr\/wp-content\/uploads\/2017\/06\/02-768x576.jpg 768w\" sizes=\"auto, (max-width: 1024px) 100vw, 1024px\" \/><\/a><\/li>\n            <li style='display: none;' aria-roledescription='slide' aria-labelledby='slide-2'><a href=\"http:\/\/localhost\/lfdt2\/wp-content\/uploads\/2017\/06\/03.jpg\" target=\"_blank\"><img loading=\"lazy\" decoding=\"async\" width=\"1024\" height=\"685\" src=\"http:\/\/lorrylesmetz-histoire.fr\/wp-content\/uploads\/2017\/06\/03.jpg\" class=\"slider-945 slide-948 msDefaultImage\" alt=\"\" rel=\"\" title=\"\" srcset=\"http:\/\/lorrylesmetz-histoire.fr\/wp-content\/uploads\/2017\/06\/03.jpg 1024w, http:\/\/lorrylesmetz-histoire.fr\/wp-content\/uploads\/2017\/06\/03-300x201.jpg 300w, http:\/\/lorrylesmetz-histoire.fr\/wp-content\/uploads\/2017\/06\/03-768x514.jpg 768w\" sizes=\"auto, (max-width: 1024px) 100vw, 1024px\" \/><\/a><\/li>\n            <li style='display: none;' aria-roledescription='slide' aria-labelledby='slide-3'><a href=\"http:\/\/localhost\/lfdt2\/wp-content\/uploads\/2017\/06\/04.jpg\" target=\"_blank\"><img loading=\"lazy\" decoding=\"async\" width=\"1024\" height=\"768\" src=\"http:\/\/lorrylesmetz-histoire.fr\/wp-content\/uploads\/2017\/06\/04.jpg\" class=\"slider-945 slide-949 msDefaultImage\" alt=\"\" rel=\"\" title=\"\" srcset=\"http:\/\/lorrylesmetz-histoire.fr\/wp-content\/uploads\/2017\/06\/04.jpg 1024w, http:\/\/lorrylesmetz-histoire.fr\/wp-content\/uploads\/2017\/06\/04-300x225.jpg 300w, http:\/\/lorrylesmetz-histoire.fr\/wp-content\/uploads\/2017\/06\/04-768x576.jpg 768w\" sizes=\"auto, (max-width: 1024px) 100vw, 1024px\" \/><\/a><\/li>\n            <li style='display: none;' aria-roledescription='slide' aria-labelledby='slide-4'><a href=\"http:\/\/localhost\/lfdt2\/wp-content\/uploads\/2017\/06\/05.jpg\" target=\"_blank\"><img loading=\"lazy\" decoding=\"async\" width=\"1024\" height=\"768\" src=\"http:\/\/lorrylesmetz-histoire.fr\/wp-content\/uploads\/2017\/06\/05.jpg\" class=\"slider-945 slide-950 msDefaultImage\" alt=\"\" rel=\"\" title=\"\" srcset=\"http:\/\/lorrylesmetz-histoire.fr\/wp-content\/uploads\/2017\/06\/05.jpg 1024w, http:\/\/lorrylesmetz-histoire.fr\/wp-content\/uploads\/2017\/06\/05-300x225.jpg 300w, http:\/\/lorrylesmetz-histoire.fr\/wp-content\/uploads\/2017\/06\/05-768x576.jpg 768w\" sizes=\"auto, (max-width: 1024px) 100vw, 1024px\" \/><\/a><\/li>\n            <li style='display: none;' aria-roledescription='slide' aria-labelledby='slide-5'><a href=\"http:\/\/localhost\/lfdt2\/wp-content\/uploads\/2017\/06\/07.jpg\" target=\"_blank\"><img loading=\"lazy\" decoding=\"async\" width=\"598\" height=\"1024\" src=\"http:\/\/lorrylesmetz-histoire.fr\/wp-content\/uploads\/2017\/06\/07.jpg\" class=\"slider-945 slide-951 msDefaultImage\" alt=\"\" rel=\"\" title=\"\" srcset=\"http:\/\/lorrylesmetz-histoire.fr\/wp-content\/uploads\/2017\/06\/07.jpg 598w, http:\/\/lorrylesmetz-histoire.fr\/wp-content\/uploads\/2017\/06\/07-175x300.jpg 175w\" sizes=\"auto, (max-width: 598px) 100vw, 598px\" \/><\/a><\/li>\n            <li style='display: none;' aria-roledescription='slide' aria-labelledby='slide-6'><a href=\"http:\/\/localhost\/lfdt2\/wp-content\/uploads\/2017\/06\/07.jpg\" target=\"_blank\"><img loading=\"lazy\" decoding=\"async\" width=\"770\" height=\"1027\" src=\"http:\/\/lorrylesmetz-histoire.fr\/wp-content\/uploads\/2017\/06\/08.jpg\" class=\"slider-945 slide-952 msDefaultImage\" alt=\"\" rel=\"\" title=\"\" srcset=\"http:\/\/lorrylesmetz-histoire.fr\/wp-content\/uploads\/2017\/06\/08.jpg 770w, http:\/\/lorrylesmetz-histoire.fr\/wp-content\/uploads\/2017\/06\/08-225x300.jpg 225w, http:\/\/lorrylesmetz-histoire.fr\/wp-content\/uploads\/2017\/06\/08-768x1024.jpg 768w\" sizes=\"auto, (max-width: 770px) 100vw, 770px\" \/><\/a><\/li>\n            <li style='display: none;' aria-roledescription='slide' aria-labelledby='slide-7'><a href=\"http:\/\/localhost\/lfdt2\/wp-content\/uploads\/2017\/06\/11.jpg\" target=\"_blank\"><img loading=\"lazy\" decoding=\"async\" width=\"1024\" height=\"1015\" src=\"http:\/\/lorrylesmetz-histoire.fr\/wp-content\/uploads\/2017\/06\/11.jpg\" class=\"slider-945 slide-953 msDefaultImage\" alt=\"\" rel=\"\" title=\"\" srcset=\"http:\/\/lorrylesmetz-histoire.fr\/wp-content\/uploads\/2017\/06\/11.jpg 1024w, http:\/\/lorrylesmetz-histoire.fr\/wp-content\/uploads\/2017\/06\/11-150x150.jpg 150w, http:\/\/lorrylesmetz-histoire.fr\/wp-content\/uploads\/2017\/06\/11-300x297.jpg 300w, http:\/\/lorrylesmetz-histoire.fr\/wp-content\/uploads\/2017\/06\/11-768x761.jpg 768w\" sizes=\"auto, (max-width: 1024px) 100vw, 1024px\" \/><\/a><\/li>\n        <\/ul>\n        \n    <\/div>\n<\/div>\n<p>Photos Claudine\u00a0Kester-Elghozi<\/p>\n<p><a href=\"http:\/\/lorrylesmetz-histoire.fr\/?page_id=738\"><img loading=\"lazy\" decoding=\"async\" class=\"alignnone wp-image-378 size-full\" src=\"http:\/\/lorrylesmetz-histoire.fr\/wp-content\/uploads\/2017\/05\/retour.png?_t=1496249913\" alt=\"\" width=\"89\" height=\"31\" \/><\/a><\/p>\n","protected":false},"excerpt":{"rendered":"<p>30\u00a0mars\u00a02017 Lorry-l\u00e8s-Metz \u00ab\u00a0au fil du temps\u00a0\u00bb pr\u00e9sentait un documentaire de Patrick\u00a0Basso en partenariat avec le Conseil G\u00e9n\u00e9ral de la Moselle et la participation du regrett\u00e9 Fran\u00e7ois\u00a0Roth\u00a0: \u00ab\u00a01870, la chute d\u2019un Empire\u00a0\u00bb. C\u2019est une page d\u2019Histoire sur les batailles mosellanes, les&hellip; <\/p>\n","protected":false},"author":1,"featured_media":0,"parent":738,"menu_order":3,"comment_status":"closed","ping_status":"closed","template":"","meta":{"_mc_calendar":[],"footnotes":""},"class_list":["post-741","page","type-page","status-publish","hentry"],"_links":{"self":[{"href":"http:\/\/lorrylesmetz-histoire.fr\/index.php?rest_route=\/wp\/v2\/pages\/741","targetHints":{"allow":["GET"]}}],"collection":[{"href":"http:\/\/lorrylesmetz-histoire.fr\/index.php?rest_route=\/wp\/v2\/pages"}],"about":[{"href":"http:\/\/lorrylesmetz-histoire.fr\/index.php?rest_route=\/wp\/v2\/types\/page"}],"author":[{"embeddable":true,"href":"http:\/\/lorrylesmetz-histoire.fr\/index.php?rest_route=\/wp\/v2\/users\/1"}],"replies":[{"embeddable":true,"href":"http:\/\/lorrylesmetz-histoire.fr\/index.php?rest_route=%2Fwp%2Fv2%2Fcomments&post=741"}],"version-history":[{"count":1,"href":"http:\/\/lorrylesmetz-histoire.fr\/index.php?rest_route=\/wp\/v2\/pages\/741\/revisions"}],"predecessor-version":[{"id":2986,"href":"http:\/\/lorrylesmetz-histoire.fr\/index.php?rest_route=\/wp\/v2\/pages\/741\/revisions\/2986"}],"up":[{"embeddable":true,"href":"http:\/\/lorrylesmetz-histoire.fr\/index.php?rest_route=\/wp\/v2\/pages\/738"}],"wp:attachment":[{"href":"http:\/\/lorrylesmetz-histoire.fr\/index.php?rest_route=%2Fwp%2Fv2%2Fmedia&parent=741"}],"curies":[{"name":"wp","href":"https:\/\/api.w.org\/{rel}","templated":true}]}}