{"id":742,"date":"2017-06-02T18:49:06","date_gmt":"2017-06-02T16:49:06","guid":{"rendered":"http:\/\/lorrylesmetz-histoire.fr\/?page_id=742"},"modified":"2018-01-02T07:48:21","modified_gmt":"2018-01-02T06:48:21","slug":"2017-01-06","status":"publish","type":"page","link":"http:\/\/lorrylesmetz-histoire.fr\/?page_id=742","title":{"rendered":"Exposition sur les sceaux"},"content":{"rendered":"<h3 style=\"text-align: justify;\">28\u00a0avril\u00a02017<\/h3>\n<p style=\"text-align: justify;\">Lorry-l\u00e8s-Metz \u00ab\u00a0au fil du temps\u00a0\u00bb \u00e9tait aux archives d\u00e9partementales de la Moselle pour une visite comment\u00e9e de l\u2019exposition \u00ab\u00a0<em>Le sceau, marque de l\u2019Histoire<\/em>\u00a0\u00bb.<\/p>\n<p style=\"text-align: justify;\">Tr\u00e8s aimablement re\u00e7us par Jean-\u00c9ric\u00a0Iung, directeur des archives d\u00e9partementales de la Moselle, ce dernier nous a parl\u00e9 de la fonction du sceau, ses origines lointaines et nous a comment\u00e9, parfois avec humour, les nombreux sceaux expos\u00e9s.<\/p>\n<p style=\"text-align: justify;\">\u00c9ric\u00a0Caspar, le restaurateur, nous a expliqu\u00e9 les techniques de r\u00e9fection des sceaux de cire, un travail de pr\u00e9cision et de patience.<\/p>\n<p style=\"text-align: justify;\">Ce fut une visite \u00e9difiante \u00e0 recommander \u00e0 ceux qui n\u2019ont pas pu venir.<\/p>\n<p style=\"text-align: left;\">Compte-rendu complet (9 pages) : <a href=\"http:\/\/lorrylesmetz-histoire.fr\/wp-content\/uploads\/2017\/06\/CR-SCEAUX.pdf\" target=\"_blank\" rel=\"noopener\"><img loading=\"lazy\" decoding=\"async\" class=\"alignnone wp-image-683 size-full\" src=\"http:\/\/lorrylesmetz-histoire.fr\/wp-content\/uploads\/2017\/05\/voir.png?_t=1496423103\" alt=\"\" width=\"89\" height=\"31\" \/><\/a> <a href=\"http:\/\/lorrylesmetz-histoire.fr\/?media_dl=961\"><img decoding=\"async\" src=\"http:\/\/lorrylesmetz-histoire.fr\/wp-content\/uploads\/2017\/05\/telecharger_pdf.png\" \/><\/a><\/p>\n<p style=\"text-align: left;\"><div id=\"metaslider-id-1435\" style=\"width: 100%; margin: 0 auto;\" class=\"ml-slider-3-108-0 metaslider metaslider-responsive metaslider-1435 ml-slider has-dots-nav ms-theme-default\" role=\"region\" aria-label=\"Sceaux\" data-height=\"400\" data-width=\"400\">\n    <div id=\"metaslider_container_1435\">\n        <ul id='metaslider_1435' class='rslides'>\n            <li aria-roledescription='slide' aria-labelledby='slide-0'><a href=\"http:\/\/localhost\/lfdt2\/wp-content\/uploads\/2017\/07\/01.jpg\" target=\"_blank\"><img loading=\"lazy\" decoding=\"async\" src=\"http:\/\/lorrylesmetz-histoire.fr\/wp-content\/uploads\/2017\/07\/01-400x400.jpg\" height=\"400\" width=\"400\" alt=\"\" class=\"slider-1435 slide-1436 msDefaultImage\" \/><\/a><\/li>\n            <li style='display: none;' aria-roledescription='slide' aria-labelledby='slide-1'><a href=\"http:\/\/localhost\/lfdt2\/wp-content\/uploads\/2017\/07\/02.jpg\" target=\"_blank\"><img loading=\"lazy\" decoding=\"async\" src=\"http:\/\/lorrylesmetz-histoire.fr\/wp-content\/uploads\/2017\/07\/02-400x400.jpg\" height=\"400\" width=\"400\" alt=\"\" class=\"slider-1435 slide-1437 msDefaultImage\" \/><\/a><\/li>\n            <li style='display: none;' aria-roledescription='slide' aria-labelledby='slide-2'><a href=\"http:\/\/localhost\/lfdt2\/wp-content\/uploads\/2017\/07\/03.jpg\" target=\"_blank\"><img loading=\"lazy\" decoding=\"async\" src=\"http:\/\/lorrylesmetz-histoire.fr\/wp-content\/uploads\/2017\/07\/03-400x400.jpg\" height=\"400\" width=\"400\" alt=\"\" class=\"slider-1435 slide-1438 msDefaultImage\" \/><\/a><\/li>\n            <li style='display: none;' aria-roledescription='slide' aria-labelledby='slide-3'><a href=\"http:\/\/localhost\/lfdt2\/wp-content\/uploads\/2017\/07\/04.jpg\" target=\"_blank\"><img loading=\"lazy\" decoding=\"async\" src=\"http:\/\/lorrylesmetz-histoire.fr\/wp-content\/uploads\/2017\/07\/04-400x400.jpg\" height=\"400\" width=\"400\" alt=\"\" class=\"slider-1435 slide-1439 msDefaultImage\" \/><\/a><\/li>\n            <li style='display: none;' aria-roledescription='slide' aria-labelledby='slide-4'><a href=\"http:\/\/localhost\/lfdt2\/wp-content\/uploads\/2017\/07\/05.jpg\" target=\"_blank\"><img loading=\"lazy\" decoding=\"async\" src=\"http:\/\/lorrylesmetz-histoire.fr\/wp-content\/uploads\/2017\/07\/05-400x400.jpg\" height=\"400\" width=\"400\" alt=\"\" class=\"slider-1435 slide-1440 msDefaultImage\" \/><\/a><\/li>\n            <li style='display: none;' aria-roledescription='slide' aria-labelledby='slide-5'><a href=\"http:\/\/localhost\/lfdt2\/wp-content\/uploads\/2017\/07\/06.jpg\" target=\"_blank\"><img loading=\"lazy\" decoding=\"async\" src=\"http:\/\/lorrylesmetz-histoire.fr\/wp-content\/uploads\/2017\/07\/06-400x400.jpg\" height=\"400\" width=\"400\" alt=\"\" class=\"slider-1435 slide-1441 msDefaultImage\" \/><\/a><\/li>\n            <li style='display: none;' aria-roledescription='slide' aria-labelledby='slide-6'><a href=\"http:\/\/localhost\/lfdt2\/wp-content\/uploads\/2017\/07\/07.jpg\" target=\"_blank\"><img loading=\"lazy\" decoding=\"async\" src=\"http:\/\/lorrylesmetz-histoire.fr\/wp-content\/uploads\/2017\/07\/07-400x400.jpg\" height=\"400\" width=\"400\" alt=\"\" class=\"slider-1435 slide-1442 msDefaultImage\" \/><\/a><\/li>\n            <li style='display: none;' aria-roledescription='slide' aria-labelledby='slide-7'><a href=\"http:\/\/localhost\/lfdt2\/wp-content\/uploads\/2017\/07\/08.jpg\" target=\"_blank\"><img loading=\"lazy\" decoding=\"async\" src=\"http:\/\/lorrylesmetz-histoire.fr\/wp-content\/uploads\/2017\/07\/08-400x400.jpg\" height=\"400\" width=\"400\" alt=\"\" class=\"slider-1435 slide-1443 msDefaultImage\" \/><\/a><\/li>\n            <li style='display: none;' aria-roledescription='slide' aria-labelledby='slide-8'><a href=\"http:\/\/localhost\/lfdt2\/wp-content\/uploads\/2017\/07\/09.jpg\" target=\"_blank\"><img loading=\"lazy\" decoding=\"async\" src=\"http:\/\/lorrylesmetz-histoire.fr\/wp-content\/uploads\/2017\/07\/09-400x400.jpg\" height=\"400\" width=\"400\" alt=\"\" class=\"slider-1435 slide-1444 msDefaultImage\" \/><\/a><\/li>\n            <li style='display: none;' aria-roledescription='slide' aria-labelledby='slide-9'><a href=\"http:\/\/localhost\/lfdt2\/wp-content\/uploads\/2017\/07\/10-1.jpg\" target=\"_blank\"><img loading=\"lazy\" decoding=\"async\" src=\"http:\/\/lorrylesmetz-histoire.fr\/wp-content\/uploads\/2017\/07\/10-1-400x400.jpg\" height=\"400\" width=\"400\" alt=\"\" class=\"slider-1435 slide-1445 msDefaultImage\" \/><\/a><\/li>\n            <li style='display: none;' aria-roledescription='slide' aria-labelledby='slide-10'><a href=\"http:\/\/localhost\/lfdt2\/wp-content\/uploads\/2017\/07\/11.jpg\" target=\"_blank\"><img loading=\"lazy\" decoding=\"async\" src=\"http:\/\/lorrylesmetz-histoire.fr\/wp-content\/uploads\/2017\/07\/11-400x400.jpg\" height=\"400\" width=\"400\" alt=\"\" class=\"slider-1435 slide-1446 msDefaultImage\" \/><\/a><\/li>\n            <li style='display: none;' aria-roledescription='slide' aria-labelledby='slide-11'><a href=\"http:\/\/localhost\/lfdt2\/wp-content\/uploads\/2017\/07\/12.jpg\" target=\"_blank\"><img loading=\"lazy\" decoding=\"async\" src=\"http:\/\/lorrylesmetz-histoire.fr\/wp-content\/uploads\/2017\/07\/12-400x400.jpg\" height=\"400\" width=\"400\" alt=\"\" class=\"slider-1435 slide-1447 msDefaultImage\" \/><\/a><\/li>\n            <li style='display: none;' aria-roledescription='slide' aria-labelledby='slide-12'><a href=\"http:\/\/localhost\/lfdt2\/wp-content\/uploads\/2017\/07\/13.jpg\" target=\"_blank\"><img loading=\"lazy\" decoding=\"async\" src=\"http:\/\/lorrylesmetz-histoire.fr\/wp-content\/uploads\/2017\/07\/13-400x400.jpg\" height=\"400\" width=\"400\" alt=\"\" class=\"slider-1435 slide-1448 msDefaultImage\" \/><\/a><\/li>\n            <li style='display: none;' aria-roledescription='slide' aria-labelledby='slide-13'><a href=\"http:\/\/localhost\/lfdt2\/wp-content\/uploads\/2017\/07\/14.jpg\" target=\"_blank\"><img loading=\"lazy\" decoding=\"async\" src=\"http:\/\/lorrylesmetz-histoire.fr\/wp-content\/uploads\/2017\/07\/14-400x400.jpg\" height=\"400\" width=\"400\" alt=\"\" class=\"slider-1435 slide-1449 msDefaultImage\" \/><\/a><\/li>\n            <li style='display: none;' aria-roledescription='slide' aria-labelledby='slide-14'><a href=\"http:\/\/localhost\/lfdt2\/wp-content\/uploads\/2017\/07\/15.jpg\" target=\"_blank\"><img loading=\"lazy\" decoding=\"async\" src=\"http:\/\/lorrylesmetz-histoire.fr\/wp-content\/uploads\/2017\/07\/15-400x400.jpg\" height=\"400\" width=\"400\" alt=\"\" class=\"slider-1435 slide-1450 msDefaultImage\" \/><\/a><\/li>\n            <li style='display: none;' aria-roledescription='slide' aria-labelledby='slide-15'><a href=\"http:\/\/localhost\/lfdt2\/wp-content\/uploads\/2017\/07\/16.jpg\" target=\"_blank\"><img loading=\"lazy\" decoding=\"async\" src=\"http:\/\/lorrylesmetz-histoire.fr\/wp-content\/uploads\/2017\/07\/16-400x400.jpg\" height=\"400\" width=\"400\" alt=\"\" class=\"slider-1435 slide-1451 msDefaultImage\" \/><\/a><\/li>\n            <li style='display: none;' aria-roledescription='slide' aria-labelledby='slide-16'><a href=\"http:\/\/localhost\/lfdt2\/wp-content\/uploads\/2017\/07\/17.jpg\" target=\"_blank\"><img loading=\"lazy\" decoding=\"async\" src=\"http:\/\/lorrylesmetz-histoire.fr\/wp-content\/uploads\/2017\/07\/17-400x400.jpg\" height=\"400\" width=\"400\" alt=\"\" class=\"slider-1435 slide-1452 msDefaultImage\" \/><\/a><\/li>\n        <\/ul>\n        \n    <\/div>\n<\/div><\/p>\n<p style=\"text-align: justify;\">Photos Claudine\u00a0Kester-Elghozi<\/p>\n<p style=\"text-align: justify;\"><a href=\"http:\/\/lorrylesmetz-histoire.fr\/?page_id=738\"><img loading=\"lazy\" decoding=\"async\" class=\"alignnone wp-image-378 size-full\" src=\"http:\/\/lorrylesmetz-histoire.fr\/wp-content\/uploads\/2017\/05\/retour.png?_t=1496249913\" alt=\"\" width=\"89\" height=\"31\" \/><\/a><\/p>\n","protected":false},"excerpt":{"rendered":"<p>28\u00a0avril\u00a02017 Lorry-l\u00e8s-Metz \u00ab\u00a0au fil du temps\u00a0\u00bb \u00e9tait aux archives d\u00e9partementales de la Moselle pour une visite comment\u00e9e de l\u2019exposition \u00ab\u00a0Le sceau, marque de l\u2019Histoire\u00a0\u00bb. Tr\u00e8s aimablement re\u00e7us par Jean-\u00c9ric\u00a0Iung, directeur des archives d\u00e9partementales de la Moselle, ce dernier nous a&hellip; <\/p>\n","protected":false},"author":1,"featured_media":0,"parent":738,"menu_order":4,"comment_status":"closed","ping_status":"closed","template":"","meta":{"_mc_calendar":[],"footnotes":""},"class_list":["post-742","page","type-page","status-publish","hentry"],"_links":{"self":[{"href":"http:\/\/lorrylesmetz-histoire.fr\/index.php?rest_route=\/wp\/v2\/pages\/742","targetHints":{"allow":["GET"]}}],"collection":[{"href":"http:\/\/lorrylesmetz-histoire.fr\/index.php?rest_route=\/wp\/v2\/pages"}],"about":[{"href":"http:\/\/lorrylesmetz-histoire.fr\/index.php?rest_route=\/wp\/v2\/types\/page"}],"author":[{"embeddable":true,"href":"http:\/\/lorrylesmetz-histoire.fr\/index.php?rest_route=\/wp\/v2\/users\/1"}],"replies":[{"embeddable":true,"href":"http:\/\/lorrylesmetz-histoire.fr\/index.php?rest_route=%2Fwp%2Fv2%2Fcomments&post=742"}],"version-history":[{"count":2,"href":"http:\/\/lorrylesmetz-histoire.fr\/index.php?rest_route=\/wp\/v2\/pages\/742\/revisions"}],"predecessor-version":[{"id":2985,"href":"http:\/\/lorrylesmetz-histoire.fr\/index.php?rest_route=\/wp\/v2\/pages\/742\/revisions\/2985"}],"up":[{"embeddable":true,"href":"http:\/\/lorrylesmetz-histoire.fr\/index.php?rest_route=\/wp\/v2\/pages\/738"}],"wp:attachment":[{"href":"http:\/\/lorrylesmetz-histoire.fr\/index.php?rest_route=%2Fwp%2Fv2%2Fmedia&parent=742"}],"curies":[{"name":"wp","href":"https:\/\/api.w.org\/{rel}","templated":true}]}}