{"id":7798,"date":"2024-05-04T08:44:54","date_gmt":"2024-05-04T06:44:54","guid":{"rendered":"http:\/\/lorrylesmetz-histoire.fr\/?page_id=7798"},"modified":"2024-05-04T09:01:58","modified_gmt":"2024-05-04T07:01:58","slug":"plan-relief","status":"publish","type":"page","link":"http:\/\/lorrylesmetz-histoire.fr\/?page_id=7798","title":{"rendered":"Plan relief"},"content":{"rendered":"<h2>27 avril 2024<\/h2>\n<p>Lorry-l\u00e8s-Metz \u00ab au fil du temps \u00bb a \u00e9t\u00e9 admirer au Mus\u00e9e de La Cour d\u2019Or, le superbe plan-relief de la ville de Metz vers 1850, r\u00e9plique de celui qui est aux Invalides.<\/p>\n<p>R\u00e9alis\u00e9 de 1990 \u00e0 1999 par des b\u00e9n\u00e9voles passionn\u00e9s &#8211; Marcel Fran\u00e7ois, Raymond Louis et Bernard Mittelheisser &#8211; il a enfin la place qu\u2019il m\u00e9rite.<\/p>\n<p style=\"text-align: center;\"><div id=\"metaslider-id-7713\" style=\"width: 100%; margin: 0 auto;\" class=\"ml-slider-3-108-0 metaslider metaslider-responsive metaslider-7713 ml-slider has-dots-nav ms-theme-default\" role=\"region\" aria-label=\"Plan relief\" data-height=\"600\" data-width=\"800\">\n    <div id=\"metaslider_container_7713\">\n        <ul id='metaslider_7713' class='rslides'>\n            <li aria-roledescription='slide' aria-labelledby='slide-0'><a href=\"http:\/\/lorrylesmetz-histoire.fr\/wp-content\/uploads\/2024\/05\/P01.jpg\" target=\"_blank\"><img loading=\"lazy\" decoding=\"async\" src=\"http:\/\/lorrylesmetz-histoire.fr\/wp-content\/uploads\/2024\/05\/P01-800x600.jpg\" height=\"600\" width=\"800\" alt=\"\" class=\"slider-7713 slide-7778 msDefaultImage\" title=\"P01\" \/><\/a><\/li>\n            <li style='display: none;' aria-roledescription='slide' aria-labelledby='slide-1'><a href=\"http:\/\/lorrylesmetz-histoire.fr\/wp-content\/uploads\/2024\/05\/P02.jpg\" target=\"_blank\"><img loading=\"lazy\" decoding=\"async\" src=\"http:\/\/lorrylesmetz-histoire.fr\/wp-content\/uploads\/2024\/05\/P02-800x600.jpg\" height=\"600\" width=\"800\" alt=\"\" class=\"slider-7713 slide-7779 msDefaultImage\" title=\"P02\" \/><\/a><\/li>\n            <li style='display: none;' aria-roledescription='slide' aria-labelledby='slide-2'><a href=\"http:\/\/lorrylesmetz-histoire.fr\/wp-content\/uploads\/2024\/05\/P03.jpg\" target=\"_blank\"><img loading=\"lazy\" decoding=\"async\" src=\"http:\/\/lorrylesmetz-histoire.fr\/wp-content\/uploads\/2024\/05\/P03-800x600.jpg\" height=\"600\" width=\"800\" alt=\"\" class=\"slider-7713 slide-7780 msDefaultImage\" title=\"P03\" \/><\/a><\/li>\n            <li style='display: none;' aria-roledescription='slide' aria-labelledby='slide-3'><a href=\"http:\/\/lorrylesmetz-histoire.fr\/wp-content\/uploads\/2024\/05\/P04.jpg\" target=\"_blank\"><img loading=\"lazy\" decoding=\"async\" src=\"http:\/\/lorrylesmetz-histoire.fr\/wp-content\/uploads\/2024\/05\/P21-800x600.jpg\" height=\"600\" width=\"800\" alt=\"\" class=\"slider-7713 slide-7777 msDefaultImage\" title=\"P21\" \/><\/a><\/li>\n            <li style='display: none;' aria-roledescription='slide' aria-labelledby='slide-4'><a href=\"http:\/\/lorrylesmetz-histoire.fr\/wp-content\/uploads\/2024\/05\/P05.jpg\" target=\"_blank\"><img loading=\"lazy\" decoding=\"async\" src=\"http:\/\/lorrylesmetz-histoire.fr\/wp-content\/uploads\/2024\/05\/P05-800x600.jpg\" height=\"600\" width=\"800\" alt=\"\" class=\"slider-7713 slide-7782 msDefaultImage\" title=\"P05\" \/><\/a><\/li>\n            <li style='display: none;' aria-roledescription='slide' aria-labelledby='slide-5'><a href=\"http:\/\/lorrylesmetz-histoire.fr\/wp-content\/uploads\/2024\/05\/P06.jpg\" target=\"_blank\"><img loading=\"lazy\" decoding=\"async\" src=\"http:\/\/lorrylesmetz-histoire.fr\/wp-content\/uploads\/2024\/05\/P06-800x600.jpg\" height=\"600\" width=\"800\" alt=\"\" class=\"slider-7713 slide-7783 msDefaultImage\" title=\"P06\" \/><\/a><\/li>\n            <li style='display: none;' aria-roledescription='slide' aria-labelledby='slide-6'><a href=\"http:\/\/lorrylesmetz-histoire.fr\/wp-content\/uploads\/2024\/05\/P07.jpg\" target=\"_blank\"><img loading=\"lazy\" decoding=\"async\" src=\"http:\/\/lorrylesmetz-histoire.fr\/wp-content\/uploads\/2024\/05\/P07-800x600.jpg\" height=\"600\" width=\"800\" alt=\"\" class=\"slider-7713 slide-7784 msDefaultImage\" title=\"P07\" \/><\/a><\/li>\n            <li style='display: none;' aria-roledescription='slide' aria-labelledby='slide-7'><a href=\"http:\/\/lorrylesmetz-histoire.fr\/wp-content\/uploads\/2024\/05\/P08.jpg\" target=\"_blank\"><img loading=\"lazy\" decoding=\"async\" src=\"http:\/\/lorrylesmetz-histoire.fr\/wp-content\/uploads\/2024\/05\/P08-800x600.jpg\" height=\"600\" width=\"800\" alt=\"\" class=\"slider-7713 slide-7785 msDefaultImage\" title=\"P08\" \/><\/a><\/li>\n            <li style='display: none;' aria-roledescription='slide' aria-labelledby='slide-8'><a href=\"http:\/\/lorrylesmetz-histoire.fr\/wp-content\/uploads\/2024\/05\/P09.jpg\" target=\"_blank\"><img loading=\"lazy\" decoding=\"async\" src=\"http:\/\/lorrylesmetz-histoire.fr\/wp-content\/uploads\/2024\/05\/P09-800x600.jpg\" height=\"600\" width=\"800\" alt=\"\" class=\"slider-7713 slide-7786 msDefaultImage\" title=\"P09\" \/><\/a><\/li>\n            <li style='display: none;' aria-roledescription='slide' aria-labelledby='slide-9'><a href=\"http:\/\/lorrylesmetz-histoire.fr\/wp-content\/uploads\/2024\/05\/P10.jpg\" target=\"_blank\"><img loading=\"lazy\" decoding=\"async\" src=\"http:\/\/lorrylesmetz-histoire.fr\/wp-content\/uploads\/2024\/05\/P10-800x600.jpg\" height=\"600\" width=\"800\" alt=\"\" class=\"slider-7713 slide-7787 msDefaultImage\" title=\"P10\" \/><\/a><\/li>\n            <li style='display: none;' aria-roledescription='slide' aria-labelledby='slide-10'><a href=\"http:\/\/lorrylesmetz-histoire.fr\/wp-content\/uploads\/2024\/05\/P11.jpg\" target=\"_blank\"><img loading=\"lazy\" decoding=\"async\" src=\"http:\/\/lorrylesmetz-histoire.fr\/wp-content\/uploads\/2024\/05\/P11-800x600.jpg\" height=\"600\" width=\"800\" alt=\"\" class=\"slider-7713 slide-7788 msDefaultImage\" title=\"P11\" \/><\/a><\/li>\n            <li style='display: none;' aria-roledescription='slide' aria-labelledby='slide-11'><a href=\"http:\/\/lorrylesmetz-histoire.fr\/wp-content\/uploads\/2024\/05\/P12.jpg\" target=\"_blank\"><img loading=\"lazy\" decoding=\"async\" src=\"http:\/\/lorrylesmetz-histoire.fr\/wp-content\/uploads\/2024\/05\/P12-800x600.jpg\" height=\"600\" width=\"800\" alt=\"\" class=\"slider-7713 slide-7789 msDefaultImage\" title=\"P12\" \/><\/a><\/li>\n            <li style='display: none;' aria-roledescription='slide' aria-labelledby='slide-12'><a href=\"http:\/\/lorrylesmetz-histoire.fr\/wp-content\/uploads\/2024\/05\/P13.jpg\" target=\"_blank\"><img loading=\"lazy\" decoding=\"async\" src=\"http:\/\/lorrylesmetz-histoire.fr\/wp-content\/uploads\/2024\/05\/P13-800x600.jpg\" height=\"600\" width=\"800\" alt=\"\" class=\"slider-7713 slide-7790 msDefaultImage\" title=\"P13\" \/><\/a><\/li>\n            <li style='display: none;' aria-roledescription='slide' aria-labelledby='slide-13'><a href=\"http:\/\/lorrylesmetz-histoire.fr\/wp-content\/uploads\/2024\/05\/P14.jpg\" target=\"_blank\"><img loading=\"lazy\" decoding=\"async\" src=\"http:\/\/lorrylesmetz-histoire.fr\/wp-content\/uploads\/2024\/05\/P14-800x600.jpg\" height=\"600\" width=\"800\" alt=\"\" class=\"slider-7713 slide-7791 msDefaultImage\" title=\"P14\" \/><\/a><\/li>\n            <li style='display: none;' aria-roledescription='slide' aria-labelledby='slide-14'><a href=\"http:\/\/lorrylesmetz-histoire.fr\/wp-content\/uploads\/2024\/05\/P15.jpg\" target=\"_blank\"><img loading=\"lazy\" decoding=\"async\" src=\"http:\/\/lorrylesmetz-histoire.fr\/wp-content\/uploads\/2024\/05\/P15-800x600.jpg\" height=\"600\" width=\"800\" alt=\"\" class=\"slider-7713 slide-7792 msDefaultImage\" title=\"P15\" \/><\/a><\/li>\n            <li style='display: none;' aria-roledescription='slide' aria-labelledby='slide-15'><a href=\"http:\/\/lorrylesmetz-histoire.fr\/wp-content\/uploads\/2024\/05\/P16.jpg\" target=\"_blank\"><img loading=\"lazy\" decoding=\"async\" src=\"http:\/\/lorrylesmetz-histoire.fr\/wp-content\/uploads\/2024\/05\/P16-800x600.jpg\" height=\"600\" width=\"800\" alt=\"\" class=\"slider-7713 slide-7793 msDefaultImage\" title=\"P16\" \/><\/a><\/li>\n            <li style='display: none;' aria-roledescription='slide' aria-labelledby='slide-16'><a href=\"http:\/\/lorrylesmetz-histoire.fr\/wp-content\/uploads\/2024\/05\/P17.jpg\" target=\"_blank\"><img loading=\"lazy\" decoding=\"async\" src=\"http:\/\/lorrylesmetz-histoire.fr\/wp-content\/uploads\/2024\/05\/P17-800x600.jpg\" height=\"600\" width=\"800\" alt=\"\" class=\"slider-7713 slide-7794 msDefaultImage\" title=\"P17\" \/><\/a><\/li>\n            <li style='display: none;' aria-roledescription='slide' aria-labelledby='slide-17'><a href=\"http:\/\/lorrylesmetz-histoire.fr\/wp-content\/uploads\/2024\/05\/P18.jpg\" target=\"_blank\"><img loading=\"lazy\" decoding=\"async\" src=\"http:\/\/lorrylesmetz-histoire.fr\/wp-content\/uploads\/2024\/05\/P18-800x600.jpg\" height=\"600\" width=\"800\" alt=\"\" class=\"slider-7713 slide-7795 msDefaultImage\" title=\"P18\" \/><\/a><\/li>\n            <li style='display: none;' aria-roledescription='slide' aria-labelledby='slide-18'><a href=\"http:\/\/lorrylesmetz-histoire.fr\/wp-content\/uploads\/2024\/05\/P19.jpg\" target=\"_blank\"><img loading=\"lazy\" decoding=\"async\" src=\"http:\/\/lorrylesmetz-histoire.fr\/wp-content\/uploads\/2024\/05\/P19-800x600.jpg\" height=\"600\" width=\"800\" alt=\"\" class=\"slider-7713 slide-7796 msDefaultImage\" title=\"P19\" \/><\/a><\/li>\n            <li style='display: none;' aria-roledescription='slide' aria-labelledby='slide-19'><a href=\"http:\/\/lorrylesmetz-histoire.fr\/wp-content\/uploads\/2024\/05\/P20.jpg\" target=\"_blank\"><img loading=\"lazy\" decoding=\"async\" src=\"http:\/\/lorrylesmetz-histoire.fr\/wp-content\/uploads\/2024\/05\/P20-800x600.jpg\" height=\"600\" width=\"800\" alt=\"\" class=\"slider-7713 slide-7797 msDefaultImage\" title=\"P20\" \/><\/a><\/li>\n            <li style='display: none;' aria-roledescription='slide' aria-labelledby='slide-20'><a href=\"http:\/\/lorrylesmetz-histoire.fr\/wp-content\/uploads\/2024\/05\/P21.jpg\" target=\"_blank\"><img loading=\"lazy\" decoding=\"async\" src=\"http:\/\/lorrylesmetz-histoire.fr\/wp-content\/uploads\/2024\/05\/P21-800x600.jpg\" height=\"600\" width=\"800\" alt=\"\" class=\"slider-7713 slide-7806 msDefaultImage\" title=\"P21\" \/><\/a><\/li>\n        <\/ul>\n        \n    <\/div>\n<\/div><\/p>\n<p>Photos G\u00e9rard Kester et Roger Mariotte<\/p>\n<p><a href=\"http:\/\/lorrylesmetz-histoire.fr\/?page_id=7649\" target=\"_blank\" rel=\"noopener\"><img loading=\"lazy\" decoding=\"async\" class=\"alignnone size-full wp-image-378\" src=\"http:\/\/lorrylesmetz-histoire.fr\/wp-content\/uploads\/2017\/05\/retour.png\" alt=\"\" width=\"89\" height=\"31\" \/><\/a><\/p>\n","protected":false},"excerpt":{"rendered":"<p>27 avril 2024 Lorry-l\u00e8s-Metz \u00ab au fil du temps \u00bb a \u00e9t\u00e9 admirer au Mus\u00e9e de La Cour d\u2019Or, le superbe plan-relief de la ville de Metz vers 1850, r\u00e9plique de celui qui est aux Invalides. R\u00e9alis\u00e9 de 1990 \u00e0&hellip; <\/p>\n","protected":false},"author":1,"featured_media":0,"parent":7649,"menu_order":6,"comment_status":"closed","ping_status":"closed","template":"","meta":{"_mc_calendar":[],"footnotes":""},"class_list":["post-7798","page","type-page","status-publish","hentry"],"_links":{"self":[{"href":"http:\/\/lorrylesmetz-histoire.fr\/index.php?rest_route=\/wp\/v2\/pages\/7798","targetHints":{"allow":["GET"]}}],"collection":[{"href":"http:\/\/lorrylesmetz-histoire.fr\/index.php?rest_route=\/wp\/v2\/pages"}],"about":[{"href":"http:\/\/lorrylesmetz-histoire.fr\/index.php?rest_route=\/wp\/v2\/types\/page"}],"author":[{"embeddable":true,"href":"http:\/\/lorrylesmetz-histoire.fr\/index.php?rest_route=\/wp\/v2\/users\/1"}],"replies":[{"embeddable":true,"href":"http:\/\/lorrylesmetz-histoire.fr\/index.php?rest_route=%2Fwp%2Fv2%2Fcomments&post=7798"}],"version-history":[{"count":3,"href":"http:\/\/lorrylesmetz-histoire.fr\/index.php?rest_route=\/wp\/v2\/pages\/7798\/revisions"}],"predecessor-version":[{"id":7801,"href":"http:\/\/lorrylesmetz-histoire.fr\/index.php?rest_route=\/wp\/v2\/pages\/7798\/revisions\/7801"}],"up":[{"embeddable":true,"href":"http:\/\/lorrylesmetz-histoire.fr\/index.php?rest_route=\/wp\/v2\/pages\/7649"}],"wp:attachment":[{"href":"http:\/\/lorrylesmetz-histoire.fr\/index.php?rest_route=%2Fwp%2Fv2%2Fmedia&parent=7798"}],"curies":[{"name":"wp","href":"https:\/\/api.w.org\/{rel}","templated":true}]}}