{"id":82,"date":"2017-05-23T15:20:57","date_gmt":"2017-05-23T13:20:57","guid":{"rendered":"http:\/\/lorrylesmetz-histoire.fr\/?page_id=82"},"modified":"2024-12-08T08:53:14","modified_gmt":"2024-12-08T07:53:14","slug":"leglise","status":"publish","type":"page","link":"http:\/\/lorrylesmetz-histoire.fr\/?page_id=82","title":{"rendered":"L&rsquo;\u00e9glise"},"content":{"rendered":"<table style=\"border-collapse: collapse; width: 85.9043%;\">\n<tbody>\n<tr>\n<td style=\"width: 65.7534%;\">Pr\u00e9sentation<\/td>\n<td style=\"width: 25.1482%;\"><a href=\"http:\/\/lorrylesmetz-histoire.fr\/?page_id=86\"><img loading=\"lazy\" decoding=\"async\" class=\"alignnone size-full wp-image-683\" src=\"http:\/\/lorrylesmetz-histoire.fr\/wp-content\/uploads\/2017\/05\/voir.png\" alt=\"\" width=\"89\" height=\"31\" \/><\/a><\/td>\n<\/tr>\n<tr>\n<td style=\"width: 65.7534%;\">L\u2019architecture int\u00e9rieure<\/td>\n<td style=\"width: 25.1482%;\"><a href=\"http:\/\/lorrylesmetz-histoire.fr\/?page_id=88\"><img loading=\"lazy\" decoding=\"async\" class=\"alignnone size-full wp-image-683\" src=\"http:\/\/lorrylesmetz-histoire.fr\/wp-content\/uploads\/2017\/05\/voir.png\" alt=\"\" width=\"89\" height=\"31\" \/><\/a><\/td>\n<\/tr>\n<tr>\n<td style=\"width: 65.7534%;\">Le ch\u0153ur et les vitraux<\/td>\n<td style=\"width: 25.1482%;\"><a href=\"http:\/\/lorrylesmetz-histoire.fr\/?page_id=90\"><img loading=\"lazy\" decoding=\"async\" class=\"alignnone size-full wp-image-683\" src=\"http:\/\/lorrylesmetz-histoire.fr\/wp-content\/uploads\/2017\/05\/voir.png\" alt=\"\" width=\"89\" height=\"31\" \/><\/a><\/td>\n<\/tr>\n<tr>\n<td style=\"width: 65.7534%;\">Les \u00e9cussons et les statues<\/td>\n<td style=\"width: 25.1482%;\"><a href=\"http:\/\/lorrylesmetz-histoire.fr\/?page_id=92\"><img loading=\"lazy\" decoding=\"async\" class=\"alignnone size-full wp-image-683\" src=\"http:\/\/lorrylesmetz-histoire.fr\/wp-content\/uploads\/2017\/05\/voir.png\" alt=\"\" width=\"89\" height=\"31\" \/><\/a><\/td>\n<\/tr>\n<tr>\n<td style=\"width: 65.7534%;\">L\u2019orgue et le clocher<\/td>\n<td style=\"width: 25.1482%;\"><a href=\"http:\/\/lorrylesmetz-histoire.fr\/?page_id=94\"><img loading=\"lazy\" decoding=\"async\" class=\"alignnone size-full wp-image-683\" src=\"http:\/\/lorrylesmetz-histoire.fr\/wp-content\/uploads\/2017\/05\/voir.png\" alt=\"\" width=\"89\" height=\"31\" \/><\/a><\/td>\n<\/tr>\n<tr>\n<td style=\"width: 65.7534%;\">L\u2019horloge et les cloches<\/td>\n<td style=\"width: 25.1482%;\"><a href=\"http:\/\/lorrylesmetz-histoire.fr\/?page_id=96\"><img loading=\"lazy\" decoding=\"async\" class=\"alignnone size-full wp-image-683\" src=\"http:\/\/lorrylesmetz-histoire.fr\/wp-content\/uploads\/2017\/05\/voir.png\" alt=\"\" width=\"89\" height=\"31\" \/><\/a><\/td>\n<\/tr>\n<\/tbody>\n<\/table>\n<p>&nbsp;<\/p>\n","protected":false},"excerpt":{"rendered":"<p>Pr\u00e9sentation L\u2019architecture int\u00e9rieure Le ch\u0153ur et les vitraux Les \u00e9cussons et les statues L\u2019orgue et le clocher L\u2019horloge et les cloches &nbsp;<\/p>\n","protected":false},"author":1,"featured_media":0,"parent":80,"menu_order":1,"comment_status":"closed","ping_status":"closed","template":"","meta":{"_mc_calendar":[],"footnotes":""},"class_list":["post-82","page","type-page","status-publish","hentry"],"_links":{"self":[{"href":"http:\/\/lorrylesmetz-histoire.fr\/index.php?rest_route=\/wp\/v2\/pages\/82","targetHints":{"allow":["GET"]}}],"collection":[{"href":"http:\/\/lorrylesmetz-histoire.fr\/index.php?rest_route=\/wp\/v2\/pages"}],"about":[{"href":"http:\/\/lorrylesmetz-histoire.fr\/index.php?rest_route=\/wp\/v2\/types\/page"}],"author":[{"embeddable":true,"href":"http:\/\/lorrylesmetz-histoire.fr\/index.php?rest_route=\/wp\/v2\/users\/1"}],"replies":[{"embeddable":true,"href":"http:\/\/lorrylesmetz-histoire.fr\/index.php?rest_route=%2Fwp%2Fv2%2Fcomments&post=82"}],"version-history":[{"count":7,"href":"http:\/\/lorrylesmetz-histoire.fr\/index.php?rest_route=\/wp\/v2\/pages\/82\/revisions"}],"predecessor-version":[{"id":8612,"href":"http:\/\/lorrylesmetz-histoire.fr\/index.php?rest_route=\/wp\/v2\/pages\/82\/revisions\/8612"}],"up":[{"embeddable":true,"href":"http:\/\/lorrylesmetz-histoire.fr\/index.php?rest_route=\/wp\/v2\/pages\/80"}],"wp:attachment":[{"href":"http:\/\/lorrylesmetz-histoire.fr\/index.php?rest_route=%2Fwp%2Fv2%2Fmedia&parent=82"}],"curies":[{"name":"wp","href":"https:\/\/api.w.org\/{rel}","templated":true}]}}