{"id":8418,"date":"2024-12-03T10:50:23","date_gmt":"2024-12-03T09:50:23","guid":{"rendered":"http:\/\/lorrylesmetz-histoire.fr\/?page_id=8418"},"modified":"2024-12-03T10:53:09","modified_gmt":"2024-12-03T09:53:09","slug":"liberation-de-metz","status":"publish","type":"page","link":"http:\/\/lorrylesmetz-histoire.fr\/?page_id=8418","title":{"rendered":"Lib\u00e9ration de Metz"},"content":{"rendered":"<h2>22\u00a0novembre\u00a02024<\/h2>\n<p>Lorry-l\u00e8s-Metz \u00ab\u00a0au fil du temps\u00a0\u00bb \u00e9tait pr\u00e9sent lors des manifestations patriotiques organis\u00e9es par la ville de Metz pour le 80<sup>e<\/sup>\u00a0anniversaire de la Lib\u00e9ration.<\/p>\n<p>Le pr\u00e9sident a assist\u00e9 au d\u00e9p\u00f4t de gerbes au monument de l\u2019Aigle chauve d\u00e9di\u00e9 aux combattants de la 95<sup>e<\/sup>\u00a0Division d\u2019Infanterie, devant une importante d\u00e9l\u00e9gation d\u2019officiels, plusieurs d\u00e9tachements de soldats parmi lesquels celui de la musique militaire, des scolaires et un public venus en nombre malgr\u00e9 les conditions hivernales.<\/p>\n<p>Jean-Luc\u00a0Baudinet a eu le plaisir de retrouver son vieil ami Ceo Bauer dont il avait facilit\u00e9 d\u00e8s 1985 une premi\u00e8re visite sur les anciens lieux de combats en compagnie de son ami Stephen\u00a0Bodnar.<\/p>\n<p>Seul v\u00e9t\u00e9ran \u00e0 avoir fait le d\u00e9placement pour repr\u00e9senter ses rares camarades survivants, Ceo a \u00e9t\u00e9 enchant\u00e9 de revoir le pr\u00e9sident de l\u2019association qui lui a remis sur une cl\u00e9 USB le contenu de la conf\u00e9rence qu\u2019il a pr\u00e9sent\u00e9e lors du Salon du livre d\u2019histoire de Woippy, dans laquelle il incarnait son personnage et racontait son \u00e9pop\u00e9e lorraine.<\/p>\n<p>Les comm\u00e9morations se sont poursuivies sur la Place d\u2019Armes avec les discours respectifs de M.\u00a0Fran\u00e7ois\u00a0Grosdidier, maire de Metz, M. Patrick Weiten, pr\u00e9sident du Conseil d\u00e9partemental de la Moselle et M.\u00a0Jean-Louis\u00a0Thi\u00e9riot, ministre d\u00e9l\u00e9gu\u00e9 aux Arm\u00e9es et aux anciens combattants, en pr\u00e9sence du colonel Gabriel\u00a0Chinchilla de l\u2019arm\u00e9e am\u00e9ricaine.<\/p>\n<p>Le ministre s\u2019est ensuite rendu Place de France pour inaugurer la nouvelle Maison r\u00e9gionale de la M\u00e9moire du Souvenir fran\u00e7ais, drap\u00e9e de lumi\u00e8res aux couleurs nationales. Les discours \u00e9taient relay\u00e9s par sono jusque dans l\u2019\u00e9glise Saint-Simon\u2013Saint-Jude qui abritait la nombreuse assistance dans l\u2019attente d\u2019une visite par petits groupes de l\u2019espace de 300 m<sup>2<\/sup>, qui abrite pour quelques semaines une belle exposition \u00ab Entre ombre et lumi\u00e8re \u2013 Les compagnons de la Lib\u00e9ration du Grand Est \u00bb.<\/p>\n<div id=\"metaslider-id-8406\" style=\"width: 100%;\" class=\"ml-slider-3-108-0 metaslider metaslider-flex metaslider-8406 ml-slider has-dots-nav ms-theme-default-base\" role=\"region\" aria-label=\"Lib\u00e9ration Metz\" data-height=\"300\" data-width=\"700\">\n    <div id=\"metaslider_container_8406\">\n        <div id=\"metaslider_8406\">\n            <ul class='slides'>\n                <li style=\"display: block; width: 100%;\" class=\"slide-8407 ms-image \" aria-roledescription=\"slide\" data-date=\"2024-12-03 10:47:34\" data-filename=\"F01-480x205.jpg\" data-slide-type=\"image\"><a href=\"http:\/\/lorrylesmetz-histoire.fr\/wp-content\/uploads\/2024\/12\/F01.jpg\" target=\"_blank\" aria-label=\"Voir les d\u00e9tails de la diapositive\" class=\"metaslider_image_link\"><img loading=\"lazy\" decoding=\"async\" src=\"http:\/\/lorrylesmetz-histoire.fr\/wp-content\/uploads\/2024\/12\/F01-480x205.jpg\" height=\"300\" width=\"700\" alt=\"\" class=\"slider-8406 slide-8407 msDefaultImage\" title=\"F01\" \/><\/a><\/li>\n                <li style=\"display: none; width: 100%;\" class=\"slide-8408 ms-image \" aria-roledescription=\"slide\" data-date=\"2024-12-03 10:47:34\" data-filename=\"F02-360x154.jpg\" data-slide-type=\"image\"><a href=\"http:\/\/lorrylesmetz-histoire.fr\/wp-content\/uploads\/2024\/12\/F02.jpg\" target=\"_blank\" aria-label=\"Voir les d\u00e9tails de la diapositive\" class=\"metaslider_image_link\"><img loading=\"lazy\" decoding=\"async\" src=\"http:\/\/lorrylesmetz-histoire.fr\/wp-content\/uploads\/2024\/12\/F02-360x154.jpg\" height=\"300\" width=\"700\" alt=\"\" class=\"slider-8406 slide-8408 msDefaultImage\" title=\"F02\" \/><\/a><\/li>\n                <li style=\"display: none; width: 100%;\" class=\"slide-8409 ms-image \" aria-roledescription=\"slide\" data-date=\"2024-12-03 10:47:34\" data-filename=\"F03-360x154.jpg\" data-slide-type=\"image\"><a href=\"http:\/\/lorrylesmetz-histoire.fr\/wp-content\/uploads\/2024\/12\/F03.jpg\" target=\"_blank\" aria-label=\"Voir les d\u00e9tails de la diapositive\" class=\"metaslider_image_link\"><img loading=\"lazy\" decoding=\"async\" src=\"http:\/\/lorrylesmetz-histoire.fr\/wp-content\/uploads\/2024\/12\/F03-360x154.jpg\" height=\"300\" width=\"700\" alt=\"\" class=\"slider-8406 slide-8409 msDefaultImage\" title=\"F03\" \/><\/a><\/li>\n                <li style=\"display: none; width: 100%;\" class=\"slide-8410 ms-image \" aria-roledescription=\"slide\" data-date=\"2024-12-03 10:47:35\" data-filename=\"F04-640x274.jpg\" data-slide-type=\"image\"><a href=\"http:\/\/lorrylesmetz-histoire.fr\/wp-content\/uploads\/2024\/12\/F04.jpg\" target=\"_blank\" aria-label=\"Voir les d\u00e9tails de la diapositive\" class=\"metaslider_image_link\"><img loading=\"lazy\" decoding=\"async\" src=\"http:\/\/lorrylesmetz-histoire.fr\/wp-content\/uploads\/2024\/12\/F04-640x274.jpg\" height=\"300\" width=\"700\" alt=\"\" class=\"slider-8406 slide-8410 msDefaultImage\" title=\"F04\" \/><\/a><\/li>\n                <li style=\"display: none; width: 100%;\" class=\"slide-8411 ms-image \" aria-roledescription=\"slide\" data-date=\"2024-12-03 10:47:35\" data-filename=\"F05-240x102.jpg\" data-slide-type=\"image\"><a href=\"http:\/\/lorrylesmetz-histoire.fr\/wp-content\/uploads\/2024\/12\/F05.jpg\" target=\"_blank\" aria-label=\"Voir les d\u00e9tails de la diapositive\" class=\"metaslider_image_link\"><img loading=\"lazy\" decoding=\"async\" src=\"http:\/\/lorrylesmetz-histoire.fr\/wp-content\/uploads\/2024\/12\/F05-240x102.jpg\" height=\"300\" width=\"700\" alt=\"\" class=\"slider-8406 slide-8411 msDefaultImage\" title=\"F05\" \/><\/a><\/li>\n                <li style=\"display: none; width: 100%;\" class=\"slide-8412 ms-image \" aria-roledescription=\"slide\" data-date=\"2024-12-03 10:47:35\" data-filename=\"F06-320x137.jpg\" data-slide-type=\"image\"><a href=\"http:\/\/lorrylesmetz-histoire.fr\/wp-content\/uploads\/2024\/12\/F06.jpg\" target=\"_blank\" aria-label=\"Voir les d\u00e9tails de la diapositive\" class=\"metaslider_image_link\"><img loading=\"lazy\" decoding=\"async\" src=\"http:\/\/lorrylesmetz-histoire.fr\/wp-content\/uploads\/2024\/12\/F06-320x137.jpg\" height=\"300\" width=\"700\" alt=\"\" class=\"slider-8406 slide-8412 msDefaultImage\" title=\"F06\" \/><\/a><\/li>\n                <li style=\"display: none; width: 100%;\" class=\"slide-8413 ms-image \" aria-roledescription=\"slide\" data-date=\"2024-12-03 10:47:35\" data-filename=\"F07-320x137.jpg\" data-slide-type=\"image\"><a href=\"http:\/\/lorrylesmetz-histoire.fr\/wp-content\/uploads\/2024\/12\/F07.jpg\" target=\"_blank\" aria-label=\"Voir les d\u00e9tails de la diapositive\" class=\"metaslider_image_link\"><img loading=\"lazy\" decoding=\"async\" src=\"http:\/\/lorrylesmetz-histoire.fr\/wp-content\/uploads\/2024\/12\/F07-320x137.jpg\" height=\"300\" width=\"700\" alt=\"\" class=\"slider-8406 slide-8413 msDefaultImage\" title=\"F07\" \/><\/a><\/li>\n                <li style=\"display: none; width: 100%;\" class=\"slide-8414 ms-image \" aria-roledescription=\"slide\" data-date=\"2024-12-03 10:47:35\" data-filename=\"F08-320x137.jpg\" data-slide-type=\"image\"><a href=\"http:\/\/lorrylesmetz-histoire.fr\/wp-content\/uploads\/2024\/12\/F08.jpg\" target=\"_blank\" aria-label=\"Voir les d\u00e9tails de la diapositive\" class=\"metaslider_image_link\"><img loading=\"lazy\" decoding=\"async\" src=\"http:\/\/lorrylesmetz-histoire.fr\/wp-content\/uploads\/2024\/12\/F08-320x137.jpg\" height=\"300\" width=\"700\" alt=\"\" class=\"slider-8406 slide-8414 msDefaultImage\" title=\"F08\" \/><\/a><\/li>\n                <li style=\"display: none; width: 100%;\" class=\"slide-8415 ms-image \" aria-roledescription=\"slide\" data-date=\"2024-12-03 10:47:35\" data-filename=\"F09-320x137.jpg\" data-slide-type=\"image\"><a href=\"http:\/\/lorrylesmetz-histoire.fr\/wp-content\/uploads\/2024\/12\/F09.jpg\" target=\"_blank\" aria-label=\"Voir les d\u00e9tails de la diapositive\" class=\"metaslider_image_link\"><img loading=\"lazy\" decoding=\"async\" src=\"http:\/\/lorrylesmetz-histoire.fr\/wp-content\/uploads\/2024\/12\/F09-320x137.jpg\" height=\"300\" width=\"700\" alt=\"\" class=\"slider-8406 slide-8415 msDefaultImage\" title=\"F09\" \/><\/a><\/li>\n                <li style=\"display: none; width: 100%;\" class=\"slide-8416 ms-image \" aria-roledescription=\"slide\" data-date=\"2024-12-03 10:47:35\" data-filename=\"F10-480x205.jpg\" data-slide-type=\"image\"><a href=\"http:\/\/lorrylesmetz-histoire.fr\/wp-content\/uploads\/2024\/12\/F10.jpg\" target=\"_blank\" aria-label=\"Voir les d\u00e9tails de la diapositive\" class=\"metaslider_image_link\"><img loading=\"lazy\" decoding=\"async\" src=\"http:\/\/lorrylesmetz-histoire.fr\/wp-content\/uploads\/2024\/12\/F10-480x205.jpg\" height=\"300\" width=\"700\" alt=\"\" class=\"slider-8406 slide-8416 msDefaultImage\" title=\"F10\" \/><\/a><\/li>\n                <li style=\"display: none; width: 100%;\" class=\"slide-8417 ms-image \" aria-roledescription=\"slide\" data-date=\"2024-12-03 10:47:35\" data-filename=\"F11-240x102.jpg\" data-slide-type=\"image\"><a href=\"http:\/\/lorrylesmetz-histoire.fr\/wp-content\/uploads\/2024\/12\/F11.jpg\" target=\"_blank\" aria-label=\"Voir les d\u00e9tails de la diapositive\" class=\"metaslider_image_link\"><img loading=\"lazy\" decoding=\"async\" src=\"http:\/\/lorrylesmetz-histoire.fr\/wp-content\/uploads\/2024\/12\/F11-240x102.jpg\" height=\"300\" width=\"700\" alt=\"\" class=\"slider-8406 slide-8417 msDefaultImage\" title=\"F11\" \/><\/a><\/li>\n            <\/ul>\n        <\/div>\n        \n    <\/div>\n<\/div>\n<p>Photos Jean-Luc\u00a0Baudinet<\/p>\n<p><a href=\"http:\/\/lorrylesmetz-histoire.fr\/?page_id=7846\"><img loading=\"lazy\" decoding=\"async\" class=\"alignnone size-full wp-image-378\" src=\"http:\/\/lorrylesmetz-histoire.fr\/wp-content\/uploads\/2017\/05\/retour.png\" alt=\"\" width=\"89\" height=\"31\" \/><\/a><\/p>\n","protected":false},"excerpt":{"rendered":"<p>22\u00a0novembre\u00a02024 Lorry-l\u00e8s-Metz \u00ab\u00a0au fil du temps\u00a0\u00bb \u00e9tait pr\u00e9sent lors des manifestations patriotiques organis\u00e9es par la ville de Metz pour le 80e\u00a0anniversaire de la Lib\u00e9ration. Le pr\u00e9sident a assist\u00e9 au d\u00e9p\u00f4t de gerbes au monument de l\u2019Aigle chauve d\u00e9di\u00e9 aux combattants&hellip; <\/p>\n","protected":false},"author":1,"featured_media":0,"parent":7846,"menu_order":1,"comment_status":"closed","ping_status":"closed","template":"","meta":{"_mc_calendar":[],"footnotes":""},"class_list":["post-8418","page","type-page","status-publish","hentry"],"_links":{"self":[{"href":"http:\/\/lorrylesmetz-histoire.fr\/index.php?rest_route=\/wp\/v2\/pages\/8418","targetHints":{"allow":["GET"]}}],"collection":[{"href":"http:\/\/lorrylesmetz-histoire.fr\/index.php?rest_route=\/wp\/v2\/pages"}],"about":[{"href":"http:\/\/lorrylesmetz-histoire.fr\/index.php?rest_route=\/wp\/v2\/types\/page"}],"author":[{"embeddable":true,"href":"http:\/\/lorrylesmetz-histoire.fr\/index.php?rest_route=\/wp\/v2\/users\/1"}],"replies":[{"embeddable":true,"href":"http:\/\/lorrylesmetz-histoire.fr\/index.php?rest_route=%2Fwp%2Fv2%2Fcomments&post=8418"}],"version-history":[{"count":3,"href":"http:\/\/lorrylesmetz-histoire.fr\/index.php?rest_route=\/wp\/v2\/pages\/8418\/revisions"}],"predecessor-version":[{"id":8421,"href":"http:\/\/lorrylesmetz-histoire.fr\/index.php?rest_route=\/wp\/v2\/pages\/8418\/revisions\/8421"}],"up":[{"embeddable":true,"href":"http:\/\/lorrylesmetz-histoire.fr\/index.php?rest_route=\/wp\/v2\/pages\/7846"}],"wp:attachment":[{"href":"http:\/\/lorrylesmetz-histoire.fr\/index.php?rest_route=%2Fwp%2Fv2%2Fmedia&parent=8418"}],"curies":[{"name":"wp","href":"https:\/\/api.w.org\/{rel}","templated":true}]}}

Libération de Metz

<h2>22 novembre 2024</h2>
<p>Lorry-lès-Metz « au fil du temps » était présent lors des manifestations patriotiques organisées par la ville de Metz pour le 80<sup>e</sup> anniversaire de la Libération.</p>
<p>Le président a assisté au dépôt de gerbes au monument de l’Aigle chauve dédié aux combattants de la 95<sup>e</sup> Division d’Infanterie, devant une importante délégation d’officiels, plusieurs détachements de soldats parmi lesquels celui de la musique militaire, des scolaires et un public venus en nombre malgré les conditions hivernales.</p>
<p>Jean-Luc Baudinet a eu le plaisir de retrouver son vieil ami Ceo Bauer dont il avait facilité dès 1985 une première visite sur les anciens lieux de combats en compagnie de son ami Stephen Bodnar.</p>
<p>Seul vétéran à avoir fait le déplacement pour représenter ses rares camarades survivants, Ceo a été enchanté de revoir le président de l’association qui lui a remis sur une clé USB le contenu de la conférence qu’il a présentée lors du Salon du livre d’histoire de Woippy, dans laquelle il incarnait son personnage et racontait son épopée lorraine.</p>
<p>Les commémorations se sont poursuivies sur la Place d’Armes avec les discours respectifs de M. François Grosdidier, maire de Metz, M. Patrick Weiten, président du Conseil départemental de la Moselle et M. Jean-Louis Thiériot, ministre délégué aux Armées et aux anciens combattants, en présence du colonel Gabriel Chinchilla de l’armée américaine.</p>
<p>Le ministre s’est ensuite rendu Place de France pour inaugurer la nouvelle Maison régionale de la Mémoire du Souvenir français, drapée de lumières aux couleurs nationales. Les discours étaient relayés par sono jusque dans l’église Saint-Simon–Saint-Jude qui abritait la nombreuse assistance dans l’attente d’une visite par petits groupes de l’espace de 300 m<sup>2</sup>, qui abrite pour quelques semaines une belle exposition « Entre ombre et lumière – Les compagnons de la Libération du Grand Est ».</p>
<div id="metaslider-id-8406" style="width: 100%;" class="ml-slider-3-108-0 metaslider metaslider-flex metaslider-8406 ml-slider has-dots-nav ms-theme-default-base" role="region" aria-label="Libération Metz" data-height="300" data-width="700">
    <div id="metaslider_container_8406">
        <div id="metaslider_8406">
            <ul class='slides'>
                <li style="display: block; width: 100%;" class="slide-8407 ms-image " aria-roledescription="slide" data-date="2024-12-03 10:47:34" data-filename="F01-480x205.jpg" data-slide-type="image"><a href="http://lorrylesmetz-histoire.fr/wp-content/uploads/2024/12/F01.jpg" target="_blank" aria-label="Voir les détails de la diapositive" class="metaslider_image_link"><img loading="lazy" decoding="async" src="http://lorrylesmetz-histoire.fr/wp-content/uploads/2024/12/F01-480x205.jpg" height="300" width="700" alt="" class="slider-8406 slide-8407 msDefaultImage" title="F01" /></a></li>
                <li style="display: none; width: 100%;" class="slide-8408 ms-image " aria-roledescription="slide" data-date="2024-12-03 10:47:34" data-filename="F02-360x154.jpg" data-slide-type="image"><a href="http://lorrylesmetz-histoire.fr/wp-content/uploads/2024/12/F02.jpg" target="_blank" aria-label="Voir les détails de la diapositive" class="metaslider_image_link"><img loading="lazy" decoding="async" src="http://lorrylesmetz-histoire.fr/wp-content/uploads/2024/12/F02-360x154.jpg" height="300" width="700" alt="" class="slider-8406 slide-8408 msDefaultImage" title="F02" /></a></li>
                <li style="display: none; width: 100%;" class="slide-8409 ms-image " aria-roledescription="slide" data-date="2024-12-03 10:47:34" data-filename="F03-360x154.jpg" data-slide-type="image"><a href="http://lorrylesmetz-histoire.fr/wp-content/uploads/2024/12/F03.jpg" target="_blank" aria-label="Voir les détails de la diapositive" class="metaslider_image_link"><img loading="lazy" decoding="async" src="http://lorrylesmetz-histoire.fr/wp-content/uploads/2024/12/F03-360x154.jpg" height="300" width="700" alt="" class="slider-8406 slide-8409 msDefaultImage" title="F03" /></a></li>
                <li style="display: none; width: 100%;" class="slide-8410 ms-image " aria-roledescription="slide" data-date="2024-12-03 10:47:35" data-filename="F04-640x274.jpg" data-slide-type="image"><a href="http://lorrylesmetz-histoire.fr/wp-content/uploads/2024/12/F04.jpg" target="_blank" aria-label="Voir les détails de la diapositive" class="metaslider_image_link"><img loading="lazy" decoding="async" src="http://lorrylesmetz-histoire.fr/wp-content/uploads/2024/12/F04-640x274.jpg" height="300" width="700" alt="" class="slider-8406 slide-8410 msDefaultImage" title="F04" /></a></li>
                <li style="display: none; width: 100%;" class="slide-8411 ms-image " aria-roledescription="slide" data-date="2024-12-03 10:47:35" data-filename="F05-240x102.jpg" data-slide-type="image"><a href="http://lorrylesmetz-histoire.fr/wp-content/uploads/2024/12/F05.jpg" target="_blank" aria-label="Voir les détails de la diapositive" class="metaslider_image_link"><img loading="lazy" decoding="async" src="http://lorrylesmetz-histoire.fr/wp-content/uploads/2024/12/F05-240x102.jpg" height="300" width="700" alt="" class="slider-8406 slide-8411 msDefaultImage" title="F05" /></a></li>
                <li style="display: none; width: 100%;" class="slide-8412 ms-image " aria-roledescription="slide" data-date="2024-12-03 10:47:35" data-filename="F06-320x137.jpg" data-slide-type="image"><a href="http://lorrylesmetz-histoire.fr/wp-content/uploads/2024/12/F06.jpg" target="_blank" aria-label="Voir les détails de la diapositive" class="metaslider_image_link"><img loading="lazy" decoding="async" src="http://lorrylesmetz-histoire.fr/wp-content/uploads/2024/12/F06-320x137.jpg" height="300" width="700" alt="" class="slider-8406 slide-8412 msDefaultImage" title="F06" /></a></li>
                <li style="display: none; width: 100%;" class="slide-8413 ms-image " aria-roledescription="slide" data-date="2024-12-03 10:47:35" data-filename="F07-320x137.jpg" data-slide-type="image"><a href="http://lorrylesmetz-histoire.fr/wp-content/uploads/2024/12/F07.jpg" target="_blank" aria-label="Voir les détails de la diapositive" class="metaslider_image_link"><img loading="lazy" decoding="async" src="http://lorrylesmetz-histoire.fr/wp-content/uploads/2024/12/F07-320x137.jpg" height="300" width="700" alt="" class="slider-8406 slide-8413 msDefaultImage" title="F07" /></a></li>
                <li style="display: none; width: 100%;" class="slide-8414 ms-image " aria-roledescription="slide" data-date="2024-12-03 10:47:35" data-filename="F08-320x137.jpg" data-slide-type="image"><a href="http://lorrylesmetz-histoire.fr/wp-content/uploads/2024/12/F08.jpg" target="_blank" aria-label="Voir les détails de la diapositive" class="metaslider_image_link"><img loading="lazy" decoding="async" src="http://lorrylesmetz-histoire.fr/wp-content/uploads/2024/12/F08-320x137.jpg" height="300" width="700" alt="" class="slider-8406 slide-8414 msDefaultImage" title="F08" /></a></li>
                <li style="display: none; width: 100%;" class="slide-8415 ms-image " aria-roledescription="slide" data-date="2024-12-03 10:47:35" data-filename="F09-320x137.jpg" data-slide-type="image"><a href="http://lorrylesmetz-histoire.fr/wp-content/uploads/2024/12/F09.jpg" target="_blank" aria-label="Voir les détails de la diapositive" class="metaslider_image_link"><img loading="lazy" decoding="async" src="http://lorrylesmetz-histoire.fr/wp-content/uploads/2024/12/F09-320x137.jpg" height="300" width="700" alt="" class="slider-8406 slide-8415 msDefaultImage" title="F09" /></a></li>
                <li style="display: none; width: 100%;" class="slide-8416 ms-image " aria-roledescription="slide" data-date="2024-12-03 10:47:35" data-filename="F10-480x205.jpg" data-slide-type="image"><a href="http://lorrylesmetz-histoire.fr/wp-content/uploads/2024/12/F10.jpg" target="_blank" aria-label="Voir les détails de la diapositive" class="metaslider_image_link"><img loading="lazy" decoding="async" src="http://lorrylesmetz-histoire.fr/wp-content/uploads/2024/12/F10-480x205.jpg" height="300" width="700" alt="" class="slider-8406 slide-8416 msDefaultImage" title="F10" /></a></li>
                <li style="display: none; width: 100%;" class="slide-8417 ms-image " aria-roledescription="slide" data-date="2024-12-03 10:47:35" data-filename="F11-240x102.jpg" data-slide-type="image"><a href="http://lorrylesmetz-histoire.fr/wp-content/uploads/2024/12/F11.jpg" target="_blank" aria-label="Voir les détails de la diapositive" class="metaslider_image_link"><img loading="lazy" decoding="async" src="http://lorrylesmetz-histoire.fr/wp-content/uploads/2024/12/F11-240x102.jpg" height="300" width="700" alt="" class="slider-8406 slide-8417 msDefaultImage" title="F11" /></a></li>
            </ul>
        </div>
        
    </div>
</div>
<p>Photos Jean-Luc Baudinet</p>
<p><a href="http://lorrylesmetz-histoire.fr/?page_id=7846"><img loading="lazy" decoding="async" class="alignnone size-full wp-image-378" src="http://lorrylesmetz-histoire.fr/wp-content/uploads/2017/05/retour.png" alt="" width="89" height="31" /></a></p>

<p>22 novembre 2024 Lorry-lès-Metz « au fil du temps » était présent lors des manifestations patriotiques organisées par la ville de Metz pour le 80e anniversaire de la Libération. Le président a assisté au dépôt de gerbes au monument de l’Aigle chauve dédié aux combattants&hellip; </p>
