{"id":8724,"date":"2025-03-21T09:43:45","date_gmt":"2025-03-21T08:43:45","guid":{"rendered":"http:\/\/lorrylesmetz-histoire.fr\/?page_id=8724"},"modified":"2025-03-21T09:53:37","modified_gmt":"2025-03-21T08:53:37","slug":"festival-des-arts","status":"publish","type":"page","link":"http:\/\/lorrylesmetz-histoire.fr\/?page_id=8724","title":{"rendered":"Festival des arts"},"content":{"rendered":"<h2>29 juin 2024<\/h2>\n<p>Dix-neuf de nos membres de Lorry-l\u00e8s-Metz \u00ab au fil du temps\u00a0\u00bb \u00e9taient pr\u00e9sents \u00e0 l\u2019Espace Philippe-de-Vigneulles pour assister \u00e0 une pi\u00e8ce de th\u00e9\u00e2tre pr\u00e9sent\u00e9e par l\u2019Aldam dans le cadre du Festival des Arts. Nous avons pu appr\u00e9cier la qualit\u00e9 du travail d\u2019\u00e9criture du sc\u00e9nario inspir\u00e9 des rencontres avec notre association, ainsi que les textes et les d\u00e9cors r\u00e9alis\u00e9s en peu de temps par les \u00e9l\u00e8ves de la classe de th\u00e9\u00e2tre dirig\u00e9e par Esther Grillat. Autour du th\u00e8me \u00ab Retour vers le futur \u00bb, la mise en sc\u00e8ne des aventures de 2 jeunes Lorriots utilisant une machine \u00e0 remonter le temps, s\u2019est librement inspir\u00e9e du v\u00e9cu de quelques habitants durant la p\u00e9riode de l\u2019annexion allemande. Le jeu des 9 acteurs \u00e2g\u00e9s de 6 \u00e0 14 ans a \u00e9t\u00e9 compl\u00e9t\u00e9 par les t\u00e9moignages vid\u00e9o et audio de Maurice Vigneron, Gis\u00e8le Guthmuller, et Anne-Marie Cholley. Patricia Lallier a mis la metteuse en sc\u00e8ne en relation avec les Anciens du village pour les r\u00e9cits, Claudine Kester-Elghozi et G\u00e9rard Kester ont eu plaisir \u00e0 accompagner le projet lors de la relecture du sc\u00e9nario et de la mise \u00e0 disposition de photos anciennes. Charles Scherer, le pr\u00e9sident de l\u2019Aldam, et Esther Grillat ont salu\u00e9 le partenariat avec notre association. Un grand merci pour ce moment agr\u00e9able et nos f\u00e9licitations \u00e0 toutes et tous\u202f!<\/p>\n<div id=\"metaslider-id-8706\" style=\"width: 100%;\" class=\"ml-slider-3-108-0 metaslider metaslider-flex metaslider-8706 ml-slider has-dots-nav ms-theme-default-base\" role=\"region\" aria-label=\"Festival des arts 2024\" data-height=\"300\" data-width=\"700\">\n    <div id=\"metaslider_container_8706\">\n        <div id=\"metaslider_8706\">\n            <ul class='slides'>\n                <li style=\"display: block; width: 100%;\" class=\"slide-8707 ms-image \" aria-roledescription=\"slide\" data-date=\"2025-03-21 09:32:56\" data-filename=\"C01-scaled-700x300.jpg\" data-slide-type=\"image\"><a href=\"http:\/\/lorrylesmetz-histoire.fr\/wp-content\/uploads\/2025\/03\/C01-scaled.jpg\" target=\"_blank\" aria-label=\"Voir les d\u00e9tails de la diapositive\" class=\"metaslider_image_link\"><img loading=\"lazy\" decoding=\"async\" src=\"http:\/\/lorrylesmetz-histoire.fr\/wp-content\/uploads\/2025\/03\/C01-scaled-700x300.jpg\" height=\"300\" width=\"700\" alt=\"\" class=\"slider-8706 slide-8707 msDefaultImage\" title=\"C01\" \/><\/a><\/li>\n                <li style=\"display: none; width: 100%;\" class=\"slide-8708 ms-image \" aria-roledescription=\"slide\" data-date=\"2025-03-21 09:32:56\" data-filename=\"C02-scaled-700x300.jpg\" data-slide-type=\"image\"><a href=\"http:\/\/lorrylesmetz-histoire.fr\/wp-content\/uploads\/2025\/03\/C02-scaled.jpg\" target=\"_blank\" aria-label=\"Voir les d\u00e9tails de la diapositive\" class=\"metaslider_image_link\"><img loading=\"lazy\" decoding=\"async\" src=\"http:\/\/lorrylesmetz-histoire.fr\/wp-content\/uploads\/2025\/03\/C02-scaled-700x300.jpg\" height=\"300\" width=\"700\" alt=\"\" class=\"slider-8706 slide-8708 msDefaultImage\" title=\"C02\" \/><\/a><\/li>\n                <li style=\"display: none; width: 100%;\" class=\"slide-8709 ms-image \" aria-roledescription=\"slide\" data-date=\"2025-03-21 09:32:56\" data-filename=\"C03-700x300.jpg\" data-slide-type=\"image\"><a href=\"http:\/\/lorrylesmetz-histoire.fr\/wp-content\/uploads\/2025\/03\/C03..jpg\" target=\"_blank\" aria-label=\"Voir les d\u00e9tails de la diapositive\" class=\"metaslider_image_link\"><img loading=\"lazy\" decoding=\"async\" src=\"http:\/\/lorrylesmetz-histoire.fr\/wp-content\/uploads\/2025\/03\/C03-700x300.jpg\" height=\"300\" width=\"700\" alt=\"\" class=\"slider-8706 slide-8709 msDefaultImage\" title=\"C03\" \/><\/a><\/li>\n                <li style=\"display: none; width: 100%;\" class=\"slide-8710 ms-image \" aria-roledescription=\"slide\" data-date=\"2025-03-21 09:32:56\" data-filename=\"C04-700x300.jpg\" data-slide-type=\"image\"><a href=\"http:\/\/lorrylesmetz-histoire.fr\/wp-content\/uploads\/2025\/03\/C04.jpg\" target=\"_blank\" aria-label=\"Voir les d\u00e9tails de la diapositive\" class=\"metaslider_image_link\"><img loading=\"lazy\" decoding=\"async\" src=\"http:\/\/lorrylesmetz-histoire.fr\/wp-content\/uploads\/2025\/03\/C04-700x300.jpg\" height=\"300\" width=\"700\" alt=\"\" class=\"slider-8706 slide-8710 msDefaultImage\" title=\"C04\" \/><\/a><\/li>\n                <li style=\"display: none; width: 100%;\" class=\"slide-8711 ms-image \" aria-roledescription=\"slide\" data-date=\"2025-03-21 09:32:56\" data-filename=\"C05-700x300.jpg\" data-slide-type=\"image\"><a href=\"http:\/\/lorrylesmetz-histoire.fr\/wp-content\/uploads\/2025\/03\/C05.jpg\" target=\"_self\" aria-label=\"Voir les d\u00e9tails de la diapositive\" class=\"metaslider_image_link\"><img loading=\"lazy\" decoding=\"async\" src=\"http:\/\/lorrylesmetz-histoire.fr\/wp-content\/uploads\/2025\/03\/C05-700x300.jpg\" height=\"300\" width=\"700\" alt=\"\" class=\"slider-8706 slide-8711 msDefaultImage\" title=\"C05\" \/><\/a><\/li>\n                <li style=\"display: none; width: 100%;\" class=\"slide-8712 ms-image \" aria-roledescription=\"slide\" data-date=\"2025-03-21 09:32:56\" data-filename=\"C06-700x300.jpg\" data-slide-type=\"image\"><a href=\"http:\/\/lorrylesmetz-histoire.fr\/wp-content\/uploads\/2025\/03\/C06.jpg\" target=\"_blank\" aria-label=\"Voir les d\u00e9tails de la diapositive\" class=\"metaslider_image_link\"><img loading=\"lazy\" decoding=\"async\" src=\"http:\/\/lorrylesmetz-histoire.fr\/wp-content\/uploads\/2025\/03\/C06-700x300.jpg\" height=\"300\" width=\"700\" alt=\"\" class=\"slider-8706 slide-8712 msDefaultImage\" title=\"C06\" \/><\/a><\/li>\n                <li style=\"display: none; width: 100%;\" class=\"slide-8713 ms-image \" aria-roledescription=\"slide\" data-date=\"2025-03-21 09:32:56\" data-filename=\"C07-700x300.jpg\" data-slide-type=\"image\"><a href=\"http:\/\/lorrylesmetz-histoire.fr\/wp-content\/uploads\/2025\/03\/C07.jpg\" target=\"_blank\" aria-label=\"Voir les d\u00e9tails de la diapositive\" class=\"metaslider_image_link\"><img loading=\"lazy\" decoding=\"async\" src=\"http:\/\/lorrylesmetz-histoire.fr\/wp-content\/uploads\/2025\/03\/C07-700x300.jpg\" height=\"300\" width=\"700\" alt=\"\" class=\"slider-8706 slide-8713 msDefaultImage\" title=\"C07\" \/><\/a><\/li>\n                <li style=\"display: none; width: 100%;\" class=\"slide-8714 ms-image \" aria-roledescription=\"slide\" data-date=\"2025-03-21 09:32:56\" data-filename=\"C08-700x300.jpg\" data-slide-type=\"image\"><a href=\"http:\/\/lorrylesmetz-histoire.fr\/wp-content\/uploads\/2025\/03\/C08.jpg\" target=\"_blank\" aria-label=\"Voir les d\u00e9tails de la diapositive\" class=\"metaslider_image_link\"><img loading=\"lazy\" decoding=\"async\" src=\"http:\/\/lorrylesmetz-histoire.fr\/wp-content\/uploads\/2025\/03\/C08-700x300.jpg\" height=\"300\" width=\"700\" alt=\"\" class=\"slider-8706 slide-8714 msDefaultImage\" title=\"C08\" \/><\/a><\/li>\n                <li style=\"display: none; width: 100%;\" class=\"slide-8715 ms-image \" aria-roledescription=\"slide\" data-date=\"2025-03-21 09:32:56\" data-filename=\"C09-700x300.jpg\" data-slide-type=\"image\"><a href=\"http:\/\/lorrylesmetz-histoire.fr\/wp-content\/uploads\/2025\/03\/C09.jpg\" target=\"_blank\" aria-label=\"Voir les d\u00e9tails de la diapositive\" class=\"metaslider_image_link\"><img loading=\"lazy\" decoding=\"async\" src=\"http:\/\/lorrylesmetz-histoire.fr\/wp-content\/uploads\/2025\/03\/C09-700x300.jpg\" height=\"300\" width=\"700\" alt=\"\" class=\"slider-8706 slide-8715 msDefaultImage\" title=\"C09\" \/><\/a><\/li>\n                <li style=\"display: none; width: 100%;\" class=\"slide-8716 ms-image \" aria-roledescription=\"slide\" data-date=\"2025-03-21 09:32:56\" data-filename=\"C10-700x300.jpg\" data-slide-type=\"image\"><a href=\"http:\/\/lorrylesmetz-histoire.fr\/wp-content\/uploads\/2025\/03\/C04.jpg\" target=\"_blank\" aria-label=\"Voir les d\u00e9tails de la diapositive\" class=\"metaslider_image_link\"><img loading=\"lazy\" decoding=\"async\" src=\"http:\/\/lorrylesmetz-histoire.fr\/wp-content\/uploads\/2025\/03\/C10-700x300.jpg\" height=\"300\" width=\"700\" alt=\"\" class=\"slider-8706 slide-8716 msDefaultImage\" title=\"C10\" \/><\/a><\/li>\n                <li style=\"display: none; width: 100%;\" class=\"slide-8717 ms-image \" aria-roledescription=\"slide\" data-date=\"2025-03-21 09:32:56\" data-filename=\"C11-700x300.jpg\" data-slide-type=\"image\"><a href=\"http:\/\/lorrylesmetz-histoire.fr\/wp-content\/uploads\/2025\/03\/C11.jpg\" target=\"_blank\" aria-label=\"Voir les d\u00e9tails de la diapositive\" class=\"metaslider_image_link\"><img loading=\"lazy\" decoding=\"async\" src=\"http:\/\/lorrylesmetz-histoire.fr\/wp-content\/uploads\/2025\/03\/C11-700x300.jpg\" height=\"300\" width=\"700\" alt=\"\" class=\"slider-8706 slide-8717 msDefaultImage\" title=\"C11\" \/><\/a><\/li>\n                <li style=\"display: none; width: 100%;\" class=\"slide-8718 ms-image \" aria-roledescription=\"slide\" data-date=\"2025-03-21 09:32:57\" data-filename=\"C12-700x300.jpg\" data-slide-type=\"image\"><a href=\"http:\/\/lorrylesmetz-histoire.fr\/wp-content\/uploads\/2025\/03\/C12.jpg\" target=\"_blank\" aria-label=\"Voir les d\u00e9tails de la diapositive\" class=\"metaslider_image_link\"><img loading=\"lazy\" decoding=\"async\" src=\"http:\/\/lorrylesmetz-histoire.fr\/wp-content\/uploads\/2025\/03\/C12-700x300.jpg\" height=\"300\" width=\"700\" alt=\"\" class=\"slider-8706 slide-8718 msDefaultImage\" title=\"C12\" \/><\/a><\/li>\n                <li style=\"display: none; width: 100%;\" class=\"slide-8719 ms-image \" aria-roledescription=\"slide\" data-date=\"2025-03-21 09:32:57\" data-filename=\"C14-700x300.jpg\" data-slide-type=\"image\"><a href=\"http:\/\/lorrylesmetz-histoire.fr\/wp-content\/uploads\/2025\/03\/C14.jpg\" target=\"_blank\" aria-label=\"Voir les d\u00e9tails de la diapositive\" class=\"metaslider_image_link\"><img loading=\"lazy\" decoding=\"async\" src=\"http:\/\/lorrylesmetz-histoire.fr\/wp-content\/uploads\/2025\/03\/C14-700x300.jpg\" height=\"300\" width=\"700\" alt=\"\" class=\"slider-8706 slide-8719 msDefaultImage\" title=\"C14\" \/><\/a><\/li>\n                <li style=\"display: none; width: 100%;\" class=\"slide-8720 ms-image \" aria-roledescription=\"slide\" data-date=\"2025-03-21 09:32:57\" data-filename=\"C15-640x274.jpg\" data-slide-type=\"image\"><a href=\"http:\/\/lorrylesmetz-histoire.fr\/wp-content\/uploads\/2025\/03\/C15.jpg\" target=\"_blank\" aria-label=\"Voir les d\u00e9tails de la diapositive\" class=\"metaslider_image_link\"><img loading=\"lazy\" decoding=\"async\" src=\"http:\/\/lorrylesmetz-histoire.fr\/wp-content\/uploads\/2025\/03\/C15-640x274.jpg\" height=\"300\" width=\"700\" alt=\"\" class=\"slider-8706 slide-8720 msDefaultImage\" title=\"C15\" \/><\/a><\/li>\n                <li style=\"display: none; width: 100%;\" class=\"slide-8721 ms-image \" aria-roledescription=\"slide\" data-date=\"2025-03-21 09:32:57\" data-filename=\"C16-700x300.jpg\" data-slide-type=\"image\"><a href=\"http:\/\/lorrylesmetz-histoire.fr\/wp-content\/uploads\/2025\/03\/C16.jpg\" target=\"_blank\" aria-label=\"Voir les d\u00e9tails de la diapositive\" class=\"metaslider_image_link\"><img loading=\"lazy\" decoding=\"async\" src=\"http:\/\/lorrylesmetz-histoire.fr\/wp-content\/uploads\/2025\/03\/C16-700x300.jpg\" height=\"300\" width=\"700\" alt=\"\" class=\"slider-8706 slide-8721 msDefaultImage\" title=\"C16\" \/><\/a><\/li>\n                <li style=\"display: none; width: 100%;\" class=\"slide-8722 ms-image \" aria-roledescription=\"slide\" data-date=\"2025-03-21 09:32:57\" data-filename=\"C17-700x300.jpg\" data-slide-type=\"image\"><a href=\"http:\/\/lorrylesmetz-histoire.fr\/wp-content\/uploads\/2025\/03\/C17.jpg\" target=\"_blank\" aria-label=\"Voir les d\u00e9tails de la diapositive\" class=\"metaslider_image_link\"><img loading=\"lazy\" decoding=\"async\" src=\"http:\/\/lorrylesmetz-histoire.fr\/wp-content\/uploads\/2025\/03\/C17-700x300.jpg\" height=\"300\" width=\"700\" alt=\"\" class=\"slider-8706 slide-8722 msDefaultImage\" title=\"C17\" \/><\/a><\/li>\n                <li style=\"display: none; width: 100%;\" class=\"slide-8723 ms-image \" aria-roledescription=\"slide\" data-date=\"2025-03-21 09:32:57\" data-filename=\"C18-700x300.jpg\" data-slide-type=\"image\"><a href=\"http:\/\/lorrylesmetz-histoire.fr\/wp-content\/uploads\/2025\/03\/C18.jpg\" target=\"_blank\" aria-label=\"Voir les d\u00e9tails de la diapositive\" class=\"metaslider_image_link\"><img loading=\"lazy\" decoding=\"async\" src=\"http:\/\/lorrylesmetz-histoire.fr\/wp-content\/uploads\/2025\/03\/C18-700x300.jpg\" height=\"300\" width=\"700\" alt=\"\" class=\"slider-8706 slide-8723 msDefaultImage\" title=\"C18\" \/><\/a><\/li>\n            <\/ul>\n        <\/div>\n        \n    <\/div>\n<\/div>\n<p>Photos Jean-Luc Baudinet, Claudine Kester, Roger Mariotte<\/p>\n<p><a href=\"http:\/\/lorrylesmetz-histoire.fr\/?page_id=7846\"><img loading=\"lazy\" decoding=\"async\" class=\"alignnone size-full wp-image-378\" src=\"http:\/\/lorrylesmetz-histoire.fr\/wp-content\/uploads\/2017\/05\/retour.png\" alt=\"\" width=\"89\" height=\"31\" \/><\/a><\/p>\n","protected":false},"excerpt":{"rendered":"<p>29 juin 2024 Dix-neuf de nos membres de Lorry-l\u00e8s-Metz \u00ab au fil du temps\u00a0\u00bb \u00e9taient pr\u00e9sents \u00e0 l\u2019Espace Philippe-de-Vigneulles pour assister \u00e0 une pi\u00e8ce de th\u00e9\u00e2tre pr\u00e9sent\u00e9e par l\u2019Aldam dans le cadre du Festival des Arts. Nous avons pu appr\u00e9cier&hellip; <\/p>\n","protected":false},"author":1,"featured_media":0,"parent":7846,"menu_order":2,"comment_status":"closed","ping_status":"closed","template":"","meta":{"_mc_calendar":[],"footnotes":""},"class_list":["post-8724","page","type-page","status-publish","hentry"],"_links":{"self":[{"href":"http:\/\/lorrylesmetz-histoire.fr\/index.php?rest_route=\/wp\/v2\/pages\/8724","targetHints":{"allow":["GET"]}}],"collection":[{"href":"http:\/\/lorrylesmetz-histoire.fr\/index.php?rest_route=\/wp\/v2\/pages"}],"about":[{"href":"http:\/\/lorrylesmetz-histoire.fr\/index.php?rest_route=\/wp\/v2\/types\/page"}],"author":[{"embeddable":true,"href":"http:\/\/lorrylesmetz-histoire.fr\/index.php?rest_route=\/wp\/v2\/users\/1"}],"replies":[{"embeddable":true,"href":"http:\/\/lorrylesmetz-histoire.fr\/index.php?rest_route=%2Fwp%2Fv2%2Fcomments&post=8724"}],"version-history":[{"count":5,"href":"http:\/\/lorrylesmetz-histoire.fr\/index.php?rest_route=\/wp\/v2\/pages\/8724\/revisions"}],"predecessor-version":[{"id":8734,"href":"http:\/\/lorrylesmetz-histoire.fr\/index.php?rest_route=\/wp\/v2\/pages\/8724\/revisions\/8734"}],"up":[{"embeddable":true,"href":"http:\/\/lorrylesmetz-histoire.fr\/index.php?rest_route=\/wp\/v2\/pages\/7846"}],"wp:attachment":[{"href":"http:\/\/lorrylesmetz-histoire.fr\/index.php?rest_route=%2Fwp%2Fv2%2Fmedia&parent=8724"}],"curies":[{"name":"wp","href":"https:\/\/api.w.org\/{rel}","templated":true}]}}