{"id":88,"date":"2017-05-23T15:23:27","date_gmt":"2017-05-23T13:23:27","guid":{"rendered":"http:\/\/lorrylesmetz-histoire.fr\/?page_id=88"},"modified":"2017-06-02T16:16:25","modified_gmt":"2017-06-02T14:16:25","slug":"architecture-interieure","status":"publish","type":"page","link":"http:\/\/lorrylesmetz-histoire.fr\/?page_id=88","title":{"rendered":"L\u2019architecture int\u00e9rieure"},"content":{"rendered":"<div id=\"conteneur\">\n<article id=\"archi\">\n<div id=\"attachment_382\" style=\"width: 650px\" class=\"wp-caption alignnone\"><a href=\"http:\/\/lorrylesmetz-histoire.fr\/wp-content\/uploads\/2017\/05\/eglise_interieur.jpg\" target=\"_blank\"><img loading=\"lazy\" decoding=\"async\" aria-describedby=\"caption-attachment-382\" class=\"wp-image-382 size-full\" src=\"http:\/\/lorrylesmetz-histoire.fr\/wp-content\/uploads\/2017\/05\/eglise_interieur.jpg\" alt=\"L'architecture int\u00e9rieure\" width=\"640\" height=\"480\" srcset=\"http:\/\/lorrylesmetz-histoire.fr\/wp-content\/uploads\/2017\/05\/eglise_interieur.jpg 640w, http:\/\/lorrylesmetz-histoire.fr\/wp-content\/uploads\/2017\/05\/eglise_interieur-300x225.jpg 300w, http:\/\/lorrylesmetz-histoire.fr\/wp-content\/uploads\/2017\/05\/eglise_interieur-100x75.jpg 100w, http:\/\/lorrylesmetz-histoire.fr\/wp-content\/uploads\/2017\/05\/eglise_interieur-150x113.jpg 150w, http:\/\/lorrylesmetz-histoire.fr\/wp-content\/uploads\/2017\/05\/eglise_interieur-200x150.jpg 200w, http:\/\/lorrylesmetz-histoire.fr\/wp-content\/uploads\/2017\/05\/eglise_interieur-450x338.jpg 450w, http:\/\/lorrylesmetz-histoire.fr\/wp-content\/uploads\/2017\/05\/eglise_interieur-600x450.jpg 600w\" sizes=\"auto, (max-width: 640px) 100vw, 640px\" \/><\/a><p id=\"caption-attachment-382\" class=\"wp-caption-text\">L&rsquo;architecture int\u00e9rieure.<\/p><\/div>\n<p>Une fois pass\u00e9 la porte, quelle merveilleuse surprise\u00a0! Aucun alignement, aucune sym\u00e9trie, aucun parall\u00e9lisme ou \u00e9querrage, \u00e9tonnante r\u00e9partition des volumes. Mais de la nef gothique prise entre deux piliers qui portent le clocher, du ch\u0153ur sur\u00e9lev\u00e9, des formes des proportions, se d\u00e9gage un remarquable \u00e9quilibre de beaut\u00e9, de force, de s\u00e9r\u00e9nit\u00e9.<br \/>\nLa nef et le ch\u0153ur datent du XV\u00b0 si\u00e8cle. Les lat\u00e9raux donnent \u00e0 l&rsquo;\u00e9glise plus de largeur que de profondeur. Lors de la restauration de 1903 ils ont \u00e9t\u00e9 sur\u00e9lev\u00e9s pour remplacer leur plafond plat par une vo\u00fbte de style gothique. En 1979 une restauration compl\u00e8te de l&rsquo;int\u00e9rieur de l&rsquo;\u00e9glise a permis de mettre en valeur la beaut\u00e9 de l&rsquo;architecture.<\/p>\n<audio class=\"wp-audio-shortcode\" id=\"audio-88-1\" preload=\"none\" style=\"width: 100%;\" controls=\"controls\"><source type=\"audio\/ogg\" src=\"http:\/\/lorrylesmetz-histoire.fr\/wp-content\/uploads\/2017\/05\/interieur.ogg?_=1\" \/><a href=\"http:\/\/lorrylesmetz-histoire.fr\/wp-content\/uploads\/2017\/05\/interieur.ogg\">http:\/\/lorrylesmetz-histoire.fr\/wp-content\/uploads\/2017\/05\/interieur.ogg<\/a><\/audio>\n<\/article>\n<h2>Les fonts baptismaux<\/h2>\n<div id=\"attachment_384\" style=\"width: 490px\" class=\"wp-caption alignnone\"><a href=\"http:\/\/lorrylesmetz-histoire.fr\/wp-content\/uploads\/2017\/05\/fonts_baptismaux.jpg\" target=\"_blank\"><img loading=\"lazy\" decoding=\"async\" aria-describedby=\"caption-attachment-384\" class=\"wp-image-384 size-full\" src=\"http:\/\/lorrylesmetz-histoire.fr\/wp-content\/uploads\/2017\/05\/fonts_baptismaux.jpg\" alt=\"Les fonts baptismaux.\" width=\"480\" height=\"640\" srcset=\"http:\/\/lorrylesmetz-histoire.fr\/wp-content\/uploads\/2017\/05\/fonts_baptismaux.jpg 480w, http:\/\/lorrylesmetz-histoire.fr\/wp-content\/uploads\/2017\/05\/fonts_baptismaux-225x300.jpg 225w, http:\/\/lorrylesmetz-histoire.fr\/wp-content\/uploads\/2017\/05\/fonts_baptismaux-100x133.jpg 100w, http:\/\/lorrylesmetz-histoire.fr\/wp-content\/uploads\/2017\/05\/fonts_baptismaux-150x200.jpg 150w, http:\/\/lorrylesmetz-histoire.fr\/wp-content\/uploads\/2017\/05\/fonts_baptismaux-200x267.jpg 200w, http:\/\/lorrylesmetz-histoire.fr\/wp-content\/uploads\/2017\/05\/fonts_baptismaux-300x400.jpg 300w, http:\/\/lorrylesmetz-histoire.fr\/wp-content\/uploads\/2017\/05\/fonts_baptismaux-450x600.jpg 450w\" sizes=\"auto, (max-width: 480px) 100vw, 480px\" \/><\/a><p id=\"caption-attachment-384\" class=\"wp-caption-text\">Les fonts baptismaux.<\/p><\/div>\n<article id=\"facade\">\u00c0 l&rsquo;avant droit se trouve la cuve baptismale. Le socle octogonal en pierre porte l&rsquo;inscription\u00a0: \u00ab\u00a0 Priez pour Jehan G\u00e9rais qui a donn\u00e9 la pierre et la fa\u00e7on. Priez pour l&rsquo;homme qui a donn\u00e9 la chaudi\u00e8re de ce tufon\u00a0\u00bb. Jehian G\u00e9rais n&rsquo;est autre que le p\u00e8re de Philippe de Vigneulles.<\/article>\n<article><\/article>\n<article><\/article>\n<article><audio class=\"wp-audio-shortcode\" id=\"audio-88-2\" preload=\"none\" style=\"width: 100%;\" controls=\"controls\"><source type=\"audio\/ogg\" src=\"http:\/\/lorrylesmetz-histoire.fr\/wp-content\/uploads\/2017\/05\/fonds_baptismaux.ogg?_=2\" \/><a href=\"http:\/\/lorrylesmetz-histoire.fr\/wp-content\/uploads\/2017\/05\/fonds_baptismaux.ogg\">http:\/\/lorrylesmetz-histoire.fr\/wp-content\/uploads\/2017\/05\/fonds_baptismaux.ogg<\/a><\/audio><\/p>\n<p><a href=\"http:\/\/lorrylesmetz-histoire.fr\/?page_id=82\"><img loading=\"lazy\" decoding=\"async\" class=\"alignnone wp-image-378 size-full\" src=\"http:\/\/lorrylesmetz-histoire.fr\/wp-content\/uploads\/2017\/05\/retour.png\" alt=\"\" width=\"89\" height=\"31\" \/><\/a><\/p>\n<\/article>\n<\/div>\n","protected":false},"excerpt":{"rendered":"<p>Une fois pass\u00e9 la porte, quelle merveilleuse surprise\u00a0! Aucun alignement, aucune sym\u00e9trie, aucun parall\u00e9lisme ou \u00e9querrage, \u00e9tonnante r\u00e9partition des volumes. Mais de la nef gothique prise entre deux piliers qui portent le clocher, du ch\u0153ur sur\u00e9lev\u00e9, des formes des proportions,&hellip; <\/p>\n","protected":false},"author":1,"featured_media":0,"parent":82,"menu_order":1,"comment_status":"closed","ping_status":"closed","template":"","meta":{"_mc_calendar":[],"footnotes":""},"class_list":["post-88","page","type-page","status-publish","hentry"],"_links":{"self":[{"href":"http:\/\/lorrylesmetz-histoire.fr\/index.php?rest_route=\/wp\/v2\/pages\/88","targetHints":{"allow":["GET"]}}],"collection":[{"href":"http:\/\/lorrylesmetz-histoire.fr\/index.php?rest_route=\/wp\/v2\/pages"}],"about":[{"href":"http:\/\/lorrylesmetz-histoire.fr\/index.php?rest_route=\/wp\/v2\/types\/page"}],"author":[{"embeddable":true,"href":"http:\/\/lorrylesmetz-histoire.fr\/index.php?rest_route=\/wp\/v2\/users\/1"}],"replies":[{"embeddable":true,"href":"http:\/\/lorrylesmetz-histoire.fr\/index.php?rest_route=%2Fwp%2Fv2%2Fcomments&post=88"}],"version-history":[{"count":0,"href":"http:\/\/lorrylesmetz-histoire.fr\/index.php?rest_route=\/wp\/v2\/pages\/88\/revisions"}],"up":[{"embeddable":true,"href":"http:\/\/lorrylesmetz-histoire.fr\/index.php?rest_route=\/wp\/v2\/pages\/82"}],"wp:attachment":[{"href":"http:\/\/lorrylesmetz-histoire.fr\/index.php?rest_route=%2Fwp%2Fv2%2Fmedia&parent=88"}],"curies":[{"name":"wp","href":"https:\/\/api.w.org\/{rel}","templated":true}]}}